000
CXUS54 KHUN 190810
CF6HSV
PRELIMINARY LOCAL CLIMATOLOGICAL DATA (WS FORM: F-6)

                                          STATION:   HUNTSVILLE
                                          MONTH:     MARCH
                                          YEAR:      2019
                                          LATITUDE:   34 39 N
                                          LONGITUDE:  86 46 W

  TEMPERATURE IN F:       :PCPN:    SNOW:  WIND      :SUNSHINE: SKY     :PK WND
================================================================================
1   2   3   4   5  6A  6B    7    8   9   10  11  12  13   14  15   16   17  18
                                     12Z  AVG MX 2MIN
DY MAX MIN AVG DEP HDD CDD  WTR  SNW DPTH SPD SPD DIR MIN PSBL S-S WX    SPD DR
================================================================================

 1  55  44  50   0  15   0 0.14  0.0    0  6.9 14 270   M    M  10 1      19 270
 2  51  42  47  -3  18   0    T  0.0    0  5.6 14  20   M    M  10 3      16  20
 3  46  34  40 -10  25   0 0.89  0.0    0 10.4 23 320   M    M  10 13     31 320
 4  35  27  31 -19  34   0    T    T    0 10.8 20  10   M    M   9 M      24  10
 5  40  24  32 -19  33   0 0.00  0.0    0  9.3 18 260   M    M   2 M      24 260
 6  41  23  32 -19  33   0 0.00  0.0    0  4.7 14  30   M    M   1 M      17  10
 7  53  28  41 -10  24   0 0.00  0.0    0  4.8 10 160   M    M   6 M      23 150
 8  63  48  56   5   9   0 0.29  0.0    0  5.3 15 200   M    M  10 13     20 180
 9  70  58  64  12   1   0 1.28  0.0    0 14.0 26 270   M    M  10 13     37 200
10  74  54  64  12   1   0 0.01  0.0    0  5.1 14  30   M    M   8 1      17  30
11  63  49  56   4   9   0 0.19  0.0    0  6.3 15  10   M    M   9 1      19  10
12  66  44  55   3  10   0 0.00  0.0    0  3.7 13 120   M    M   7 M      16 110
13  76  53  65  12   0   0 0.00  0.0    0 17.1 31 170   M    M   8 M      37 160
14  74  61  68  15   0   3 0.65  0.0    0 16.9 29 170   M    M  10 13     37 170
15  62  43  53   0  12   0 0.00  0.0    0  9.0 20 270   M    M   4 M      27 300
16  58  39  49  -5  16   0 0.00  0.0    0  9.1 20  20   M    M   5 M      25  30
17  63  34  49  -5  16   0 0.00  0.0    0  4.8 14 250   M    M   0 M      18 240
18  57  40  49  -5  16   0 0.00  0.0    0 10.0 20  30   M    M   3 M      24 360
================================================================================
SM 1047  745       272   3  3.45    T    153.8          M      122
================================================================================
AV 58.2 41.4                               8.5 FASTST   M    M   6    MAX(MPH)
                                 MISC ---->    31 170               # 37 200
================================================================================
NOTES:
# LAST OF SEVERAL OCCURRENCES

COLUMN 17 PEAK WIND IN M.P.H.

PRELIMINARY LOCAL CLIMATOLOGICAL DATA (WS FORM: F-6) , PAGE 2

                                          STATION:   HUNTSVILLE
                                          MONTH:     MARCH
                                          YEAR:      2019
                                          LATITUDE:   34 39 N
                                          LONGITUDE:  86 46 W

[TEMPERATURE DATA]      [PRECIPITATION DATA]       SYMBOLS USED IN COLUMN 16

AVERAGE MONTHLY: 49.8   TOTAL FOR MONTH:   3.45    1 = FOG OR MIST
DPTR FM NORMAL:  -2.1   DPTR FM NORMAL:    0.46    2 = FOG REDUCING VISIBILITY
HIGHEST:    76 ON 13    GRTST 24HR  1.29 ON  9-10      TO 1/4 MILE OR LESS
LOWEST:     23 ON  6                               3 = THUNDER
                        SNOW, ICE PELLETS, HAIL    4 = ICE PELLETS
                        TOTAL MONTH:   0.0 INCH    5 = HAIL
                        GRTST 24HR   T   ON  4- 4  6 = FREEZING RAIN OR DRIZZLE
                        GRTST DEPTH:  0            7 = DUSTSTORM OR SANDSTORM:
                                                       VSBY 1/2 MILE OR LESS
                                                   8 = SMOKE OR HAZE
[NO. OF DAYS WITH]      [WEATHER - DAYS WITH]      9 = BLOWING SNOW
                                                   X = TORNADO
MAX 32 OR BELOW:   0    0.01 INCH OR MORE:   6
MAX 90 OR ABOVE:   0    0.10 INCH OR MORE:   6
MIN 32 OR BELOW:   4    0.50 INCH OR MORE:   3
MIN  0 OR BELOW:   0    1.00 INCH OR MORE:   1

[HDD (BASE 65) ]
TOTAL THIS MO.   272    CLEAR  (SCALE 0-3)   4
DPTR FM NORMAL    29    PTCLDY (SCALE 4-7)   6
TOTAL FM JUL 1  2464    CLOUDY (SCALE 8-10)  8
DPTR FM NORMAL  -231

[CDD (BASE 65) ]
TOTAL THIS MO.     3
DPTR FM NORMAL     3    [PRESSURE DATA]
TOTAL FM JAN 1     8    HIGHEST SLP M ON M
DPTR FM NORMAL     7    LOWEST  SLP 29.74 ON  9

[REMARKS]
