000
CXUS51 KRLX 241145
CF6HTS
PRELIMINARY LOCAL CLIMATOLOGICAL DATA (WS FORM: F-6)

                                          STATION:   HUNTINGTON WV
                                          MONTH:     MARCH
                                          YEAR:      2019
                                          LATITUDE:   38 22 N
                                          LONGITUDE:  82 33 W

  TEMPERATURE IN F:       :PCPN:    SNOW:  WIND      :SUNSHINE: SKY     :PK WND
================================================================================
1   2   3   4   5  6A  6B    7    8   9   10  11  12  13   14  15   16   17  18
                                     12Z  AVG MX 2MIN
DY MAX MIN AVG DEP HDD CDD  WTR  SNW DPTH SPD SPD DIR MIN PSBL S-S WX    SPD DR
================================================================================

 1  37  32  35  -6  30   0 0.03  0.0    0  4.3 10  30   M    M  10 1      15  50
 2  42  36  39  -2  26   0 0.00  0.0    0  3.1  9 250   M    M  10 1      12 250
 3  38  30  34  -8  31   0 0.27  0.4    0  6.4 14 340   M    M   9 12     19 330
 4  30  19  25 -17  40   0    T  0.2    T  8.2 16 240   M    M   7 18     22 230
 5  30  13  22 -20  43   0    T    T    T  9.8 18 310   M    M   4        25 310
 6  32  15  24 -18  41   0 0.01  0.3    T  7.8 16 230   M    M   4 1      24 230
 7  41  22  32 -11  33   0    T    T    0  4.0 10 220   M    M   3        14 220
 8  36  31  34  -9  31   0 0.32  1.5    1  2.9  7  60   M    M  10 12     13  40
 9  57  34  46   2  19   0 0.84  0.0    0  7.4 18 190   M    M  10 123    26 190
10  63  49  56  12   9   0 0.00  0.0    0 11.2 20 260   M    M   1        30 210
11  58  40  49   5  16   0 0.00  0.0    0  6.4 15 330   M    M   1        22 340
12  53  29  41  -3  24   0 0.00  0.0    0  2.5 12 360   M    M   0        15  10
13  73  31  52   7  13   0    T  0.0    0  4.2 10  80   M    M   3        14 130
14  78  51  65  20   0   0    T  0.0    0 13.5 26 180   M    M   3        43 180
15  71  41  56  10   9   0 0.09  0.0    0 11.6 26 220   M    M   6        40 270
16  52  33  43  -3  22   0 0.00  0.0    0  7.9 18 300   M    M   2        30 290
17  52  26  39  -7  26   0 0.00  0.0    0  3.3 15  10   M    M   4        22  10
18  48  30  39  -8  26   0    T  0.0    0  5.1 13 340   M    M   5        17 340
19  54  25  40  -7  25   0 0.00  0.0    0  2.1  9 340   M    M   0        13 260
20  62  30  46  -1  19   0 0.00  0.0    0  2.5 14 190   M    M   0        17 170
21  53  43  48   0  17   0 0.04    M    0  4.3 15 310   M    M   9 1      20 310
22  52  40  46  -2  19   0    T  0.0    0 11.3 25 330   M    M   8        35 340
23  58  30  44  -4  21   0    T  0.0    0  4.1 10 320   M    M   0        15 300
================================================================================
SM 1170  730       540   0  1.60     2.4 143.9          M      109
================================================================================
AV 50.9 31.7                               6.3 FASTST   M    M   5    MAX(MPH)
                                 MISC ---->  # 26 180               # 43  180
================================================================================
NOTES:
# LAST OF SEVERAL OCCURRENCES

COLUMN 17 PEAK WIND IN M.P.H.

PRELIMINARY LOCAL CLIMATOLOGICAL DATA (WS FORM: F-6) , PAGE 2

                                          STATION:  HUNTINGTON WV
                                          MONTH:    MARCH
                                          YEAR:     2019
                                          LATITUDE:   38 22 N
                                          LONGITUDE:  82 33 W

[TEMPERATURE DATA]      [PRECIPITATION DATA]       SYMBOLS USED IN COLUMN 16

AVERAGE MONTHLY: 41.3   TOTAL FOR MONTH:   1.60    1 = FOG OR MIST
DPTR FM NORMAL:  -3.3   DPTR FM NORMAL:   -1.31    2 = FOG REDUCING VISIBILITY
HIGHEST:    78 ON 14    GRTST 24HR  0.84 ON  9- 9      TO 1/4 MILE OR LESS
LOWEST:     13 ON  5                               3 = THUNDER
                        SNOW, ICE PELLETS, HAIL    4 = ICE PELLETS
                        TOTAL MONTH:   2.4 INCHES  5 = HAIL
                        GRTST 24HR   1.5 ON  8- 8  6 = FREEZING RAIN OR DRIZZLE
                        GRTST DEPTH:   1 ON  8     7 = DUSTSTORM OR SANDSTORM:
                                                       VSBY 1/2 MILE OR LESS
                                                   8 = SMOKE OR HAZE
[NO. OF DAYS WITH]      [WEATHER - DAYS WITH]      9 = BLOWING SNOW
                                                   X = TORNADO
MAX 32 OR BELOW:   3    0.01 INCH OR MORE:   7
MAX 90 OR ABOVE:   0    0.10 INCH OR MORE:   3
MIN 32 OR BELOW:  14    0.50 INCH OR MORE:   1
MIN  0 OR BELOW:   0    1.00 INCH OR MORE:   0

[HDD (BASE 65) ]
TOTAL THIS MO.   540    CLEAR  (SCALE 0-3)  10
DPTR FM NORMAL    66    PTCLDY (SCALE 4-7)   7
TOTAL FM JUL 1  3806    CLOUDY (SCALE 8-10)  6
DPTR FM NORMAL  -169

[CDD (BASE 65) ]
TOTAL THIS MO.     0
DPTR FM NORMAL     0    [PRESSURE DATA]
TOTAL FM JAN 1     0    HIGHEST SLP M ON M
DPTR FM NORMAL     0    LOWEST  SLP 29.71 ON 14

[REMARKS]
