000
CXUS51 KRLX 251143
CF6HTS
PRELIMINARY LOCAL CLIMATOLOGICAL DATA (WS FORM: F-6)

                                          STATION:   HUNTINGTON WV
                                          MONTH:     MAY
                                          YEAR:      2019
                                          LATITUDE:   38 22 N
                                          LONGITUDE:  82 33 W

  TEMPERATURE IN F:       :PCPN:    SNOW:  WIND      :SUNSHINE: SKY     :PK WND
================================================================================
1   2   3   4   5  6A  6B    7    8   9   10  11  12  13   14  15   16   17  18
                                     12Z  AVG MX 2MIN
DY MAX MIN AVG DEP HDD CDD  WTR  SNW DPTH SPD SPD DIR MIN PSBL S-S WX    SPD DR
================================================================================

 1  87  61  74  14   0   9 0.00  0.0    0  6.8 21 190   M    M   1        31 200
 2  84  63  74  13   0   9 1.07  0.0    0  5.0 17 310   M    M   6 13     25 320
 3  74  61  68   7   0   3 0.67  0.0    0  3.2 16 320   M    M   7 1238   19 310
 4  72  59  66   5   0   1 0.57  0.0    0  3.5 13  10   M    M   9 12     15 360
 5  65  52  59  -2   6   0 0.48  0.0    0  5.6 13 340   M    M   9 1      16 330
 6  74  45  60  -2   5   0 0.00  0.0    0  2.5  9 120   M    M   3 12     12 170
 7  80  47  64   2   1   0 0.00  0.0    0  1.7  8  70   M    M   0 1      12 230
 8  85  57  71   9   0   6 0.00  0.0    0  3.5  9  20   M    M   1        13 280
 9  79  64  72  10   0   7 0.15  0.0    0  5.5 18 190   M    M   4 1      25 190
10  78  59  69   7   0   4 0.02  0.0    0  8.5 16 340   M    M   8 1      22 220
11  59  54  57  -6   8   0 0.23  0.0    0  6.3 12  70   M    M  10 18     16  50
12  64  56  60  -3   5   0 0.71  0.0    0  4.1 12 250   M    M  10 128    16 270
13  58  50  54  -9  11   0 0.02  0.0    0  7.9 17 260   M    M  10 1      24 270
14  67  47  57  -6   8   0 0.00  0.0    0  5.9 15 320   M    M   4        22 350
15  70  41  56  -8   9   0 0.00  0.0    0  3.9 12 240   M    M   3        16 240
16  77  48  63  -1   2   0 0.00  0.0    0  4.6 12 190   M    M   1        17 190
17  85  61  73   9   0   8 0.82  0.0    0  7.9 24 360   M    M   4 13     37 280
18  87  61  74  10   0   9 0.00  0.0    0  3.8  9 180   M    M   1        14 190
19  87  67  77  12   0  12 0.01  0.0    0  8.1 26 260   M    M   1        40 250
20  79  58  69   4   0   4    T  0.0    0  7.8 17 220   M    M   3        25 250
21  72  52  62  -3   3   0 0.00  0.0    0  6.5 13  40   M    M   0        16  50
22  89  52  71   6   0   6 0.00  0.0    0  5.6 17 190   M    M   2        25 190
23  85  70  78  12   0  13 0.14  0.0    0  7.5 17 230   M    M   3 13     25 230
24  87  69  78  12   0  13 0.22  0.0    0  2.8 14 360   M    M   4 13     21 310
================================================================================
SM 1844 1354        58 104  5.11     0.0 128.5          M      104
================================================================================
AV 76.8 56.4                               5.4 FASTST   M    M   4    MAX(MPH)
                                 MISC ---->  # 26 260               # 40  250
================================================================================
NOTES:
# LAST OF SEVERAL OCCURRENCES

COLUMN 17 PEAK WIND IN M.P.H.

PRELIMINARY LOCAL CLIMATOLOGICAL DATA (WS FORM: F-6) , PAGE 2

                                          STATION:  HUNTINGTON WV
                                          MONTH:    MAY
                                          YEAR:     2019
                                          LATITUDE:   38 22 N
                                          LONGITUDE:  82 33 W

[TEMPERATURE DATA]      [PRECIPITATION DATA]       SYMBOLS USED IN COLUMN 16

AVERAGE MONTHLY: 66.6   TOTAL FOR MONTH:   5.11    1 = FOG OR MIST
DPTR FM NORMAL:   3.5   DPTR FM NORMAL:    1.54    2 = FOG REDUCING VISIBILITY
HIGHEST:    89 ON 22    GRTST 24HR  1.07 ON  2- 2      TO 1/4 MILE OR LESS
LOWEST:     41 ON 15                               3 = THUNDER
                        SNOW, ICE PELLETS, HAIL    4 = ICE PELLETS
                        TOTAL MONTH:   0.0 INCH    5 = HAIL
                        GRTST 24HR     0.0         6 = FREEZING RAIN OR DRIZZLE
                        GRTST DEPTH:   0           7 = DUSTSTORM OR SANDSTORM:
                                                       VSBY 1/2 MILE OR LESS
                                                   8 = SMOKE OR HAZE
[NO. OF DAYS WITH]      [WEATHER - DAYS WITH]      9 = BLOWING SNOW
                                                   X = TORNADO
MAX 32 OR BELOW:   0    0.01 INCH OR MORE:  13
MAX 90 OR ABOVE:   0    0.10 INCH OR MORE:  10
MIN 32 OR BELOW:   0    0.50 INCH OR MORE:   5
MIN  0 OR BELOW:   0    1.00 INCH OR MORE:   1

[HDD (BASE 65) ]
TOTAL THIS MO.    58    CLEAR  (SCALE 0-3)  10
DPTR FM NORMAL   -42    PTCLDY (SCALE 4-7)   9
TOTAL FM JUL 1  4171    CLOUDY (SCALE 8-10)  5
DPTR FM NORMAL  -317

[CDD (BASE 65) ]
TOTAL THIS MO.   104
DPTR FM NORMAL    52    [PRESSURE DATA]
TOTAL FM JAN 1   129    HIGHEST SLP M ON M
DPTR FM NORMAL    45    LOWEST  SLP 29.62 ON 12

[REMARKS]
