000
CXUS53 KIND 260730
CF6HUF
PRELIMINARY LOCAL CLIMATOLOGICAL DATA (WS FORM: F-6)

                                          STATION:   TERRE HAUTE IN
                                          MONTH:     MARCH
                                          YEAR:      2019
                                          LATITUDE:   39 27 N
                                          LONGITUDE:  87 18 W

  TEMPERATURE IN F:       :PCPN:    SNOW:  WIND      :SUNSHINE: SKY     :PK WND
================================================================================
1   2   3   4   5  6A  6B    7    8   9   10  11  12  13   14  15   16   17  18
                                     12Z  AVG MX 2MIN
DY MAX MIN AVG DEP HDD CDD  WTR  SNW DPTH SPD SPD DIR MIN PSBL S-S WX    SPD DR
================================================================================

 1  45  25  35  -2  30   0 0.00    M    M  5.0 12  80   M    M   7 1      16  60
 2  39  32  36  -1  29   0 0.00    M    M  8.0 15 340   M    M  10        21 340
 3  32  13  23 -15  42   0 0.03    M    M 11.2 20 360   M    M   9 1      27 350
 4  14   3   9 -29  56   0 0.00    M    M 10.7 20 320   M    M   5        31 310
 5  20   9  15 -24  50   0    T    M    M 11.6 21 280   M    M   4        31 300
 6  29  11  20 -19  45   0 0.00    M    M  8.1 17 240   M    M   0        22 240
 7  33  22  28 -11  37   0 0.06    M    M  3.9 10 100   M    M   6 1      13  90
 8  40  30  35  -5  30   0    T    M    M  6.8 12 100   M    M   9 1      16  70
 9  59  34  47   7  18   0 1.48    M    M 13.3 32 260   M    M   8 13     47 260
10  52  35  44   4  21   0    T    M    M 14.4 35 260   M    M   6        49 250
11  50  28  39  -2  26   0 0.00    M    M  5.3 14 320   M    M   2        19 320
12  51  25  38  -3  27   0 0.00    M    M  6.0 14 150   M    M   0        19 150
13  68  43  56  14   9   0 0.03    M    M 13.2 24 160   M    M   4        35 160
14  73  47  60  18   5   0 0.70    M    M 22.0 36 260   M    M   5 13     57 230
15  47  33  40  -2  25   0 0.00    M    M 13.6 25 280   M    M   8 18     38 290
16  46  29  38  -5  27   0 0.00    M    M  7.5 18 310   M    M   0        26 310
17  50  27  39  -4  26   0 0.00    M    M  7.4 21 310   M    M   5        33 310
18  48  24  36  -8  29   0 0.00    M    M  4.1 15 330   M    M   1        22 320
19  51  24  38  -6  27   0 0.00    M    M  3.2 12 190   M    M   1 1      16 120
20  46  37  42  -2  23   0 0.22    M    M  8.9 17 210   M    M   9 1      26 210
21  44  36  40  -5  25   0 0.04    M    M  8.6 17 310   M    M   9 1      24 310
22  52  32  42  -3  23   0 0.00    M    M  9.8 21 320   M    M   1        30 360
23  55  23  39  -6  26   0 0.00    M    M  1.7  8 160   M    M   0        11 110
24  50  41  46   0  19   0 0.15    M    M  6.3 14 160   M    M  10 1      19 170
25  54  37  46   0  19   0 0.26    M    M 12.0 21  30   M    M   6 1      28  10
================================================================================
SM 1148  700       694   0  2.97    M    222.6          M      125
================================================================================
AV 45.9 28.0                               8.9 FASTST   M    M   5    MAX(MPH)
                                 MISC ---->  # 36 260               # 57  230
================================================================================
NOTES:
# LAST OF SEVERAL OCCURRENCES

COLUMN 17 PEAK WIND IN M.P.H.

PRELIMINARY LOCAL CLIMATOLOGICAL DATA (WS FORM: F-6) , PAGE 2

                                          STATION:  TERRE HAUTE IN
                                          MONTH:    MARCH
                                          YEAR:     2019
                                          LATITUDE:   39 27 N
                                          LONGITUDE:  87 18 W

[TEMPERATURE DATA]      [PRECIPITATION DATA]       SYMBOLS USED IN COLUMN 16

AVERAGE MONTHLY: 37.0   TOTAL FOR MONTH:   2.97    1 = FOG OR MIST
DPTR FM NORMAL:  -4.6   DPTR FM NORMAL:    0.33    2 = FOG REDUCING VISIBILITY
HIGHEST:    73 ON 14    GRTST 24HR  1.48 ON  9- 9      TO 1/4 MILE OR LESS
LOWEST:      3 ON  4                               3 = THUNDER
                        SNOW, ICE PELLETS, HAIL    4 = ICE PELLETS
                        TOTAL MONTH:    M          5 = HAIL
                        GRTST 24HR    M  ON   M    6 = FREEZING RAIN OR DRIZZLE
                        GRTST DEPTH:  M  ON   M    7 = DUSTSTORM OR SANDSTORM:
                                                       VSBY 1/2 MILE OR LESS
                                                   8 = SMOKE OR HAZE
[NO. OF DAYS WITH]      [WEATHER - DAYS WITH]      9 = BLOWING SNOW
                                                   X = TORNADO
MAX 32 OR BELOW:   4    0.01 INCH OR MORE:   9
MAX 90 OR ABOVE:   0    0.10 INCH OR MORE:   5
MIN 32 OR BELOW:  16    0.50 INCH OR MORE:   2
MIN  0 OR BELOW:   0    1.00 INCH OR MORE:   1

[HDD (BASE 65) ]
TOTAL THIS MO.   694    CLEAR  (SCALE 0-3)   8
DPTR FM NORMAL   110    PTCLDY (SCALE 4-7)   9
TOTAL FM JUL 1  4734    CLOUDY (SCALE 8-10)  8
DPTR FM NORMAL   -13

[CDD (BASE 65) ]
TOTAL THIS MO.     0
DPTR FM NORMAL     0    [PRESSURE DATA]
TOTAL FM JAN 1     0    HIGHEST SLP M ON M
DPTR FM NORMAL     0    LOWEST  SLP 29.41 ON 14

[REMARKS]
