000
CXUS53 KIND 270730
CF6HUF
PRELIMINARY LOCAL CLIMATOLOGICAL DATA (WS FORM: F-6)

                                          STATION:   TERRE HAUTE IN
                                          MONTH:     MAY
                                          YEAR:      2018
                                          LATITUDE:   39 27 N
                                          LONGITUDE:  87 18 W

  TEMPERATURE IN F:       :PCPN:    SNOW:  WIND      :SUNSHINE: SKY     :PK WND
================================================================================
1   2   3   4   5  6A  6B    7    8   9   10  11  12  13   14  15   16   17  18
                                     12Z  AVG MX 2MIN
DY MAX MIN AVG DEP HDD CDD  WTR  SNW DPTH SPD SPD DIR MIN PSBL S-S WX    SPD DR
================================================================================

 1  82  44  63   5   2   0 0.00    M    M 10.6 22 180   M    M   0        28 180
 2  85  62  74  16   0   9 0.00    M    M 14.2 23 200   M    M   3        33 200
 3  75  63  69  10   0   4 0.39    M    M 11.7 22 210   M    M   5 13     35 280
 4  77  53  65   6   0   0 0.00    M    M 11.3 22 280   M    M   3        30 240
 5  77  51  64   5   1   0 0.00    M    M  2.4 12 160   M    M   0        14 160
 6  82  49  66   6   0   1    T    M    M  7.2 22 240   M    M   1        27 240
 7  76  48  62   2   3   0 0.00    M    M  6.9 16  30   M    M   0        22  50
 8  79  45  62   2   3   0 0.00    M    M  3.0 12 100   M    M   0        16 110
 9  83  51  67   6   0   2 0.27    M    M 10.8 29 300   M    M   1 13     40 300
10  84  56  70   9   0   5 0.00    M    M  4.5 16 250   M    M   1 12     20 250
11  86  60  73  12   0   8 0.00    M    M 10.0 22 210   M    M   0        32 210
12  85  66  76  14   0  11    T    M    M  7.4 17 250   M    M   1        23 260
13  90  63  77  15   0  12 0.00    M    M  8.4 17 240   M    M   2 3      22 250
14  90  65  78  16   0  13 0.00    M    M  6.9 18 210   M    M   2        24 200
15  84  65  75  12   0  10 0.01    M    M  7.2 15 360   M    M   2 38     21 260
16  82  64  73  10   0   8 0.00    M    M  5.6 13 140   M    M   4 1      17  40
17  84  60  72   9   0   7    T    M    M  9.0 20 100   M    M   1        25  60
18  76  67  72   8   0   7    T    M    M  8.6 17  70   M    M   7        22 110
19  83  67  75  11   0  10 0.15    M    M  6.9 21 260   M    M   7 1      28 260
20  86  58  72   8   0   7 0.01    M    M  4.6 17 300   M    M   1 12     22 300
21  82  63  73   8   0   8    T    M    M  5.4 14 240   M    M   2 1      17 240
22  87  63  75  10   0  10 0.00    M    M  6.1 15 340   M    M   4 12     19 340
23  86  57  72   7   0   7 0.00    M    M  5.2 13  30   M    M   0        16  20
24  86  56  71   5   0   6 0.00    M    M  3.9 12  50   M    M   0        16 150
25  90  57  74   8   0   9 0.00    M    M  5.4 16 190   M    M   0        21 220
26  90  68  79  13   0  14 0.11    M    M  5.8 14 270   M    M   3 1      18 250
================================================================================
SM 2167 1521         9 168  0.94    M    189.0          M       50
================================================================================
AV 83.4 58.5                               7.3 FASTST   M    M   2    MAX(MPH)
                                 MISC ---->  # 29 300               # 40  300
================================================================================
NOTES:
# LAST OF SEVERAL OCCURRENCES

COLUMN 17 PEAK WIND IN M.P.H.

PRELIMINARY LOCAL CLIMATOLOGICAL DATA (WS FORM: F-6) , PAGE 2

                                          STATION:  TERRE HAUTE IN
                                          MONTH:    MAY
                                          YEAR:     2018
                                          LATITUDE:   39 27 N
                                          LONGITUDE:  87 18 W

[TEMPERATURE DATA]      [PRECIPITATION DATA]       SYMBOLS USED IN COLUMN 16

AVERAGE MONTHLY: 70.9   TOTAL FOR MONTH:   0.94    1 = FOG OR MIST
DPTR FM NORMAL:   8.8   DPTR FM NORMAL:   -4.97    2 = FOG REDUCING VISIBILITY
HIGHEST:    90 ON 26,25 GRTST 24HR  0.39 ON  3- 3      TO 1/4 MILE OR LESS
LOWEST:     44 ON  1                               3 = THUNDER
                        SNOW, ICE PELLETS, HAIL    4 = ICE PELLETS
                        TOTAL MONTH:    M          5 = HAIL
                        GRTST 24HR    M  ON   M    6 = FREEZING RAIN OR DRIZZLE
                        GRTST DEPTH:  M  ON   M    7 = DUSTSTORM OR SANDSTORM:
                                                       VSBY 1/2 MILE OR LESS
                                                   8 = SMOKE OR HAZE
[NO. OF DAYS WITH]      [WEATHER - DAYS WITH]      9 = BLOWING SNOW
                                                   X = TORNADO
MAX 32 OR BELOW:   0    0.01 INCH OR MORE:   6
MAX 90 OR ABOVE:   4    0.10 INCH OR MORE:   4
MIN 32 OR BELOW:   0    0.50 INCH OR MORE:   0
MIN  0 OR BELOW:   0    1.00 INCH OR MORE:   0

[HDD (BASE 65) ]
TOTAL THIS MO.     9    CLEAR  (SCALE 0-3)  21
DPTR FM NORMAL  -116    PTCLDY (SCALE 4-7)   5
TOTAL FM JUL 1  5323    CLOUDY (SCALE 8-10)  0
DPTR FM NORMAL   -22

[CDD (BASE 65) ]
TOTAL THIS MO.   168
DPTR FM NORMAL   116    [PRESSURE DATA]
TOTAL FM JAN 1   172    HIGHEST SLP M ON M
DPTR FM NORMAL   105    LOWEST  SLP 29.74 ON M

[REMARKS]
