000
CXUS53 KIND 250730
CF6HUF
PRELIMINARY LOCAL CLIMATOLOGICAL DATA (WS FORM: F-6)

                                          STATION:   TERRE HAUTE IN
                                          MONTH:     JUNE
                                          YEAR:      2019
                                          LATITUDE:   39 27 N
                                          LONGITUDE:  87 18 W

  TEMPERATURE IN F:       :PCPN:    SNOW:  WIND      :SUNSHINE: SKY     :PK WND
================================================================================
1   2   3   4   5  6A  6B    7    8   9   10  11  12  13   14  15   16   17  18
                                     12Z  AVG MX 2MIN
DY MAX MIN AVG DEP HDD CDD  WTR  SNW DPTH SPD SPD DIR MIN PSBL S-S WX    SPD DR
================================================================================

 1  83  59  71   3   0   6 0.00    M    M  7.3 16 210   M    M   1 1      22 250
 2  79  57  68  -1   0   3 0.00    M    M  7.1 17 330   M    M   1 8      25  20
 3  79  48  64  -5   1   0 0.00    M    M  3.4 13 210   M    M   0        19 210
 4  83  55  69   0   0   4    T    M    M  8.5 20 190   M    M   1        26 180
 5  90  69  80  10   0  15 1.12    M    M  9.4 38 320   M    M   4 38     60 320
 6  86  64  75   5   0  10 0.00    M    M  5.0 12 110   M    M   1        16 100
 7  85  68  77   7   0  12 0.00    M    M 11.5 20  60   M    M   1        26  70
 8  80  65  73   2   0   8 0.02    M    M 11.4 18  70   M    M   5        26  80
 9  77  68  73   2   0   8 1.24    M    M  5.3 12  90   M    M   7 1      17  70
10  78  56  67  -4   0   2 0.00    M    M  9.9 22 310   M    M   3 1      34 310
11  78  51  65  -7   0   0 0.00    M    M  3.5 12 130   M    M   0        14 130
12  76  55  66  -6   0   1    T    M    M  5.0 23 280   M    M   2        37 290
13  70  51  61 -11   4   0    T    M    M 12.0 25 310   M    M   5        37 300
14  78  46  62 -10   3   0 0.08    M    M  7.0 18 180   M    M   1        27 220
15  76  61  69  -4   0   4 2.28    M    M  6.6 16 280   M    M   8 13     23 270
16  84  65  75   2   0  10 0.24    M    M  5.3 23 310   M    M   7 13     35 310
17  75  68  72  -1   0   7 0.17    M    M  2.6  7 170   M    M  10 123    10 200
18  84  67  76   3   0  11 0.00    M    M  3.7  9 130   M    M   7 128    17 150
19  81  67  74   0   0   9 1.52    M    M  4.3 28 210   M    M   5 13     37 200
20  75  62  69  -5   0   4 0.01    M    M  9.0 18 300   M    M   7 1      28 300
21  78  56  67  -7   0   2 0.26    M    M  4.5 23  80   M    M   2 123    30 310
22  80  63  72  -2   0   7 0.39    M    M  5.3 20 130   M    M   4 13     26 120
23  84  68  76   2   0  11 0.14    M    M 10.2 20 200   M    M   5 3      28 200
24  80  67  74   0   0   9 0.13    M    M  9.2 20 250   M    M   4        28 280
================================================================================
SM 1919 1456         8 143  7.60    M    167.0          M       91
================================================================================
AV 80.0 60.7                               7.0 FASTST   M    M   4    MAX(MPH)
                                 MISC ---->  # 38 320               # 60  320
================================================================================
NOTES:
# LAST OF SEVERAL OCCURRENCES

COLUMN 17 PEAK WIND IN M.P.H.

PRELIMINARY LOCAL CLIMATOLOGICAL DATA (WS FORM: F-6) , PAGE 2

                                          STATION:  TERRE HAUTE IN
                                          MONTH:    JUNE
                                          YEAR:     2019
                                          LATITUDE:   39 27 N
                                          LONGITUDE:  87 18 W

[TEMPERATURE DATA]      [PRECIPITATION DATA]       SYMBOLS USED IN COLUMN 16

AVERAGE MONTHLY: 70.3   TOTAL FOR MONTH:   7.60    1 = FOG OR MIST
DPTR FM NORMAL:  -1.4   DPTR FM NORMAL:    4.01    2 = FOG REDUCING VISIBILITY
HIGHEST:    90 ON  5    GRTST 24HR  2.28 ON 15-15      TO 1/4 MILE OR LESS
LOWEST:     46 ON 14                               3 = THUNDER
                        SNOW, ICE PELLETS, HAIL    4 = ICE PELLETS
                        TOTAL MONTH:    M          5 = HAIL
                        GRTST 24HR    M  ON   M    6 = FREEZING RAIN OR DRIZZLE
                        GRTST DEPTH:  M  ON   M    7 = DUSTSTORM OR SANDSTORM:
                                                       VSBY 1/2 MILE OR LESS
                                                   8 = SMOKE OR HAZE
[NO. OF DAYS WITH]      [WEATHER - DAYS WITH]      9 = BLOWING SNOW
                                                   X = TORNADO
MAX 32 OR BELOW:   0    0.01 INCH OR MORE:  13
MAX 90 OR ABOVE:   1    0.10 INCH OR MORE:  10
MIN 32 OR BELOW:   0    0.50 INCH OR MORE:   4
MIN  0 OR BELOW:   0    1.00 INCH OR MORE:   4

[HDD (BASE 65) ]
TOTAL THIS MO.     8    CLEAR  (SCALE 0-3)  10
DPTR FM NORMAL    -3    PTCLDY (SCALE 4-7)  13
TOTAL FM JUL 1  5284    CLOUDY (SCALE 8-10)  1
DPTR FM NORMAL   -82

[CDD (BASE 65) ]
TOTAL THIS MO.   143
DPTR FM NORMAL   -31    [PRESSURE DATA]
TOTAL FM JAN 1   271    HIGHEST SLP M ON M
DPTR FM NORMAL    11    LOWEST  SLP 29.54 ON 20

[REMARKS]
