000
CXUS51 KCAR 250600
CF6HUL
PRELIMINARY LOCAL CLIMATOLOGICAL DATA (WS FORM: F-6)

                                          STATION:   HOULTON ME
                                          MONTH:     MARCH
                                          YEAR:      2019
                                          LATITUDE:   46  7 N
                                          LONGITUDE:  67 48 W

  TEMPERATURE IN F:       :PCPN:    SNOW:  WIND      :SUNSHINE: SKY     :PK WND
================================================================================
1   2   3   4   5  6A  6B    7    8   9   10  11  12  13   14  15   16   17  18
                                     12Z  AVG MX 2MIN
DY MAX MIN AVG DEP HDD CDD  WTR  SNW DPTH SPD SPD DIR MIN PSBL S-S WX    SPD DR
================================================================================

 1  30 -16   7 -13  58   0 0.00    M    M  5.3 17 240   M    M   0        21 230
 2  32  -6  13  -7  52   0 0.00    M    M  4.6 13  10   M    M   2        15 360
 3  33  17  25   5  40   0    T    M    M  2.7 13 220   M    M   7 18     15 220
 4  28  22  25   4  40   0 0.22    M    M  6.5 15  20   M    M  10 128    18  30
 5  22  -2  10 -11  55   0 0.00    M    M  6.9 16 260   M    M   5 8      22 250
 6  17  -8   5 -17  60   0    T    M    M  4.6 15 300   M    M   7 8      23 310
 7  13 -22  -4 -26  69   0 0.00    M    M  7.0 18 270   M    M   2        27 240
 8  25  -6  10 -12  55   0 0.00    M    M  9.5 21 250   M    M   0        27 240
 9  26  -7  10 -13  55   0    T    M    M  8.6 24 360   M    M   1 8      31 360
10  29 -15   7 -16  58   0 0.13    M    M  6.2 16 150   M    M   4 128    24 150
11  39  23  31   7  34   0 0.01    M    M  9.3 23 260   M    M   9 18     30 280
12  35  20  28   4  37   0 0.00    M    M  9.4 17 310   M    M   6        27 350
13  40   1  21  -3  44   0 0.00    M    M  3.5 14 240   M    M   1        17 240
14  47  17  32   7  33   0 0.00    M    M  5.3 13 180   M    M   2        19 200
15  45  34  40  15  25   0 0.05    M    M  8.2 15 190   M    M  10 12     23 160
16  41  23  32   7  33   0 0.01    M    M 10.7 25 290   M    M   9 12     38 300
17  26  13  20  -6  45   0 0.00    M    M 11.7 23 260   M    M   5        31 240
18  30   1  16 -10  49   0 0.00    M    M  7.2 17 280   M    M   5        23 280
19  31  -4  14 -13  51   0 0.00    M    M  3.1 17 240   M    M   1        22 240
20  40  -5  18  -9  47   0 0.00    M    M  7.1 17 240   M    M   0        26 220
21  47  28  38  10  27   0 0.00    M    M  9.2 20 220   M    M   4        31 200
22  39  31  35   7  30   0 0.78    M    M 10.3 23  20   M    M   9 1      31  50
23  38  31  35   7  30   0 0.07    M    M 12.8 25 330   M    M   9 1      38 330
24  42  25  34   5  31   0 0.00    M    M  9.4 21 260   M    M   4        29 250
================================================================================
SM  795  195      1058   0  1.27    M    179.1          M      112
================================================================================
AV 33.1  8.1                               7.5 FASTST   M    M   5    MAX(MPH)
                                 MISC ---->  # 25 290               # 38  300
================================================================================
NOTES:
# LAST OF SEVERAL OCCURRENCES

COLUMN 17 PEAK WIND IN M.P.H.

PRELIMINARY LOCAL CLIMATOLOGICAL DATA (WS FORM: F-6) , PAGE 2

                                          STATION:  HOULTON ME
                                          MONTH:    MARCH
                                          YEAR:     2019
                                          LATITUDE:   46  7 N
                                          LONGITUDE:  67 48 W

[TEMPERATURE DATA]      [PRECIPITATION DATA]       SYMBOLS USED IN COLUMN 16

AVERAGE MONTHLY: 20.6   TOTAL FOR MONTH:   1.27    1 = FOG OR MIST
DPTR FM NORMAL:  -3.5   DPTR FM NORMAL:   -0.73    2 = FOG REDUCING VISIBILITY
HIGHEST:    47 ON 21,14 GRTST 24HR  0.78 ON 22-22      TO 1/4 MILE OR LESS
LOWEST:    -22 ON  7                               3 = THUNDER
                        SNOW, ICE PELLETS, HAIL    4 = ICE PELLETS
                        TOTAL MONTH:    M          5 = HAIL
                        GRTST 24HR    M  ON   M    6 = FREEZING RAIN OR DRIZZLE
                        GRTST DEPTH:  M  ON   M    7 = DUSTSTORM OR SANDSTORM:
                                                       VSBY 1/2 MILE OR LESS
                                                   8 = SMOKE OR HAZE
[NO. OF DAYS WITH]      [WEATHER - DAYS WITH]      9 = BLOWING SNOW
                                                   X = TORNADO
MAX 32 OR BELOW:  12    0.01 INCH OR MORE:   7
MAX 90 OR ABOVE:   0    0.10 INCH OR MORE:   3
MIN 32 OR BELOW:  23    0.50 INCH OR MORE:   1
MIN  0 OR BELOW:  10    1.00 INCH OR MORE:   0

[HDD (BASE 65) ]
TOTAL THIS MO.  1058    CLEAR  (SCALE 0-3)   9
DPTR FM NORMAL    76    PTCLDY (SCALE 4-7)   9
TOTAL FM JUL 1  7802    CLOUDY (SCALE 8-10)  6
DPTR FM NORMAL   247

[CDD (BASE 65) ]
TOTAL THIS MO.     0
DPTR FM NORMAL     0    [PRESSURE DATA]
TOTAL FM JAN 1     0    HIGHEST SLP  0.00 ON M
DPTR FM NORMAL     0    LOWEST  SLP 29.05 ON 23

[REMARKS]
