000
CXUS56 KTFX 230743
CF6HVR
PRELIMINARY LOCAL CLIMATOLOGICAL DATA (WS FORM: F-6)
STATION: HAVRE MT
MONTH: APRIL
YEAR: 2024
LATITUDE: 48 32 N
LONGITUDE: 109 46 W
TEMPERATURE IN F: :PCPN: SNOW: WIND :SUNSHINE: SKY :PK WND
================================================================================
1 2 3 4 5 6A 6B 7 8 9 10 11 12 13 14 15 16 17 18
12Z AVG MX 2MIN
DY MAX MIN AVG DEP HDD CDD WTR SNW DPTH SPD SPD DIR MIN PSBL S-S WX SPD DR
================================================================================
1 60 25 43 4 22 0 0.00 0.0 0 6.2 21 230 M M 2 27 230
2 70 28 49 9 16 0 0.00 0.0 0 10.0 22 260 M M 0 33 270
3 73 40 57 17 8 0 0.05 0.0 0 14.2 29 310 M M 3 39 260
4 53 41 47 7 18 0 0.11 0.0 0 10.5 22 60 M M 9 1 27 60
5 46 35 41 0 24 0 0.10 0.0 0 9.3 22 320 M M 10 1 27 320
6 38 33 36 -5 29 0 0.25 T 0 11.4 21 300 M M 10 1 27 300
7 45 33 39 -2 26 0 0.09 T 0 10.1 17 280 M M 10 1 21 300
8 58 37 48 6 17 0 0.00 0.0 0 13.1 25 270 M M 6 33 260
9 62 37 50 8 15 0 0.00 0.0 0 17.0 33 300 M M 3 48 310
10 53 30 42 0 23 0 0.00 0.0 0 13.4 28 320 M M 3 36 320
11 62 26 44 1 21 0 0.00 0.0 0 6.4 24 150 M M 0 30 150
12 71 40 56 13 9 0 0.00 0.0 0 6.2 23 280 M M 2 28 270
13 71 43 57 14 8 0 0.00 0.0 0 8.3 18 310 M M 2 26 290
14 73 34 54 10 11 0 0.00 0.0 0 5.5 15 80 M M 1 19 90
15 75 41 58 14 7 0 T 0.0 0 7.9 23 220 M M 4 29 230
16 54 34 44 0 21 0 T 0.0 0 15.0 32 320 M M 3 42 310
17 40 30 35 -9 30 0 0.01 0.2 0 18.3 32 320 M M 9 1 42 330
18 42 22 32 -13 33 0 0.00 0.0 0 14.9 28 290 M M 4 39 290
19 38 19 29 -16 36 0 T T 0 9.1 17 310 M M 7 24 340
20 53 15 34 -11 31 0 0.00 0.0 0 3.9 12 90 M M 0 17 70
21 67 22 45 -1 20 0 0.00 0.0 0 17.8 41 290 M M 1 55 280
22 62 36 49 3 16 0 0.00 0.0 0 18.9 33 320 M M 3 50 290
================================================================================
SM 1266 701 441 0 0.61 0.2 247.4 M 92
================================================================================
AV 57.5 31.9 11.2 FASTST M M 4 MAX(MPH)
MISC ----> 41 290 55 280
================================================================================
NOTES:
# LAST OF SEVERAL OCCURRENCES
COLUMN 17 PEAK WIND IN M.P.H.
PRELIMINARY LOCAL CLIMATOLOGICAL DATA (WS FORM: F-6) , PAGE 2
STATION: HAVRE MT
MONTH: APRIL
YEAR: 2024
LATITUDE: 48 32 N
LONGITUDE: 109 46 W
[TEMPERATURE DATA] [PRECIPITATION DATA] SYMBOLS USED IN COLUMN 16
AVERAGE MONTHLY: 44.7 TOTAL FOR MONTH: 0.61 1 = FOG OR MIST
DPTR FM NORMAL: 2.0 DPTR FM NORMAL: -0.08 2 = FOG REDUCING VISIBILITY
HIGHEST: 75 ON 15 GRTST 24HR 0.34 ON 6- 7 TO 1/4 MILE OR LESS
LOWEST: 15 ON 20 3 = THUNDER
SNOW, ICE PELLETS, HAIL 4 = ICE PELLETS
TOTAL MONTH: 0.2 INCH 5 = HAIL
GRTST 24HR 0.2 ON 17-17 6 = FREEZING RAIN OR DRIZZLE
GRTST DEPTH: 0 7 = DUSTSTORM OR SANDSTORM:
VSBY 1/2 MILE OR LESS
8 = SMOKE OR HAZE
[NO. OF DAYS WITH] [WEATHER - DAYS WITH] 9 = BLOWING SNOW
X = TORNADO
MAX 32 OR BELOW: 0 0.01 INCH OR MORE: 6
MAX 90 OR ABOVE: 0 0.10 INCH OR MORE: 3
MIN 32 OR BELOW: 9 0.50 INCH OR MORE: 0
MIN 0 OR BELOW: 0 1.00 INCH OR MORE: 0
[HDD (BASE 65) ]
TOTAL THIS MO. 441 CLEAR (SCALE 0-3) 12
DPTR FM NORMAL -49 PTCLDY (SCALE 4-7) 5
TOTAL FM JUL 1 7021 CLOUDY (SCALE 8-10) 5
DPTR FM NORMAL -529
[CDD (BASE 65) ]
TOTAL THIS MO. 0
DPTR FM NORMAL 0 [PRESSURE DATA]
TOTAL FM JAN 1 0 HIGHEST SLP M ON M
DPTR FM NORMAL 0 LOWEST SLP 29.61 ON 15
[REMARKS]