000
CXUS56 KTFX 221205
CF6HVR
PRELIMINARY LOCAL CLIMATOLOGICAL DATA (WS FORM: F-6)

                                          STATION:   HAVRE MT
                                          MONTH:     MARCH
                                          YEAR:      2019
                                          LATITUDE:   48 32 N
                                          LONGITUDE: 109 46 W

  TEMPERATURE IN F:       :PCPN:    SNOW:  WIND      :SUNSHINE: SKY     :PK WND
================================================================================
1   2   3   4   5  6A  6B    7    8   9   10  11  12  13   14  15   16   17  18
                                     12Z  AVG MX 2MIN
DY MAX MIN AVG DEP HDD CDD  WTR  SNW DPTH SPD SPD DIR MIN PSBL S-S WX    SPD DR
================================================================================

 1  16 -13   2 -24  63   0 0.06  0.8   12  8.5 28  30   M    M  10 18     35  40
 2 -10 -32 -21 -48  86   0 0.00  0.0   13  7.9 16 220   M    M   1 18     17 220
 3  -8 -31 -19 -46  84   0 0.00  0.0   12 18.6 25 220   M    M   1 18     31 220
 4   1 -23 -11 -39  76   0 0.00  0.0   12 20.0 26 230   M    M   0 8      30 230
 5   7 -14  -3 -31  68   0 0.00  0.0   12 13.2 22 230   M    M   0        26 230
 6  10 -12  -1 -29  66   0 0.00  0.0   12 14.9 32  90   M    M   4 18     37  90
 7  18  -6   6 -23  59   0 0.00  0.0   12  9.5 24  80   M    M   3        28  80
 8  28   1  15 -14  50   0 0.00  0.0   12 13.8 28 220   M    M   0        33 210
 9  18  -7   6 -24  59   0 0.00  0.0   12 11.3 20 230   M    M   2        22 230
10  22  -1  11 -19  54   0 0.00  0.0    9  9.9 20 210   M    M   4 1      22 210
11  37  -4  17 -13  48   0 0.00  0.0    9 19.3 31 210   M    M   0 1      37 220
12  37  21  29  -2  36   0 0.00  0.0    9 12.0 24 220   M    M   6        27 220
13  35  16  26  -5  39   0    T    T    6  8.9 21 310   M    M   3 1      25 320
14  31  13  22 -10  43   0 0.00  0.0    5 11.7 20 220   M    M   3        22 230
15  37  11  24  -8  41   0 0.00  0.0    5 11.8 23 220   M    M   1        28 220
16  34  12  23 -10  42   0 0.00  0.0    5  5.2 18 240   M    M   1        21 240
17  36  12  24  -9  41   0 0.00  0.0    4  2.3  9 230   M    M   2 12     10 230
18  37  18  28  -6  37   0 0.00  0.0    4 13.3 25 230   M    M   0        31 220
19  39  19  29  -5  36   0 0.00  0.0    4 12.3 22 230   M    M   0        27 230
20  44  22  33  -2  32   0 0.00  0.0    3  6.7 15 240   M    M   0        16 230
21  53  21  37   2  28   0 0.00  0.0    3  5.8 16  90   M    M   0        19  80
================================================================================
SM  522   23      1088   0  0.06     0.8 236.9          M       41
================================================================================
AV 24.9  1.1                              11.3 FASTST   M    M   2    MAX(MPH)
                                 MISC ---->  # 32  90               # 37   90
================================================================================
NOTES:
# LAST OF SEVERAL OCCURRENCES

COLUMN 17 PEAK WIND IN M.P.H.

PRELIMINARY LOCAL CLIMATOLOGICAL DATA (WS FORM: F-6) , PAGE 2

                                          STATION:  HAVRE MT
                                          MONTH:    MARCH
                                          YEAR:     2019
                                          LATITUDE:   48 32 N
                                          LONGITUDE: 109 46 W

[TEMPERATURE DATA]      [PRECIPITATION DATA]       SYMBOLS USED IN COLUMN 16

AVERAGE MONTHLY: 13.0   TOTAL FOR MONTH:   0.06    1 = FOG OR MIST
DPTR FM NORMAL: -17.6   DPTR FM NORMAL:   -0.27    2 = FOG REDUCING VISIBILITY
HIGHEST:    53 ON 21    GRTST 24HR  0.06 ON  1- 1      TO 1/4 MILE OR LESS
LOWEST:    -32 ON  2                               3 = THUNDER
                        SNOW, ICE PELLETS, HAIL    4 = ICE PELLETS
                        TOTAL MONTH:   0.8 INCH    5 = HAIL
                        GRTST 24HR   0.8 ON  1- 1  6 = FREEZING RAIN OR DRIZZLE
                        GRTST DEPTH:  13 ON  2     7 = DUSTSTORM OR SANDSTORM:
                                                       VSBY 1/2 MILE OR LESS
                                                   8 = SMOKE OR HAZE
[NO. OF DAYS WITH]      [WEATHER - DAYS WITH]      9 = BLOWING SNOW
                                                   X = TORNADO
MAX 32 OR BELOW:  11    0.01 INCH OR MORE:   1
MAX 90 OR ABOVE:   0    0.10 INCH OR MORE:   0
MIN 32 OR BELOW:  21    0.50 INCH OR MORE:   0
MIN  0 OR BELOW:  10    1.00 INCH OR MORE:   0

[HDD (BASE 65) ]
TOTAL THIS MO.  1088    CLEAR  (SCALE 0-3)  15
DPTR FM NORMAL   365    PTCLDY (SCALE 4-7)   5
TOTAL FM JUL 1  7545    CLOUDY (SCALE 8-10)  1
DPTR FM NORMAL   702

[CDD (BASE 65) ]
TOTAL THIS MO.     0
DPTR FM NORMAL     0    [PRESSURE DATA]
TOTAL FM JAN 1     0    HIGHEST SLP M ON M
DPTR FM NORMAL     0    LOWEST  SLP 29.72 ON 12

[REMARKS]
