000
CXUS56 KTFX 251205
CF6HVR
PRELIMINARY LOCAL CLIMATOLOGICAL DATA (WS FORM: F-6)

                                          STATION:   HAVRE MT
                                          MONTH:     MAY
                                          YEAR:      2019
                                          LATITUDE:   48 32 N
                                          LONGITUDE: 109 46 W

  TEMPERATURE IN F:       :PCPN:    SNOW:  WIND      :SUNSHINE: SKY     :PK WND
================================================================================
1   2   3   4   5  6A  6B    7    8   9   10  11  12  13   14  15   16   17  18
                                     12Z  AVG MX 2MIN
DY MAX MIN AVG DEP HDD CDD  WTR  SNW DPTH SPD SPD DIR MIN PSBL S-S WX    SPD DR
================================================================================

 1  54  22  38 -11  27   0 0.00  0.0    0  9.6 28 220   M    M   2        39 210
 2  54  30  42  -8  23   0    T  0.0    0 12.6 25 320   M    M   3        33 290
 3  67  32  50   0  15   0 0.00  0.0    0 16.1 26 300   M    M   3        39 300
 4  47  32  40 -10  25   0 0.11  0.8    0 14.1 22  80   M    M   9 1      25  80
 5  42  31  37 -13  28   0 0.27  2.5    2  8.0 16  80   M    M  10 1      22  60
 6  56  32  44  -7  21   0 0.00  0.0    0  5.3 14  80   M    M   5        16  80
 7  62  33  48  -3  17   0 0.00  0.0    0  7.5 15  70   M    M   4        21  70
 8  59  35  47  -4  18   0 0.03  0.0    0 10.4 20  90   M    M   6        25 100
 9  62  26  44  -8  21   0 0.00  0.0    0  9.6 22 220   M    M   2        29 200
10  68  33  51  -1  14   0    T  0.0    0 11.8 35 350   M    M   5        47 340
11  71  41  56   4   9   0 0.00  0.0    0  4.9 14 310   M    M   3        19 300
12  81  35  58   5   7   0    T  0.0    0  8.3 38 280   M    M   3        55 280
13  77  47  62   9   3   0 0.33  0.0    0  8.3 28 340   M    M   2 13     34 340
14  77  50  64  11   1   0 0.00  0.0    0 11.2 25  90   M    M   0        31  90
15  74  49  62   8   3   0 0.01  0.0    0 15.0 31 270   M    M   3        39 280
16  51  43  47  -7  18   0 0.02  0.0    0 19.8 30  90   M    M  10        37  90
17  47  34  41 -13  24   0 0.39    T    0 19.8 30  90   M    M  10 1      38  90
18  47  32  40 -15  25   0 0.25  0.7    1 12.1 18 100   M    M   9 1      26  90
19  54  30  42 -13  23   0 0.00  0.0    0 11.7 23  90   M    M   3        29  90
20  53  32  43 -12  22   0 0.00  0.0    0 14.0 24 100   M    M   9        31  90
21  49  43  46 -10  19   0 0.02  0.0    0 13.5 28 120   M    M  10 1      34 120
22  70  34  52  -4  13   0 0.00  0.0    0  7.2 22  30   M    M   2        28  50
23  71  35  53  -3  12   0 0.00  0.0    0  8.9 22 130   M    M   0        28 130
24  68  45  57   0   8   0 0.00  0.0    0  5.3 14  70   M    M   5        19  80
================================================================================
SM 1461  856       396   0  1.43     4.0 265.0          M      118
================================================================================
AV 60.9 35.7                              11.0 FASTST   M    M   5    MAX(MPH)
                                 MISC ---->  # 38 280               # 55  280
================================================================================
NOTES:
# LAST OF SEVERAL OCCURRENCES

COLUMN 17 PEAK WIND IN M.P.H.

PRELIMINARY LOCAL CLIMATOLOGICAL DATA (WS FORM: F-6) , PAGE 2

                                          STATION:  HAVRE MT
                                          MONTH:    MAY
                                          YEAR:     2019
                                          LATITUDE:   48 32 N
                                          LONGITUDE: 109 46 W

[TEMPERATURE DATA]      [PRECIPITATION DATA]       SYMBOLS USED IN COLUMN 16

AVERAGE MONTHLY: 48.3   TOTAL FOR MONTH:   1.43    1 = FOG OR MIST
DPTR FM NORMAL:  -4.6   DPTR FM NORMAL:    0.17    2 = FOG REDUCING VISIBILITY
HIGHEST:    81 ON 12    GRTST 24HR  0.39 ON 17-17      TO 1/4 MILE OR LESS
LOWEST:     22 ON  1                               3 = THUNDER
                        SNOW, ICE PELLETS, HAIL    4 = ICE PELLETS
                        TOTAL MONTH:   4.0 INCHES  5 = HAIL
                        GRTST 24HR   2.5 ON  5- 5  6 = FREEZING RAIN OR DRIZZLE
                        GRTST DEPTH:   2 ON  5     7 = DUSTSTORM OR SANDSTORM:
                                                       VSBY 1/2 MILE OR LESS
                                                   8 = SMOKE OR HAZE
[NO. OF DAYS WITH]      [WEATHER - DAYS WITH]      9 = BLOWING SNOW
                                                   X = TORNADO
MAX 32 OR BELOW:   0    0.01 INCH OR MORE:   9
MAX 90 OR ABOVE:   0    0.10 INCH OR MORE:   5
MIN 32 OR BELOW:  10    0.50 INCH OR MORE:   0
MIN  0 OR BELOW:   0    1.00 INCH OR MORE:   0

[HDD (BASE 65) ]
TOTAL THIS MO.   396    CLEAR  (SCALE 0-3)   9
DPTR FM NORMAL   100    PTCLDY (SCALE 4-7)   8
TOTAL FM JUL 1  8802    CLOUDY (SCALE 8-10)  7
DPTR FM NORMAL   769

[CDD (BASE 65) ]
TOTAL THIS MO.     0
DPTR FM NORMAL     0    [PRESSURE DATA]
TOTAL FM JAN 1     0    HIGHEST SLP M ON M
DPTR FM NORMAL    -1    LOWEST  SLP 29.53 ON 17

[REMARKS]
