000
CXUS52 KMFL 191000
CF6HWO
PRELIMINARY LOCAL CLIMATOLOGICAL DATA (WS FORM: F-6)

                                          STATION:   NORTH PERRY ARPT
                                          MONTH:     MARCH
                                          YEAR:      2019
                                          LATITUDE:   26  0 N
                                          LONGITUDE:  80 14 W

  TEMPERATURE IN F:       :PCPN:    SNOW:  WIND      :SUNSHINE: SKY     :PK WND
================================================================================
1   2   3   4   5  6A  6B    7    8   9   10  11  12  13   14  15   16   17  18
                                     12Z  AVG MX 2MIN
DY MAX MIN AVG DEP HDD CDD  WTR  SNW DPTH SPD SPD DIR MIN PSBL S-S WX    SPD DR
================================================================================

 1  83  66  75   4   0  10 0.00  0.0    0  4.2 15 100   M    M   2        18 100
 2  86  65  76   5   0  11 0.00  0.0    0  3.9 15 100   M    M   1        20 100
 3  86  68  77   6   0  12 0.00  0.0    0  6.6 17 140   M    M   2        23 140
 4  90  69  80   9   0  15 0.00  0.0    0  6.8 18 240   M    M   1        22 260
 5  87  64  76   5   0  11 0.00  0.0    0  9.8 22 320   M    M   4 8      26 320
 6  73  52  63  -8   2   0 0.00  0.0    0 12.7 22 350   M    M   2        27 340
 7  76  53  65  -7   0   0 0.00  0.0    0  8.8 20  70   M    M   4        25  70
 8  81  62  72   0   0   7 0.00  0.0    0  9.4 21 100   M    M   5        25  90
 9  84  67  76   4   0  11 0.00  0.0    0 11.4 20 100   M    M   4        26 110
10  84  72  78   6   0  13 0.04  0.0    0 10.2 17 110   M    M   3 1      24 110
11  85  67  76   4   0  11 0.00  0.0    0  4.6 13 140   M    M   1        17 140
12  87  68  78   6   0  13    T  0.0    0  7.6 16  30   M    M   3        21  60
13  81  73  77   5   0  12 0.00  0.0    0 13.8 23  80   M    M   5        30  70
14  83  73  78   6   0  13 0.00  0.0    0 13.7 21 110   M    M   7        26 120
15  82  73  78   6   0  13    T  0.0    0  9.7 18 100   M    M   6 1      23 130
16  84  68  76   4   0  11 0.27  0.0    0  4.3 14 280   M    M   7 1      17 130
17  86  67  77   5   0  12 0.00  0.0    0  5.6 14  50   M    M   4        16 330
18  81  66  74   2   0   9 0.00  0.0    0  8.6 16  10   M    M   5        20 340
================================================================================
SM 1499 1193         2 184  0.31     0.0 151.7          M       66
================================================================================
AV 83.3 66.3                               8.4 FASTST   M    M   4    MAX(MPH)
                                 MISC ---->  # 23  80               # 30   70
================================================================================
NOTES:
# LAST OF SEVERAL OCCURRENCES

COLUMN 17 PEAK WIND IN M.P.H.

PRELIMINARY LOCAL CLIMATOLOGICAL DATA (WS FORM: F-6) , PAGE 2

                                          STATION:  NORTH PERRY ARPT
                                          MONTH:    MARCH
                                          YEAR:     2019
                                          LATITUDE:   26  0 N
                                          LONGITUDE:  80 14 W

[TEMPERATURE DATA]      [PRECIPITATION DATA]       SYMBOLS USED IN COLUMN 16

AVERAGE MONTHLY: 74.8   TOTAL FOR MONTH:   0.31    1 = FOG OR MIST
DPTR FM NORMAL:   3.1   DPTR FM NORMAL:   -1.59    2 = FOG REDUCING VISIBILITY
HIGHEST:    90 ON  4    GRTST 24HR  0.27 ON 16-16      TO 1/4 MILE OR LESS
LOWEST:     52 ON  6                               3 = THUNDER
                        SNOW, ICE PELLETS, HAIL    4 = ICE PELLETS
                        TOTAL MONTH:   0.0 INCH    5 = HAIL
                        GRTST 24HR     0.0         6 = FREEZING RAIN OR DRIZZLE
                        GRTST DEPTH:   0           7 = DUSTSTORM OR SANDSTORM:
                                                       VSBY 1/2 MILE OR LESS
                                                   8 = SMOKE OR HAZE
[NO. OF DAYS WITH]      [WEATHER - DAYS WITH]      9 = BLOWING SNOW
                                                   X = TORNADO
MAX 32 OR BELOW:   0    0.01 INCH OR MORE:   2
MAX 90 OR ABOVE:   1    0.10 INCH OR MORE:   1
MIN 32 OR BELOW:   0    0.50 INCH OR MORE:   0
MIN  0 OR BELOW:   0    1.00 INCH OR MORE:   0

[HDD (BASE 65) ]
TOTAL THIS MO.     2    CLEAR  (SCALE 0-3)   8
DPTR FM NORMAL    -6    PTCLDY (SCALE 4-7)  10
TOTAL FM JUL 1    70    CLOUDY (SCALE 8-10)  0
DPTR FM NORMAL   -72

[CDD (BASE 65) ]
TOTAL THIS MO.   184
DPTR FM NORMAL    56    [PRESSURE DATA]
TOTAL FM JAN 1   583    HIGHEST SLP M ON M
DPTR FM NORMAL   178    LOWEST  SLP 29.91 ON  3

[REMARKS]
