000
CXUS52 KMFL 261000
CF6HWO
PRELIMINARY LOCAL CLIMATOLOGICAL DATA (WS FORM: F-6)

                                          STATION:   NORTH PERRY ARPT
                                          MONTH:     MAY
                                          YEAR:      2019
                                          LATITUDE:   26  0 N
                                          LONGITUDE:  80 14 W

  TEMPERATURE IN F:       :PCPN:    SNOW:  WIND      :SUNSHINE: SKY     :PK WND
================================================================================
1   2   3   4   5  6A  6B    7    8   9   10  11  12  13   14  15   16   17  18
                                     12Z  AVG MX 2MIN
DY MAX MIN AVG DEP HDD CDD  WTR  SNW DPTH SPD SPD DIR MIN PSBL S-S WX    SPD DR
================================================================================

 1  85  71  78   1   0  13 0.15  0.0    0 15.3 26 100   M    M   5 1      34  80
 2  83  70  77   0   0  12 2.10  0.0    0  5.7 28 330   M    M   8 13     44 320
 3  87  72  80   3   0  15 0.19  0.0    0  7.2 18 150   M    M   4 13     24 150
 4  88  71  80   3   0  15 0.01  0.0    0  7.5 18 130   M    M   2 13     24 140
 5  90  72  81   3   0  16 0.31  0.0    0  7.4 20 150   M    M   2 13     24 150
 6  87  70  79   1   0  14 0.67  0.0    0  4.8 29 230   M    M   4 13     36  30
 7  86  69  78   0   0  13    T  0.0    0  4.2 16  90   M    M   1 3      19  70
 8  86  71  79   1   0  14    T  0.0    0  8.1 18  80   M    M   3        24  90
 9  86  73  80   2   0  15 0.01  0.0    0  8.6 17 100   M    M   3 3      24 110
10  87  72  80   2   0  15 0.00  0.0    0  8.7 18 100   M    M   2 3      23 110
11  88  74  81   2   0  16    T  0.0    0  8.3 18 120   M    M   2        24 120
12  91  77  84   5   0  19 0.05  0.0    0  6.2 18 150   M    M   2 3      23 150
13  90  74  82   3   0  17 0.16  0.0    0  8.5 28 320   M    M   2 13     39 290
14  91  73  82   3   0  17 0.01  0.0    0  7.7 20 300   M    M   3 3      25 340
15  83  72  78  -1   0  13 0.55  0.0    0  3.8 15 300   M    M   6 13     19 300
16  83  71  77  -2   0  12    T  0.0    M  9.5 22  80   M    M   3        27  30
17  84  67  76  -4   0  11 0.00  0.0    0  7.7 18  70   M    M   2        23  50
18  85  70  78  -2   0  13 0.00  0.0    0  9.4 20  90   M    M   2        25  80
19  88  73  81   1   0  16 0.00  0.0    0  7.6 17  80   M    M   2        22 120
20  86  73  80   0   0  15    T  0.0    0  6.6 15 100   M    M   4 3      18 210
21  89  73  81   1   0  16 0.00  0.0    0  6.9 16  90   M    M   1        22  90
22  88  71  80   0   0  15    T  0.0    0  9.4 20  70   M    M   2        25  80
23  88  77  83   3   0  18    T  0.0    0 14.4 24  50   M    M   4        30  30
24  87  75  81   0   0  16 0.00  0.0    0 13.8 22  50   M    M   5        28  70
25  86  74  80  -1   0  15 0.00  0.0    0 14.2 23  50   M    M   5        29  60
================================================================================
SM 2172 1805         0 371  4.21     0.0 211.5          M       79
================================================================================
AV 86.9 72.2                               8.5 FASTST   M    M   3    MAX(MPH)
                                 MISC ---->  # 29 230               # 44  320
================================================================================
NOTES:
# LAST OF SEVERAL OCCURRENCES

COLUMN 17 PEAK WIND IN M.P.H.

PRELIMINARY LOCAL CLIMATOLOGICAL DATA (WS FORM: F-6) , PAGE 2

                                          STATION:  NORTH PERRY ARPT
                                          MONTH:    MAY
                                          YEAR:     2019
                                          LATITUDE:   26  0 N
                                          LONGITUDE:  80 14 W

[TEMPERATURE DATA]      [PRECIPITATION DATA]       SYMBOLS USED IN COLUMN 16

AVERAGE MONTHLY: 79.5   TOTAL FOR MONTH:   4.21    1 = FOG OR MIST
DPTR FM NORMAL:   0.7   DPTR FM NORMAL:    0.58    2 = FOG REDUCING VISIBILITY
HIGHEST:    91 ON 14,12 GRTST 24HR  2.10 ON  2- 2      TO 1/4 MILE OR LESS
LOWEST:     67 ON 17                               3 = THUNDER
                        SNOW, ICE PELLETS, HAIL    4 = ICE PELLETS
                        TOTAL MONTH:   0.0 INCH    5 = HAIL
                        GRTST 24HR     0.0         6 = FREEZING RAIN OR DRIZZLE
                        GRTST DEPTH:   0           7 = DUSTSTORM OR SANDSTORM:
                                                       VSBY 1/2 MILE OR LESS
                                                   8 = SMOKE OR HAZE
[NO. OF DAYS WITH]      [WEATHER - DAYS WITH]      9 = BLOWING SNOW
                                                   X = TORNADO
MAX 32 OR BELOW:   0    0.01 INCH OR MORE:  11
MAX 90 OR ABOVE:   4    0.10 INCH OR MORE:   7
MIN 32 OR BELOW:   0    0.50 INCH OR MORE:   3
MIN  0 OR BELOW:   0    1.00 INCH OR MORE:   1

[HDD (BASE 65) ]
TOTAL THIS MO.     0    CLEAR  (SCALE 0-3)  16
DPTR FM NORMAL     0    PTCLDY (SCALE 4-7)   8
TOTAL FM JUL 1    70    CLOUDY (SCALE 8-10)  1
DPTR FM NORMAL   -75

[CDD (BASE 65) ]
TOTAL THIS MO.   371
DPTR FM NORMAL    24    [PRESSURE DATA]
TOTAL FM JAN 1  1394    HIGHEST SLP M ON M
DPTR FM NORMAL   233    LOWEST  SLP 29.85 ON  5

[REMARKS]
