000
CXUS54 KEWX 240910
CF6HYI
PRELIMINARY LOCAL CLIMATOLOGICAL DATA (WS FORM: F-6)

                                          STATION:   SAN MARCOS
                                          MONTH:     MARCH
                                          YEAR:      2019
                                          LATITUDE:   29 53 N
                                          LONGITUDE:  97 52 W

  TEMPERATURE IN F:       :PCPN:    SNOW:  WIND      :SUNSHINE: SKY     :PK WND
================================================================================
1   2   3   4   5  6A  6B    7    8   9   10  11  12  13   14  15   16   17  18
                                     12Z  AVG MX 2MIN
DY MAX MIN AVG DEP HDD CDD  WTR  SNW DPTH SPD SPD DIR MIN PSBL S-S WX    SPD DR
================================================================================

 1  55  42  49   M  16   0 0.00    M    M  5.4 10  20   M    M  10 18      M  M
 2  55  47  51   M  14   0 0.00    M    M  9.4 13  30   M    M  10 12      M  M
 3  48  33  41   M  24   0 0.00    M    M 17.1 29  10   M    M   9 1      35 360
 4  41  29  35   M  30   0 0.00    M    M 17.2 23  10   M    M  10        33  10
 5  51  26  39   M  26   0 0.00    M    M 11.1 18  20   M    M   0        24  20
 6  60  28  44   M  21   0 0.00    M    M  9.9 18 160   M    M   4        23 160
 7  72  50  61   M   4   0 0.00    M    M 10.5 21 200   M    M   7 1      30 220
 8  84  63  74   M   0   9 0.00    M    M 13.6 18 170   M    M   9 1      23 200
 9  87  55  71   M   0   6 0.02    M    M  9.2 16 180   M    M   5 1      17 350
10  80  56  68   M   0   3    T    M    M  7.5 17 120   M    M   8 18     22 120
11  66  58  62   M   3   0 0.00    M    M 11.6 18  10   M    M  10 1       M  M
12  81  58  70   M   0   5 0.00    M    M 14.6 25 140   M    M   9 12     35 150
13  84  56  70   M   0   5 0.24    M    M 12.5 22 160   M    M   5 13     36 300
14  76  51  64   M   1   0 0.01    M    M 13.2 24 350   M    M   3 13     31  10
15  61  48  55   M  10   0 0.00    M    M 14.4 21  30   M    M   5        32  10
16  60  42  51   M  14   0 0.00    M    M  7.0 16  50   M    M   8         M  M
17  65  42  54   M  11   0 0.00    M    M  5.7 10  80   M    M   0         M  M
18  70  41  56   M   9   0 0.00    M    M  7.3 15 110   M    M   1        21 110
19  72  40  56   M   9   0 0.00    M    M  6.8 16 160   M    M   7        22 150
20  78  48  63   M   2   0 0.00    M    M  4.6 14  50   M    M   8         M  M
21  79  48  64   M   1   0 0.00    M    M  4.7  8  90   M    M   2         M  M
22  80  46  63   M   2   0 0.00    M    M  8.0 17 140   M    M   4        21 150
23  76  60  68   M   0   3 0.00    M    M 10.1 16 170   M    M  10         M  M
================================================================================
SM 1581 1067       197  31  0.27    M    231.4          M      144
================================================================================
AV 68.7 46.4                              10.1 FASTST   M    M   6    MAX(MPH)
                                 MISC ---->  # 29  10               # 36  300
================================================================================
NOTES:
# LAST OF SEVERAL OCCURRENCES

COLUMN 17 PEAK WIND IN M.P.H.

PRELIMINARY LOCAL CLIMATOLOGICAL DATA (WS FORM: F-6) , PAGE 2

                                          STATION:  SAN MARCOS
                                          MONTH:    MARCH
                                          YEAR:     2019
                                          LATITUDE:   29 53 N
                                          LONGITUDE:  97 52 W

[TEMPERATURE DATA]      [PRECIPITATION DATA]       SYMBOLS USED IN COLUMN 16

AVERAGE MONTHLY: 57.6   TOTAL FOR MONTH:   0.27    1 = FOG OR MIST
DPTR FM NORMAL:     M   DPTR FM NORMAL:       M    2 = FOG REDUCING VISIBILITY
HIGHEST:    87 ON  9    GRTST 24HR  0.24 ON 13-13      TO 1/4 MILE OR LESS
LOWEST:     26 ON  5                               3 = THUNDER
                        SNOW, ICE PELLETS, HAIL    4 = ICE PELLETS
                        TOTAL MONTH:    M          5 = HAIL
                        GRTST 24HR    M  ON   M    6 = FREEZING RAIN OR DRIZZLE
                        GRTST DEPTH:  M  ON   M    7 = DUSTSTORM OR SANDSTORM:
                                                       VSBY 1/2 MILE OR LESS
                                                   8 = SMOKE OR HAZE
[NO. OF DAYS WITH]      [WEATHER - DAYS WITH]      9 = BLOWING SNOW
                                                   X = TORNADO
MAX 32 OR BELOW:   0    0.01 INCH OR MORE:   3
MAX 90 OR ABOVE:   0    0.10 INCH OR MORE:   1
MIN 32 OR BELOW:   3    0.50 INCH OR MORE:   0
MIN  0 OR BELOW:   0    1.00 INCH OR MORE:   0

[HDD (BASE 65) ]
TOTAL THIS MO.   197    CLEAR  (SCALE 0-3)   4
DPTR FM NORMAL     M    PTCLDY (SCALE 4-7)  10
TOTAL FM JUL 1  1640    CLOUDY (SCALE 8-10)  9
DPTR FM NORMAL     M

[CDD (BASE 65) ]
TOTAL THIS MO.    31
DPTR FM NORMAL     M    [PRESSURE DATA]
TOTAL FM JAN 1    51    HIGHEST SLP M ON M
DPTR FM NORMAL     M    LOWEST  SLP M ON M

[REMARKS]
