000
CXUS54 KEWX 250910
CF6HYI
PRELIMINARY LOCAL CLIMATOLOGICAL DATA (WS FORM: F-6)

                                          STATION:   SAN MARCOS
                                          MONTH:     MAY
                                          YEAR:      2019
                                          LATITUDE:   29 53 N
                                          LONGITUDE:  97 52 W

  TEMPERATURE IN F:       :PCPN:    SNOW:  WIND      :SUNSHINE: SKY     :PK WND
================================================================================
1   2   3   4   5  6A  6B    7    8   9   10  11  12  13   14  15   16   17  18
                                     12Z  AVG MX 2MIN
DY MAX MIN AVG DEP HDD CDD  WTR  SNW DPTH SPD SPD DIR MIN PSBL S-S WX    SPD DR
================================================================================

 1  86  74  80   M   0  15 0.00    M    M 12.9 20 140   M    M   9        25 140
 2  84  63  74   M   0   9    T    M    M 10.6 23  30   M    M   7 1      31  10
 3   M   M   M   M   M   M 1.83    M    M  8.8 32  20   M    M   9 138    37  20
 4  81  59  70   M   0   5 0.00    M    M  8.1 14  10   M    M   1         M  M
 5  88  58  73   M   0   8 0.00    M    M  7.3 14 130   M    M   2 8      20 150
 6  74  65  70   M   0   5 0.02    M    M  7.3 15 120   M    M   7 1       M  M
 7  86  67  77   M   0  12 0.06    M    M  8.9 29 110   M    M   9 138    35 110
 8  78  67  73   M   0   8 0.65    M    M  9.2 20 170   M    M   9 13     27 170
 9  86  63  75   M   0  10 0.02    M    M  7.6 21  20   M    M   7 138    31  10
10  67  55  61   M   4   0 0.01    M    M 14.1 23 360   M    M  10 3      32  10
11  68  58  63   M   2   0 0.03    M    M  9.1 13 350   M    M  10 13     17 360
12  79  60  70   M   0   5 0.00    M    M  8.0 15  30   M    M   3        20  30
13  84  55  70   M   0   5 0.00    M    M  6.0 12 140   M    M   1         M  M
14  84  60  72   M   0   7    T    M    M  5.5 13  60   M    M   4 1       M  M
15  87  63  75   M   0  10 0.00    M    M  4.5 12 110   M    M   5 1       M  M
16  89  64  77   M   0  12 0.00    M    M  7.2 13 150   M    M   5 1       M  M
17  91  72  82   M   0  17 0.00    M    M 14.0 22 150   M    M   9        27 160
18  85  75  80   M   0  15 0.01    M    M 13.1 21 180   M    M   9 1      28 180
19  92  74  83   M   0  18 0.00    M    M  6.2 13 150   M    M   6 18      M  M
20  92  77  85   M   0  20 0.00    M    M 17.4 27 150   M    M   8 1      36 150
21  89  66  78   M   0  13 0.01    M    M 10.3 25 170   M    M   6        39 160
22  92  73  83   M   0  18 0.00    M    M 13.7 25 160   M    M   8 18     32 180
23  94  75  85   M   0  20 0.00    M    M 16.0 22 140   M    M   8        31 150
24  92  74  83   M   0  18 0.00    M    M 14.1 20 140   M    M   8        28 140
================================================================================
SM 1948 1517         6 250  2.64    M    239.9          M      160
================================================================================
AV 84.7 66.0                              10.0 FASTST   M    M   7    MAX(MPH)
                                 MISC ---->  # 32  20               # 39  160
================================================================================
NOTES:
# LAST OF SEVERAL OCCURRENCES

COLUMN 17 PEAK WIND IN M.P.H.

PRELIMINARY LOCAL CLIMATOLOGICAL DATA (WS FORM: F-6) , PAGE 2

                                          STATION:  SAN MARCOS
                                          MONTH:    MAY
                                          YEAR:     2019
                                          LATITUDE:   29 53 N
                                          LONGITUDE:  97 52 W

[TEMPERATURE DATA]      [PRECIPITATION DATA]       SYMBOLS USED IN COLUMN 16

AVERAGE MONTHLY: 75.3   TOTAL FOR MONTH:   2.64    1 = FOG OR MIST
DPTR FM NORMAL:     M   DPTR FM NORMAL:       M    2 = FOG REDUCING VISIBILITY
HIGHEST:    94 ON 23    GRTST 24HR  1.83 ON  3- 3      TO 1/4 MILE OR LESS
LOWEST:     55 ON 13,10                            3 = THUNDER
                        SNOW, ICE PELLETS, HAIL    4 = ICE PELLETS
                        TOTAL MONTH:    M          5 = HAIL
                        GRTST 24HR    M  ON   M    6 = FREEZING RAIN OR DRIZZLE
                        GRTST DEPTH:  M  ON   M    7 = DUSTSTORM OR SANDSTORM:
                                                       VSBY 1/2 MILE OR LESS
                                                   8 = SMOKE OR HAZE
[NO. OF DAYS WITH]      [WEATHER - DAYS WITH]      9 = BLOWING SNOW
                                                   X = TORNADO
MAX 32 OR BELOW:   0    0.01 INCH OR MORE:   9
MAX 90 OR ABOVE:   6    0.10 INCH OR MORE:   2
MIN 32 OR BELOW:   0    0.50 INCH OR MORE:   2
MIN  0 OR BELOW:   0    1.00 INCH OR MORE:   1

[HDD (BASE 65) ]
TOTAL THIS MO.     6    CLEAR  (SCALE 0-3)   4
DPTR FM NORMAL     M    PTCLDY (SCALE 4-7)  11
TOTAL FM JUL 1  1709    CLOUDY (SCALE 8-10)  9
DPTR FM NORMAL     M

[CDD (BASE 65) ]
TOTAL THIS MO.   250
DPTR FM NORMAL     M    [PRESSURE DATA]
TOTAL FM JAN 1   480    HIGHEST SLP M ON M
DPTR FM NORMAL     M    LOWEST  SLP M ON M

[REMARKS]
