000
CXUS53 KUNR 230945
CF6ICR
PRELIMINARY LOCAL CLIMATOLOGICAL DATA (WS FORM: F-6)

                                          STATION:   WINNER REGIONAL AIRPORT SD
                                          MONTH:     MARCH
                                          YEAR:      2019
                                          LATITUDE:   43 23 N
                                          LONGITUDE:  99 50 W

  TEMPERATURE IN F:       :PCPN:    SNOW:  WIND      :SUNSHINE: SKY     :PK WND
================================================================================
1   2   3   4   5  6A  6B    7    8   9   10  11  12  13   14  15   16   17  18
                                     12Z  AVG MX 2MIN
DY MAX MIN AVG DEP HDD CDD  WTR  SNW DPTH SPD SPD DIR MIN PSBL S-S WX    SPD DR
================================================================================

 1  23   7  15 -16  50   0 0.04    M    M 12.4 23 320   M    M   8 18     29 320
 2  11  -9   1 -31  64   0    T    M    M 10.5 21 340   M    M  10 189    26 350
 3   3 -16  -6 -38  71   0    T    M    M 16.3 28 300   M    M   0 8      38 300
 4  14  -4   5 -27  60   0 0.00    M    M 20.3 32 300   M    M   1 8      43 290
 5  21   8  15 -18  50   0 0.00    M    M 14.8 26 300   M    M   4 8      35 310
 6  20   3  12 -21  53   0 0.00    M    M  7.1 15  10   M    M   4        19  20
 7  20  10  15 -18  50   0 0.06    M    M 10.9 17  90   M    M  10 18     21  80
 8  32  20  26  -8  39   0    T    M    M  9.7 20 130   M    M  10 168    26 130
 9  30  19  25  -9  40   0 0.04    M    M 18.8 38 310   M    M   9 168    50 310
10  37  11  24 -10  41   0 0.01    M    M  6.9 18 290   M    M   3 1      26 310
11  39  23  31  -4  34   0    T    M    M  8.0 28 180   M    M   5 12     35 180
12  48  33  41   6  24   0    T    M    M 15.3 29 200   M    M   1 12     39 200
13  36  29  33  -3  32   0 0.83    M    M 16.2 31 340   M    M   9 126    46 340
14  34  28  31  -5  34   0    M    M    M 34.9 46 320   M    M   7 128    60 320
15  37  23  30  -6  35   0 0.00    M    M 10.3 21 310   M    M   0        29 300
16  36  26  31  -6  34   0 0.00    M    M  9.6 21 300   M    M   2        26 310
17  39  24  32  -5  33   0 0.00    M    M  5.7 12 340   M    M   2        15 340
18  44  21  33  -5  32   0 0.00    M    M  6.9 15 200   M    M   3        20 200
19  39  31  35  -3  30   0 0.00    M    M  8.8 17 330   M    M   7 8      21 320
20  46  31  39   1  26   0 0.00    M    M 12.0 22 320   M    M   0        27 320
21  57  28  43   4  22   0 0.00    M    M  4.6  9  30   M    M   0        14 340
22  58  29  44   5  21   0 0.00    M    M 10.3 21 110   M    M   0 1      27 110
================================================================================
SM  724  375       875   0  0.98    M    270.3          M       95
================================================================================
AV 32.9 17.1                              12.3 FASTST   M    M   4    MAX(MPH)
                                 MISC ---->  # 46 320               # 60  320
================================================================================
NOTES:
# LAST OF SEVERAL OCCURRENCES

COLUMN 17 PEAK WIND IN M.P.H.

PRELIMINARY LOCAL CLIMATOLOGICAL DATA (WS FORM: F-6) , PAGE 2

                                          STATION:  WINNER REGIONAL AIRPORT SD
                                          MONTH:    MARCH
                                          YEAR:     2019
                                          LATITUDE:   43 23 N
                                          LONGITUDE:  99 50 W

[TEMPERATURE DATA]      [PRECIPITATION DATA]       SYMBOLS USED IN COLUMN 16

AVERAGE MONTHLY: 25.0   TOTAL FOR MONTH:   0.98    1 = FOG OR MIST
DPTR FM NORMAL: -10.1   DPTR FM NORMAL:    0.26    2 = FOG REDUCING VISIBILITY
HIGHEST:    58 ON 22    GRTST 24HR  0.83 ON 13-13      TO 1/4 MILE OR LESS
LOWEST:    -16 ON  3                               3 = THUNDER
                        SNOW, ICE PELLETS, HAIL    4 = ICE PELLETS
                        TOTAL MONTH:    M          5 = HAIL
                        GRTST 24HR    M  ON   M    6 = FREEZING RAIN OR DRIZZLE
                        GRTST DEPTH:  M  ON   M    7 = DUSTSTORM OR SANDSTORM:
                                                       VSBY 1/2 MILE OR LESS
                                                   8 = SMOKE OR HAZE
[NO. OF DAYS WITH]      [WEATHER - DAYS WITH]      9 = BLOWING SNOW
                                                   X = TORNADO
MAX 32 OR BELOW:   9    0.01 INCH OR MORE:   5
MAX 90 OR ABOVE:   0    0.10 INCH OR MORE:   1
MIN 32 OR BELOW:  21    0.50 INCH OR MORE:   1
MIN  0 OR BELOW:   3    1.00 INCH OR MORE:   0

[HDD (BASE 65) ]
TOTAL THIS MO.   875    CLEAR  (SCALE 0-3)  11
DPTR FM NORMAL   218    PTCLDY (SCALE 4-7)   5
TOTAL FM JUL 1  6264    CLOUDY (SCALE 8-10)  6
DPTR FM NORMAL   598

[CDD (BASE 65) ]
TOTAL THIS MO.     0
DPTR FM NORMAL     0    [PRESSURE DATA]
TOTAL FM JAN 1     0    HIGHEST SLP M ON M
DPTR FM NORMAL     0    LOWEST  SLP 29.28 ON 13

[REMARKS]
