000
CXUS53 KUNR 260945
CF6ICR
PRELIMINARY LOCAL CLIMATOLOGICAL DATA (WS FORM: F-6)

                                          STATION:   WINNER REGIONAL AIRPORT SD
                                          MONTH:     MAY
                                          YEAR:      2019
                                          LATITUDE:   43 23 N
                                          LONGITUDE:  99 50 W

  TEMPERATURE IN F:       :PCPN:    SNOW:  WIND      :SUNSHINE: SKY     :PK WND
================================================================================
1   2   3   4   5  6A  6B    7    8   9   10  11  12  13   14  15   16   17  18
                                     12Z  AVG MX 2MIN
DY MAX MIN AVG DEP HDD CDD  WTR  SNW DPTH SPD SPD DIR MIN PSBL S-S WX    SPD DR
================================================================================

 1  43  32  38 -15  27   0 0.14    M    M  7.0 14 320   M    M   9 1      21 320
 2  68  31  50  -4  15   0    T    M    M 10.0 20 170   M    M   3        27 200
 3  68  42  55   1  10   0 0.00    M    M 12.5 24 180   M    M   4 8      35 200
 4  75  40  58   4   7   0 0.00    M    M  8.5 17 200   M    M   1        22 210
 5  64  39  52  -3  13   0 0.00    M    M 11.9 23  40   M    M   4        29  30
 6  49  37  43 -12  22   0 0.01    M    M  9.6 20  40   M    M   9 1      27  40
 7  46  40  43 -12  22   0 0.36    M    M 10.2 18  80   M    M  10 1      23  80
 8  48  41  45 -11  20   0 0.93    M    M 16.5 28  10   M    M  10 1      38 360
 9  55  35  45 -11  20   0 0.00    M    M 10.8 22 340   M    M   3        29 340
10  64  31  48  -8  17   0 0.00    M    M  8.7 21 180   M    M   0        29 180
11  64  46  55  -2  10   0 0.11    M    M 16.2 35 320   M    M   6 13     44 340
12  65  46  56  -1   9   0 0.00    M    M 12.3 22 320   M    M   5        29 320
13  84  46  65   8   0   0 0.05    M    M 11.0 48 310   M    M   1        64 310
14  82  49  66   8   0   1 0.03    M    M  4.6 15 330   M    M   1        21 350
15  86  52  69  11   0   4    T    M    M 12.0 24 170   M    M   0        34 150
16  78  53  66   8   0   1 0.00    M    M 13.4 26  10   M    M   0        35  10
17  63  48  56  -2   9   0 2.05    M    M 15.0 35 120   M    M   8 138    49 120
18  57  46  52  -7  13   0 0.01    M    M 16.5 24 310   M    M  10 1      31 270
19  49  39  44 -15  21   0 0.03    M    M 14.9 26 330   M    M  10 1      35 310
20  45  38  42 -17  23   0 0.48    M    M  9.3 18 110   M    M   9 1      26 110
21  48  44  46 -14  19   0 1.61    M    M 17.1 28  70   M    M  10 1      40  70
22  53  44  49 -11  16   0 0.31    M    M 11.3 23 310   M    M   9 12     29 310
23  60  40  50 -10  15   0 0.26    M    M  7.9 16 110   M    M   6 13     21 120
24  78  47  63   2   2   0 0.23    M    M 12.9 30 230   M    M   4 123    42 240
25  72  46  59  -2   6   0 0.00    M    M  9.5 21 310   M    M   0        27 310
================================================================================
SM 1564 1052       316   6  6.61    M    289.6          M      132
================================================================================
AV 62.6 42.1                              11.6 FASTST   M    M   5    MAX(MPH)
                                 MISC ---->  # 48 310               # 64  310
================================================================================
NOTES:
# LAST OF SEVERAL OCCURRENCES

COLUMN 17 PEAK WIND IN M.P.H.

PRELIMINARY LOCAL CLIMATOLOGICAL DATA (WS FORM: F-6) , PAGE 2

                                          STATION:  WINNER REGIONAL AIRPORT SD
                                          MONTH:    MAY
                                          YEAR:     2019
                                          LATITUDE:   43 23 N
                                          LONGITUDE:  99 50 W

[TEMPERATURE DATA]      [PRECIPITATION DATA]       SYMBOLS USED IN COLUMN 16

AVERAGE MONTHLY: 52.3   TOTAL FOR MONTH:   6.61    1 = FOG OR MIST
DPTR FM NORMAL:  -4.9   DPTR FM NORMAL:    3.96    2 = FOG REDUCING VISIBILITY
HIGHEST:    86 ON 15    GRTST 24HR  2.05 ON 17-17      TO 1/4 MILE OR LESS
LOWEST:     31 ON 10, 2                            3 = THUNDER
                        SNOW, ICE PELLETS, HAIL    4 = ICE PELLETS
                        TOTAL MONTH:    M          5 = HAIL
                        GRTST 24HR    M  ON   M    6 = FREEZING RAIN OR DRIZZLE
                        GRTST DEPTH:  M  ON   M    7 = DUSTSTORM OR SANDSTORM:
                                                       VSBY 1/2 MILE OR LESS
                                                   8 = SMOKE OR HAZE
[NO. OF DAYS WITH]      [WEATHER - DAYS WITH]      9 = BLOWING SNOW
                                                   X = TORNADO
MAX 32 OR BELOW:   0    0.01 INCH OR MORE:  15
MAX 90 OR ABOVE:   0    0.10 INCH OR MORE:  10
MIN 32 OR BELOW:   3    0.50 INCH OR MORE:   3
MIN  0 OR BELOW:   0    1.00 INCH OR MORE:   2

[HDD (BASE 65) ]
TOTAL THIS MO.   316    CLEAR  (SCALE 0-3)   8
DPTR FM NORMAL   102    PTCLDY (SCALE 4-7)   8
TOTAL FM JUL 1  7300    CLOUDY (SCALE 8-10)  9
DPTR FM NORMAL   682

[CDD (BASE 65) ]
TOTAL THIS MO.     6
DPTR FM NORMAL   -14    [PRESSURE DATA]
TOTAL FM JAN 1    14    HIGHEST SLP M ON M
DPTR FM NORMAL    -8    LOWEST  SLP 29.37 ON 22

[REMARKS]
