000
CXUS55 KPIH 261200
CF6IDA

PRELIMINARY LOCAL CLIMATOLOGICAL DATA (WS FORM: F-6)

                                          STATION:   IDAHO FALLS ID
                                          MONTH:     APRIL
                                          YEAR:      2018
                                          LATITUDE:   43 31 N
                                          LONGITUDE: 112  4 W

  TEMPERATURE IN F:       :PCPN:    SNOW:  WIND      :SUNSHINE: SKY     :PK WND
================================================================================
1   2   3   4   5  6A  6B    7    8   9   10  11  12  13   14  15   16   17  18
                                     12Z  AVG MX 2MIN
DY MAX MIN AVG DEP HDD CDD  WTR  SNW DPTH SPD SPD DIR MIN PSBL S-S WX    SPD DR
================================================================================

 1  53  38  46   5  19   0 0.10    M    M 15.5 32 210   M    M   6 1      44 210
 2  47  22  35  -7  30   0 0.00    M    M 21.1 47 280   M    M   5        67 280
 3  45  17  31 -11  34   0 0.00    M    M 11.3 22 210   M    M   0        31 210
 4  57   M   M   M   M   M 0.00    M    M 14.6 27 210   M    M   6        41 220
 5  57  39  48   6  17   0    T    M    M 14.1 26 210   M    M   7        38 210
 6  55  43  49   7  16   0 0.12    M    M 14.0 26 200   M    M   9 1      30 200
 7  57  38  48   5  17   0 0.40    M    M 11.6 38 250   M    M   8 13     51 250
 8  52  36  44   1  21   0    T    M    M 15.1 31 270   M    M   7        38 290
 9  53  29  41  -2  24   0 0.00    M    M 10.8 20 210   M    M   2        23 210
10  61  29  45   2  20   0    T    M    M  6.4 22 200   M    M   2        26 210
11  58  44  51   7  14   0 0.04    M    M 15.3 35 210   M    M   4        42 210
12  50  32  41  -3  24   0 0.44    M    M 17.2 45 220   M    M  10 12     55 230
13  49  30  40  -4  25   0 0.00    M    M  7.3 21 300   M    M   5        24 340
14  50  30  40  -4  25   0    T    M    M 11.8 22 210   M    M   6        31 210
15  64  33  49   5  16   0 0.00    M    M  9.0 24 210   M    M   4        29 190
16  56  33  45   0  20   0    T    M    M 17.7 39 220   M    M   5 17     49 220
17  49  29  39  -6  26   0 0.02    M    M 11.7 23 290   M    M   6 1      30 290
18  51  25  38  -7  27   0 0.00    M    M  5.8 15 200   M    M   1        20 200
19  63  34  49   3  16   0 0.00    M    M 12.7 23 360   M    M   5 8      29  10
20  67  39  53   7  12   0 0.00    M    M 14.5 25 360   M    M   0        34 350
21  68  31  50   4  15   0 0.00    M    M 11.4 20 190   M    M   0        26 220
22  71  39  55   9  10   0    T    M    M 11.0 28 290   M    M   2        37 290
23  50  35  43  -3  22   0 0.26    M    M  8.2 24  20   M    M   7 1      28  10
24  59  31  45  -2  20   0 0.00    M    M  7.8 18  20   M    M   1        22  20
25  66  29  48   1  17   0 0.00    M    M  6.9 18 230   M    M   1        28 250
================================================================================
SM 1408  785       487   0  1.38    M    302.8          M      109
================================================================================
AV 56.3 32.7                              12.1 FASTST   M    M   4    MAX(MPH)
                                 MISC ---->  # 47 280               # 67  280
================================================================================
NOTES:
# LAST OF SEVERAL OCCURRENCES
PRECIPITATION SUSPECT DURING FREEZING/FROZEN EVENTS

COLUMN 17 PEAK WIND IN M.P.H.

PRELIMINARY LOCAL CLIMATOLOGICAL DATA (WS FORM: F-6) , PAGE 2

                                          STATION:  IDAHO FALLS ID
                                          MONTH:    APRIL
                                          YEAR:     2018
                                          LATITUDE:   43 31 N
                                          LONGITUDE: 112  4 W

[TEMPERATURE DATA]      [PRECIPITATION DATA]       SYMBOLS USED IN COLUMN 16

AVERAGE MONTHLY: 44.5   TOTAL FOR MONTH:   1.38    1 = FOG OR MIST
DPTR FM NORMAL:   0.4   DPTR FM NORMAL:    0.49    2 = FOG REDUCING VISIBILITY
HIGHEST:    71 ON 22    GRTST 24HR  0.44 ON 12-12      TO 1/4 MILE OR LESS
LOWEST:     17 ON  3                               3 = THUNDER
                        SNOW, ICE PELLETS, HAIL    4 = ICE PELLETS
                        TOTAL MONTH:    M          5 = HAIL
                        GRTST 24HR    M  ON   M    6 = FREEZING RAIN OR DRIZZLE
                        GRTST DEPTH:  M  ON   M    7 = DUSTSTORM OR SANDSTORM:
                                                       VSBY 1/2 MILE OR LESS
                                                   8 = SMOKE OR HAZE
[NO. OF DAYS WITH]      [WEATHER - DAYS WITH]      9 = BLOWING SNOW
                                                   X = TORNADO
MAX 32 OR BELOW:   0    0.01 INCH OR MORE:   7
MAX 90 OR ABOVE:   0    0.10 INCH OR MORE:   5
MIN 32 OR BELOW:  12    0.50 INCH OR MORE:   0
MIN  0 OR BELOW:   0    1.00 INCH OR MORE:   0

[HDD (BASE 65) ]
TOTAL THIS MO.   487    CLEAR  (SCALE 0-3)   9
DPTR FM NORMAL   -37    PTCLDY (SCALE 4-7)  14
TOTAL FM JUL 1  6697    CLOUDY (SCALE 8-10)  2
DPTR FM NORMAL  -531

[CDD (BASE 65) ]
TOTAL THIS MO.     0
DPTR FM NORMAL     0    [PRESSURE DATA]
TOTAL FM JAN 1     0    HIGHEST SLP M ON M
DPTR FM NORMAL     0    LOWEST  SLP 29.46 ON 16

[REMARKS]
