000
CXUS55 KPIH 201200
CF6IDA

PRELIMINARY LOCAL CLIMATOLOGICAL DATA (WS FORM: F-6)

                                          STATION:   IDAHO FALLS ID
                                          MONTH:     MAY
                                          YEAR:      2019
                                          LATITUDE:   43 31 N
                                          LONGITUDE: 112  4 W

  TEMPERATURE IN F:       :PCPN:    SNOW:  WIND      :SUNSHINE: SKY     :PK WND
================================================================================
1   2   3   4   5  6A  6B    7    8   9   10  11  12  13   14  15   16   17  18
                                     12Z  AVG MX 2MIN
DY MAX MIN AVG DEP HDD CDD  WTR  SNW DPTH SPD SPD DIR MIN PSBL S-S WX    SPD DR
================================================================================

 1  51  20  36 -13  29   0 0.00    M    M  9.1 25 220   M    M   2        30 220
 2  59  31  45  -4  20   0 0.00    M    M 15.2 39 230   M    M   3 8      49 220
 3  63  22  43  -6  22   0 0.00    M    M  9.0 20 220   M    M   0        26 210
 4  70  30  50   0  15   0 0.00    M    M 11.0 23 240   M    M   3        29 230
 5  72  34  53   3  12   0 0.00    M    M 10.9 22 230   M    M   2        26 220
 6  73  33  53   3  12   0 0.00    M    M  5.5 21 340   M    M   3        25 310
 7  55  43  49  -1  16   0 0.31    M    M  5.8 23 340   M    M   8 18     28 340
 8  62  34  48  -3  17   0 0.00    M    M 14.1 26  30   M    M   3        33  30
 9  56  32  44  -7  21   0    T    M    M  7.6 26  70   M    M   5        33  70
10  65  26  46  -5  19   0 0.00    M    M  4.3 12  10   M    M   0        18  20
11  72  33  53   1  12   0 0.00    M    M  6.2 17 200   M    M   0        21 210
12  77  42  60   8   5   0 0.00    M    M 11.3 23 210   M    M   0        28 210
13  79  43  61   9   4   0 0.00    M    M 10.0 31 250   M    M   0 8      38 250
14  79  44  62  10   3   0    T    M    M  8.8 36 210   M    M   3 8      48 200
15  77  50  64  11   1   0    T    M    M  6.9 28 170   M    M   4        37 170
16  73  44  59   6   6   0 0.13    M    M 12.0 30 210   M    M   7 1      35 170
17  50  41  46  -7  19   0 0.10    M    M 13.7 23 220   M    M  10 1      26 230
18  55  41  48  -6  17   0 0.03    M    M 11.1 20 240   M    M   9 1      24 220
19  56  35  46  -8  19   0 0.63    M    M  6.6 18 140   M    M   8 13     24 140
================================================================================
SM 1244  678       269   0  1.20    M    179.1          M       70
================================================================================
AV 65.5 35.7                               9.4 FASTST   M    M   4    MAX(MPH)
                                 MISC ---->  # 39 230               # 49  220
================================================================================
NOTES:
# LAST OF SEVERAL OCCURRENCES
PRECIPITATION SUSPECT DURING FREEZING/FROZEN EVENTS

COLUMN 17 PEAK WIND IN M.P.H.

PRELIMINARY LOCAL CLIMATOLOGICAL DATA (WS FORM: F-6) , PAGE 2

                                          STATION:  IDAHO FALLS ID
                                          MONTH:    MAY
                                          YEAR:     2019
                                          LATITUDE:   43 31 N
                                          LONGITUDE: 112  4 W

[TEMPERATURE DATA]      [PRECIPITATION DATA]       SYMBOLS USED IN COLUMN 16

AVERAGE MONTHLY: 50.6   TOTAL FOR MONTH:   1.20    1 = FOG OR MIST
DPTR FM NORMAL:  -0.7   DPTR FM NORMAL:    0.30    2 = FOG REDUCING VISIBILITY
HIGHEST:    79 ON 14,13 GRTST 24HR  0.63 ON 19-19      TO 1/4 MILE OR LESS
LOWEST:     20 ON  1                               3 = THUNDER
                        SNOW, ICE PELLETS, HAIL    4 = ICE PELLETS
                        TOTAL MONTH:    M          5 = HAIL
                        GRTST 24HR    M  ON   M    6 = FREEZING RAIN OR DRIZZLE
                        GRTST DEPTH:  M  ON   M    7 = DUSTSTORM OR SANDSTORM:
                                                       VSBY 1/2 MILE OR LESS
                                                   8 = SMOKE OR HAZE
[NO. OF DAYS WITH]      [WEATHER - DAYS WITH]      9 = BLOWING SNOW
                                                   X = TORNADO
MAX 32 OR BELOW:   0    0.01 INCH OR MORE:   5
MAX 90 OR ABOVE:   0    0.10 INCH OR MORE:   4
MIN 32 OR BELOW:   6    0.50 INCH OR MORE:   1
MIN  0 OR BELOW:   0    1.00 INCH OR MORE:   0

[HDD (BASE 65) ]
TOTAL THIS MO.   269    CLEAR  (SCALE 0-3)  11
DPTR FM NORMAL     8    PTCLDY (SCALE 4-7)   6
TOTAL FM JUL 1  7623    CLOUDY (SCALE 8-10)  2
DPTR FM NORMAL    49

[CDD (BASE 65) ]
TOTAL THIS MO.     0
DPTR FM NORMAL     0    [PRESSURE DATA]
TOTAL FM JAN 1     0    HIGHEST SLP M ON M
DPTR FM NORMAL     0    LOWEST  SLP 29.41 ON 16

[REMARKS]
