000
CXUS55 KPIH 191200
CF6IDA

PRELIMINARY LOCAL CLIMATOLOGICAL DATA (WS FORM: F-6)

                                          STATION:   IDAHO FALLS ID
                                          MONTH:     MARCH
                                          YEAR:      2019
                                          LATITUDE:   43 31 N
                                          LONGITUDE: 112  4 W

  TEMPERATURE IN F:       :PCPN:    SNOW:  WIND      :SUNSHINE: SKY     :PK WND
================================================================================
1   2   3   4   5  6A  6B    7    8   9   10  11  12  13   14  15   16   17  18
                                     12Z  AVG MX 2MIN
DY MAX MIN AVG DEP HDD CDD  WTR  SNW DPTH SPD SPD DIR MIN PSBL S-S WX    SPD DR
================================================================================

 1  33  23  28  -2  37   0 0.00    M    M  8.8 23 210   M    M   3        30 210
 2  31  15  23  -7  42   0 0.00    M    M  5.5 13 340   M    M   1        16 330
 3  27  11  19 -12  46   0    T    M    M  9.6 17  30   M    M   3        22 360
 4  27   7  17 -14  48   0 0.00    M    M  6.1 12 360   M    M   2 1      13 360
 5  35  13  24  -8  41   0 0.01    M    M  8.8 16 360   M    M   6 1      21 360
 6  41  27  34   2  31   0 0.14    M    M  5.5 16 210   M    M   9 128    19 210
 7  44  33  39   7  26   0    T    M    M 12.9 21 210   M    M   5 1      28 220
 8  35  27  31  -2  34   0 0.03    M    M  9.3 18 210   M    M   9 1      29 230
 9  34  23  29  -4  36   0    T    M    M 12.4 23 210   M    M   2        29 220
10  38  18  28  -6  37   0 0.00    M    M  7.9 14 360   M    M   1        18  10
11  40  16  28  -6  37   0 0.00    M    M  6.3 15 350   M    M   0        18 360
12  44  19  32  -3  33   0 0.00    M    M  6.0 12 350   M    M   1        16 360
13  38  27  33  -2  32   0    T    M    M 14.5 25 330   M    M   9 1      30 330
14  38  21  30  -6  35   0 0.00    M    M  5.4 18 220   M    M   3        22 210
15  40  22  31  -5  34   0 0.00    M    M  6.3 14 260   M    M   1        18 290
16  44  21  33  -3  32   0 0.00    M    M  5.4  9  20   M    M   0        13 330
17  47  23  35  -2  30   0 0.00    M    M  5.9 12 330   M    M   0        15 320
18  50  24  37   0  28   0 0.00    M    M  8.1 16  20   M    M   0        20  10
================================================================================
SM  686  370       639   0  0.18    M    144.7          M       55
================================================================================
AV 38.1 20.6                               8.0 FASTST   M    M   3    MAX(MPH)
                                 MISC ---->  # 25 330               # 30  210
================================================================================
NOTES:
# LAST OF SEVERAL OCCURRENCES
PRECIPITATION SUSPECT DURING FREEZING/FROZEN EVENTS

COLUMN 17 PEAK WIND IN M.P.H.

PRELIMINARY LOCAL CLIMATOLOGICAL DATA (WS FORM: F-6) , PAGE 2

                                          STATION:  IDAHO FALLS ID
                                          MONTH:    MARCH
                                          YEAR:     2019
                                          LATITUDE:   43 31 N
                                          LONGITUDE: 112  4 W

[TEMPERATURE DATA]      [PRECIPITATION DATA]       SYMBOLS USED IN COLUMN 16

AVERAGE MONTHLY: 29.3   TOTAL FOR MONTH:   0.18    1 = FOG OR MIST
DPTR FM NORMAL:  -4.2   DPTR FM NORMAL:   -0.32    2 = FOG REDUCING VISIBILITY
HIGHEST:    50 ON 18    GRTST 24HR  0.14 ON  6- 6      TO 1/4 MILE OR LESS
LOWEST:      7 ON  4                               3 = THUNDER
                        SNOW, ICE PELLETS, HAIL    4 = ICE PELLETS
                        TOTAL MONTH:    M          5 = HAIL
                        GRTST 24HR    M  ON   M    6 = FREEZING RAIN OR DRIZZLE
                        GRTST DEPTH:  M  ON   M    7 = DUSTSTORM OR SANDSTORM:
                                                       VSBY 1/2 MILE OR LESS
                                                   8 = SMOKE OR HAZE
[NO. OF DAYS WITH]      [WEATHER - DAYS WITH]      9 = BLOWING SNOW
                                                   X = TORNADO
MAX 32 OR BELOW:   3    0.01 INCH OR MORE:   3
MAX 90 OR ABOVE:   0    0.10 INCH OR MORE:   1
MIN 32 OR BELOW:  17    0.50 INCH OR MORE:   0
MIN  0 OR BELOW:   0    1.00 INCH OR MORE:   0

[HDD (BASE 65) ]
TOTAL THIS MO.   639    CLEAR  (SCALE 0-3)  13
DPTR FM NORMAL    72    PTCLDY (SCALE 4-7)   2
TOTAL FM JUL 1  6524    CLOUDY (SCALE 8-10)  3
DPTR FM NORMAL   155

[CDD (BASE 65) ]
TOTAL THIS MO.     0
DPTR FM NORMAL     0    [PRESSURE DATA]
TOTAL FM JAN 1     0    HIGHEST SLP M ON M
DPTR FM NORMAL     0    LOWEST  SLP 29.57 ON 12

[REMARKS]
