000
CXUS53 KUNR 180945
CF6IEN
PRELIMINARY LOCAL CLIMATOLOGICAL DATA (WS FORM: F-6)

                                          STATION:   PINE RIDGE SD
                                          MONTH:     MARCH
                                          YEAR:      2019
                                          LATITUDE:   43  1 N
                                          LONGITUDE: 102 31 W

  TEMPERATURE IN F:       :PCPN:    SNOW:  WIND      :SUNSHINE: SKY     :PK WND
================================================================================
1   2   3   4   5  6A  6B    7    8   9   10  11  12  13   14  15   16   17  18
                                     12Z  AVG MX 2MIN
DY MAX MIN AVG DEP HDD CDD  WTR  SNW DPTH SPD SPD DIR MIN PSBL S-S WX    SPD DR
================================================================================

 1  28   7  18 -13  47   0    T    M    M  7.5 15  20   M    M   7        23 340
 2  15  -7   4 -27  61   0 0.07    M    M 10.2 23  20   M    M   9        32  20
 3   4 -22  -9 -41  74   0 0.00    M    M  3.5 15 240   M    M   2        18 280
 4  14 -17  -1 -33  66   0 0.00    M    M  9.2 18 270   M    M   0        24 280
 5  26 -10   8 -24  57   0 0.00    M    M  6.8 17 260   M    M   0        23 250
 6  23   5  14 -19  51   0 0.08    M    M  8.4 18  80   M    M   7 1      26  70
 7  28  12  20 -13  45   0 0.10    M    M  9.2 21  80   M    M   7 18     28  80
 8  35   4  20 -14  45   0 0.30    M    M  6.6 16  80   M    M   4 128    22  90
 9  33  -2  16 -18  49   0 0.10    M    M  8.9 24 340   M    M   7 18     36 340
10  39  -9  15 -19  50   0 0.00    M    M  3.2 10  30   M    M   1 128    13  20
11  45  -1  22 -13  43   0 0.00    M    M  6.7 23 190   M    M   1 128    32 190
12  54  29  42   7  23   0 0.00    M    M  6.5 21 190   M    M   0        29 200
13  37  27  32  -3  33   0 1.08    M    M 21.8 38 340   M    M  10 128    59 320
14  35  11  23 -13  42   0 0.02    M    M 21.4 40 340   M    M   4 1      65 330
15  37   8  23 -13  42   0 0.00    M    M  5.2 13 240   M    M   1        16 250
16  41  21  31  -6  34   0 0.00    M    M  3.6 13 240   M    M   2        17 260
17  44  20  32  -5  33   0 0.00    M    M  5.7 15  10   M    M   0        20 360
================================================================================
SM  538   76       795   0  1.75    M    144.4          M       62
================================================================================
AV 31.7  4.5                               8.5 FASTST   M    M   4    MAX(MPH)
                                 MISC ---->  # 40 340               # 65  330
================================================================================
NOTES:
# LAST OF SEVERAL OCCURRENCES

COLUMN 17 PEAK WIND IN M.P.H.

PRELIMINARY LOCAL CLIMATOLOGICAL DATA (WS FORM: F-6) , PAGE 2

                                          STATION:  PINE RIDGE SD
                                          MONTH:    MARCH
                                          YEAR:     2019
                                          LATITUDE:   43  1 N
                                          LONGITUDE: 102 31 W

[TEMPERATURE DATA]      [PRECIPITATION DATA]       SYMBOLS USED IN COLUMN 16

AVERAGE MONTHLY: 18.1   TOTAL FOR MONTH:   1.75    1 = FOG OR MIST
DPTR FM NORMAL: -15.9   DPTR FM NORMAL:    1.37    2 = FOG REDUCING VISIBILITY
HIGHEST:    54 ON 12    GRTST 24HR  1.08 ON 13-13      TO 1/4 MILE OR LESS
LOWEST:    -22 ON  3                               3 = THUNDER
                        SNOW, ICE PELLETS, HAIL    4 = ICE PELLETS
                        TOTAL MONTH:    M          5 = HAIL
                        GRTST 24HR    M  ON   M    6 = FREEZING RAIN OR DRIZZLE
                        GRTST DEPTH:  M  ON   M    7 = DUSTSTORM OR SANDSTORM:
                                                       VSBY 1/2 MILE OR LESS
                                                   8 = SMOKE OR HAZE
[NO. OF DAYS WITH]      [WEATHER - DAYS WITH]      9 = BLOWING SNOW
                                                   X = TORNADO
MAX 32 OR BELOW:   7    0.01 INCH OR MORE:   7
MAX 90 OR ABOVE:   0    0.10 INCH OR MORE:   4
MIN 32 OR BELOW:  17    0.50 INCH OR MORE:   1
MIN  0 OR BELOW:   7    1.00 INCH OR MORE:   1

[HDD (BASE 65) ]
TOTAL THIS MO.   795    CLEAR  (SCALE 0-3)   9
DPTR FM NORMAL   267    PTCLDY (SCALE 4-7)   6
TOTAL FM JUL 1  5989    CLOUDY (SCALE 8-10)  2
DPTR FM NORMAL   111

[CDD (BASE 65) ]
TOTAL THIS MO.     0
DPTR FM NORMAL     0    [PRESSURE DATA]
TOTAL FM JAN 1     0    HIGHEST SLP M ON M
DPTR FM NORMAL     0    LOWEST  SLP 29.28 ON 13

[REMARKS]
