000
CXUS53 KUNR 260945
CF6IEN
PRELIMINARY LOCAL CLIMATOLOGICAL DATA (WS FORM: F-6)

                                          STATION:   PINE RIDGE SD
                                          MONTH:     MAY
                                          YEAR:      2019
                                          LATITUDE:   43  1 N
                                          LONGITUDE: 102 31 W

  TEMPERATURE IN F:       :PCPN:    SNOW:  WIND      :SUNSHINE: SKY     :PK WND
================================================================================
1   2   3   4   5  6A  6B    7    8   9   10  11  12  13   14  15   16   17  18
                                     12Z  AVG MX 2MIN
DY MAX MIN AVG DEP HDD CDD  WTR  SNW DPTH SPD SPD DIR MIN PSBL S-S WX    SPD DR
================================================================================

 1  44  25  35 -15  30   0 0.18    M    M  6.8 15 290   M    M   7 16     20 280
 2  65  25  45  -6  20   0 0.01    M    M 10.9 36 230   M    M   2        46 230
 3  62  38  50  -1  15   0 0.00    M    M  6.5 26 200   M    M   4        40 180
 4  73  35  54   2  11   0 0.00    M    M  6.3 15  20   M    M   1        23  70
 5  60  39  50  -2  15   0 0.00    M    M 12.6 20  80   M    M   2        28  60
 6  41  37  39 -13  26   0 0.05    M    M  9.0 17  80   M    M  10 1      24  80
 7  44  38  41 -11  24   0 0.36    M    M  8.1 17 100   M    M  10 1      24 100
 8  41  38  40 -13  25   0 0.18    M    M 11.3 23 350   M    M  10 1      34 360
 9  52  29  41 -12  24   0 0.01    M    M  6.7 16 360   M    M   4 1      23 360
10  61  27  44 -10  21   0 0.11    M    M 10.0 26 240   M    M   3        40 250
11  56  35  46  -8  19   0 0.29    M    M  7.7 23 360   M    M   5 13     34 360
12  66  31  49  -5  16   0 0.00    M    M  3.9 14 350   M    M   0        20  10
13  80  40  60   5   5   0 0.12    M    M  5.0 30 360   M    M   1 38     44  10
14  82  39  61   6   4   0 0.01    M    M  6.7 20  80   M    M   0        27  80
15  86  50  68  13   0   3    T    M    M  8.2 24 190   M    M   0        35 140
16  76  49  63   7   2   0    T    M    M 13.8 26  80   M    M   1        37  80
17  52  43  48  -8  17   0 0.16    M    M 10.6 25  50   M    M  10 138    37  60
18  48  34  41 -15  24   0 0.02    M    M 11.2 20 310   M    M  10 1      26 330
19  44  34  39 -18  26   0 0.01    M    M  9.7 18 350   M    M   9 1      26 330
20  41  37  39 -18  26   0 0.75    M    M 10.8 16  90   M    M   8 1      24  90
21  42  34  38 -19  27   0 1.49    M    M 12.7 20  30   M    M  10 1      28  40
22  49  33  41 -17  24   0 0.19    M    M  9.6 20 310   M    M  10 1      27 310
23  61  33  47 -11  18   0 0.16    M    M  7.6 22 130   M    M   7 1      28 140
24  73  39  56  -2   9   0 0.00    M    M 13.3 32 240   M    M   2        43 240
25  74  35  55  -4  10   0    T    M    M  5.9 18  30   M    M   1        25  10
================================================================================
SM 1473  897       438   3  4.10    M    224.9          M      127
================================================================================
AV 58.9 35.9                               9.0 FASTST   M    M   5    MAX(MPH)
                                 MISC ---->  # 36 230               # 46  230
================================================================================
NOTES:
# LAST OF SEVERAL OCCURRENCES

COLUMN 17 PEAK WIND IN M.P.H.

PRELIMINARY LOCAL CLIMATOLOGICAL DATA (WS FORM: F-6) , PAGE 2

                                          STATION:  PINE RIDGE SD
                                          MONTH:    MAY
                                          YEAR:     2019
                                          LATITUDE:   43  1 N
                                          LONGITUDE: 102 31 W

[TEMPERATURE DATA]      [PRECIPITATION DATA]       SYMBOLS USED IN COLUMN 16

AVERAGE MONTHLY: 47.4   TOTAL FOR MONTH:   4.10    1 = FOG OR MIST
DPTR FM NORMAL:  -7.2   DPTR FM NORMAL:    2.07    2 = FOG REDUCING VISIBILITY
HIGHEST:    86 ON 15    GRTST 24HR  1.49 ON 21-21      TO 1/4 MILE OR LESS
LOWEST:     25 ON  2, 1                            3 = THUNDER
                        SNOW, ICE PELLETS, HAIL    4 = ICE PELLETS
                        TOTAL MONTH:    M          5 = HAIL
                        GRTST 24HR    M  ON   M    6 = FREEZING RAIN OR DRIZZLE
                        GRTST DEPTH:  M  ON   M    7 = DUSTSTORM OR SANDSTORM:
                                                       VSBY 1/2 MILE OR LESS
                                                   8 = SMOKE OR HAZE
[NO. OF DAYS WITH]      [WEATHER - DAYS WITH]      9 = BLOWING SNOW
                                                   X = TORNADO
MAX 32 OR BELOW:   0    0.01 INCH OR MORE:  17
MAX 90 OR ABOVE:   0    0.10 INCH OR MORE:  11
MIN 32 OR BELOW:   5    0.50 INCH OR MORE:   2
MIN  0 OR BELOW:   0    1.00 INCH OR MORE:   1

[HDD (BASE 65) ]
TOTAL THIS MO.   438    CLEAR  (SCALE 0-3)  11
DPTR FM NORMAL   170    PTCLDY (SCALE 4-7)   6
TOTAL FM JUL 1  7337    CLOUDY (SCALE 8-10)  8
DPTR FM NORMAL   249

[CDD (BASE 65) ]
TOTAL THIS MO.     3
DPTR FM NORMAL    -5    [PRESSURE DATA]
TOTAL FM JAN 1     3    HIGHEST SLP M ON M
DPTR FM NORMAL    -5    LOWEST  SLP 29.37 ON 22

[REMARKS]
