000
CXUS53 KIND 200730
CF6IND
PRELIMINARY LOCAL CLIMATOLOGICAL DATA (WS FORM: F-6)

                                          STATION:   INDIANAPOLIS IN
                                          MONTH:     MAY
                                          YEAR:      2019
                                          LATITUDE:   39 43 N
                                          LONGITUDE:  86 17 W

  TEMPERATURE IN F:       :PCPN:    SNOW:  WIND      :SUNSHINE: SKY     :PK WND
================================================================================
1   2   3   4   5  6A  6B    7    8   9   10  11  12  13   14  15   16   17  18
                                     12Z  AVG MX 2MIN
DY MAX MIN AVG DEP HDD CDD  WTR  SNW DPTH SPD SPD DIR MIN PSBL S-S WX    SPD DR
================================================================================

 1  74  58  66   8   0   1 0.19  0.0    0 13.2 28 210   M    M   9 12     39 210
 2  71  55  63   5   2   0 0.12  0.0    0  5.4 15 260   M    M  10 123    21 220
 3  63  52  58  -1   7   0 0.13  0.0    0  7.4 14  20   M    M  10 1      16 330
 4  58  49  54  -5  11   0 0.33  0.0    0  8.6 15  30   M    M  10 1      19  30
 5  71  45  58  -1   7   0 0.00  0.0    0  5.6 14  10   M    M   5        19  20
 6  76  49  63   3   2   0 0.00  0.0    0  6.8 15 260   M    M   4        20 260
 7  78  53  66   6   0   1 0.00  0.0    0  6.0 18  30   M    M   7        23  50
 8  81  51  66   6   0   1 0.00  0.0    0 12.6 22 130   M    M   6        29 140
 9  74  56  65   5   0   0 0.30  0.0    0 15.1 24 220   M    M   9 1      34 210
10  56  46  51 -10  14   0 0.00  0.0    0  9.0 15 300   M    M   9        19 300
11  60  40  50 -11  15   0 0.23  0.0    0 11.2 22  60   M    M   6 1      31  60
12  49  44  47 -14  18   0 0.03  0.0    0  7.5 16  40   M    M  10 1      21  40
13  58  44  51 -11  14   0 0.01  0.0    0  9.6 17 280   M    M   8 1      23 320
14  69  41  55  -7  10   0 0.00  0.0    0  3.4 14 280   M    M   3 1      17 280
15  72  50  61  -1   4   0 0.00  0.0    0  5.9 14 220   M    M   7        18 190
16  77  54  66   3   0   1 0.67  0.0    0  9.8 31 350   M    M   6 13     42 320
17  83  62  73  10   0   8 0.16  0.0    0  6.9 17 270   M    M   7 3      23 270
18  85  63  74  11   0   9 0.00  0.0    0 10.7 25 210   M    M   5        32 210
19  74  61  68   4   0   3 0.41  0.0    0 13.6 41 230   M    M   8 13     54 230
================================================================================
SM 1329  973       104  24  2.58     0.0 168.3          M      139
================================================================================
AV 70.0 51.2                               8.9 FASTST   M    M   7    MAX(MPH)
                                 MISC ---->  # 41 230               # 54  230
================================================================================
NOTES:
# LAST OF SEVERAL OCCURRENCES

COLUMN 17 PEAK WIND IN M.P.H.

PRELIMINARY LOCAL CLIMATOLOGICAL DATA (WS FORM: F-6) , PAGE 2

                                          STATION:  INDIANAPOLIS IN
                                          MONTH:    MAY
                                          YEAR:     2019
                                          LATITUDE:   39 43 N
                                          LONGITUDE:  86 17 W

[TEMPERATURE DATA]      [PRECIPITATION DATA]       SYMBOLS USED IN COLUMN 16

AVERAGE MONTHLY: 60.6   TOTAL FOR MONTH:   2.58    1 = FOG OR MIST
DPTR FM NORMAL:  -0.2   DPTR FM NORMAL:   -0.54    2 = FOG REDUCING VISIBILITY
HIGHEST:    85 ON 18    GRTST 24HR  0.67 ON 16-16      TO 1/4 MILE OR LESS
LOWEST:     40 ON 11                               3 = THUNDER
                        SNOW, ICE PELLETS, HAIL    4 = ICE PELLETS
                        TOTAL MONTH:   0.0 INCH    5 = HAIL
                        GRTST 24HR     0.0         6 = FREEZING RAIN OR DRIZZLE
                        GRTST DEPTH:   0           7 = DUSTSTORM OR SANDSTORM:
                                                       VSBY 1/2 MILE OR LESS
                                                   8 = SMOKE OR HAZE
[NO. OF DAYS WITH]      [WEATHER - DAYS WITH]      9 = BLOWING SNOW
                                                   X = TORNADO
MAX 32 OR BELOW:   0    0.01 INCH OR MORE:  11
MAX 90 OR ABOVE:   0    0.10 INCH OR MORE:   9
MIN 32 OR BELOW:   0    0.50 INCH OR MORE:   1
MIN  0 OR BELOW:   0    1.00 INCH OR MORE:   0

[HDD (BASE 65) ]
TOTAL THIS MO.   104    CLEAR  (SCALE 0-3)   1
DPTR FM NORMAL    -3    PTCLDY (SCALE 4-7)  11
TOTAL FM JUL 1  5355    CLOUDY (SCALE 8-10)  7
DPTR FM NORMAL    26

[CDD (BASE 65) ]
TOTAL THIS MO.    24
DPTR FM NORMAL    -4    [PRESSURE DATA]
TOTAL FM JAN 1    25    HIGHEST SLP M ON M
DPTR FM NORMAL   -18    LOWEST  SLP 29.70 ON 19

[REMARKS]
