000
CXUS53 KDLH 260650
CF6INL
PRELIMINARY LOCAL CLIMATOLOGICAL DATA (WS FORM: F-6)

                                          STATION:   INTERNATIONAL FALLS
                                          MONTH:     MARCH
                                          YEAR:      2019
                                          LATITUDE:   48 34 N
                                          LONGITUDE:  93 23 W

  TEMPERATURE IN F:       :PCPN:    SNOW:  WIND      :SUNSHINE: SKY     :PK WND
================================================================================
1   2   3   4   5  6A  6B    7    8   9   10  11  12  13   14  15   16   17  18
                                     12Z  AVG MX 2MIN
DY MAX MIN AVG DEP HDD CDD  WTR  SNW DPTH SPD SPD DIR MIN PSBL S-S WX    SPD DR
================================================================================

 1  15 -10   3 -13  62   0 0.00  0.0   22  3.3  9  20   M    M   7        12  30
 2   6 -22  -8 -25  73   0 0.00  0.0   22  8.7 22 300   M    M   1 8      28 270
 3  -2 -23 -12 -29  77   0    T    T   22  7.7 15 270   M    M   4 18     19 280
 4  10 -14  -2 -20  67   0 0.02  0.2   22  8.7 17 270   M    M   9 189    23 270
 5  11 -14  -1 -19  66   0    T    T   21  9.5 22 320   M    M   5 18     27 320
 6  13 -16  -1 -20  66   0 0.00  0.0   21  7.4 21 330   M    M   7 18     25 330
 7  22 -26  -2 -21  67   0 0.00  0.0   21  2.3 10 270   M    M   0        13 290
 8  27   0  14  -6  51   0 0.00  0.0   20  3.8  9 140   M    M   8 8      11 140
 9  36  26  31  11  34   0 0.32  3.5   20  6.7 15 140   M    M  10 128    19 140
10  30  10  20   0  45   0 0.14  1.2   25 12.2 21 300   M    M   9 18     27 280
11  29   1  15  -6  50   0 0.00  0.0   24  6.7 13 230   M    M   0        17 230
12  47  19  33  11  32   0 0.00  0.0   24  8.1 20 210   M    M   3 1      27 210
13  41  35  38  16  27   0 0.26  0.0   21  6.8 14  30   M    M   8 1      19  30
14  36  27  32  10  33   0 0.05  0.3   18 13.8 30 340   M    M  10 1      40 340
15  29  22  26   3  39   0 0.01    T   17 14.1 25 330   M    M  10 1      33 330
16  33   7  20  -4  45   0 0.00  0.0   17  5.2 12 300   M    M   1        17 290
17  38   1  20  -4  45   0    T    T   17  2.9 14 280   M    M   5 12     17 270
18  43  18  31   7  34   0    T  0.1   17  6.4 14 240   M    M   7 1      20 230
19  38  22  30   5  35   0 0.00  0.0   17  8.1 14 260   M    M   7        20 250
20  42  26  34   8  31   0 0.00  0.0   17  7.7 16 360   M    M   8        24 350
21  48  25  37  11  28   0 0.00  0.0   16 11.0 24 330   M    M   0        30 330
22  42  17  30   3  35   0 0.00  0.0   16  4.6 12  40   M    M   0        15  70
23  54  14  34   7  31   0 0.00  0.0   16  8.3 20 250   M    M   0        28 240
24  34  16  25  -3  40   0 0.00  0.0   12 10.0 17  40   M    M   2        23  40
25  38   5  22  -6  43   0 0.00  0.0   11  2.7 12 280   M    M   0        16 300
================================================================================
SM  760  166      1156   0  0.80     5.3 186.7          M      121
================================================================================
AV 30.4  6.6                               7.5 FASTST   M    M   5    MAX(MPH)
                                 MISC ---->  # 30 340               # 40  340
================================================================================
NOTES:
# LAST OF SEVERAL OCCURRENCES

COLUMN 17 PEAK WIND IN M.P.H.

PRELIMINARY LOCAL CLIMATOLOGICAL DATA (WS FORM: F-6) , PAGE 2

                                          STATION:  INTERNATIONAL FALLS
                                          MONTH:    MARCH
                                          YEAR:     2019
                                          LATITUDE:   48 34 N
                                          LONGITUDE:  93 23 W

[TEMPERATURE DATA]      [PRECIPITATION DATA]       SYMBOLS USED IN COLUMN 16

AVERAGE MONTHLY: 18.5   TOTAL FOR MONTH:   0.80    1 = FOG OR MIST
DPTR FM NORMAL:  -3.6   DPTR FM NORMAL:    0.08    2 = FOG REDUCING VISIBILITY
HIGHEST:    54 ON 23    GRTST 24HR  0.32 ON  9- 9      TO 1/4 MILE OR LESS
LOWEST:    -26 ON  7                               3 = THUNDER
                        SNOW, ICE PELLETS, HAIL    4 = ICE PELLETS
                        TOTAL MONTH:   5.3 INCHES  5 = HAIL
                        GRTST 24HR   3.5 ON  9- 9  6 = FREEZING RAIN OR DRIZZLE
                        GRTST DEPTH:  25 ON 10     7 = DUSTSTORM OR SANDSTORM:
                                                       VSBY 1/2 MILE OR LESS
                                                   8 = SMOKE OR HAZE
[NO. OF DAYS WITH]      [WEATHER - DAYS WITH]      9 = BLOWING SNOW
                                                   X = TORNADO
MAX 32 OR BELOW:  11    0.01 INCH OR MORE:   6
MAX 90 OR ABOVE:   0    0.10 INCH OR MORE:   3
MIN 32 OR BELOW:  24    0.50 INCH OR MORE:   0
MIN  0 OR BELOW:   8    1.00 INCH OR MORE:   0

[HDD (BASE 65) ]
TOTAL THIS MO.  1156    CLEAR  (SCALE 0-3)  10
DPTR FM NORMAL    86    PTCLDY (SCALE 4-7)   9
TOTAL FM JUL 1  9039    CLOUDY (SCALE 8-10)  6
DPTR FM NORMAL   386

[CDD (BASE 65) ]
TOTAL THIS MO.     0
DPTR FM NORMAL     0    [PRESSURE DATA]
TOTAL FM JAN 1     0    HIGHEST SLP M ON M
DPTR FM NORMAL     0    LOWEST  SLP 29.28 ON 14

[REMARKS]
