000
CXUS56 KFGZ 170900
CF6INW
PRELIMINARY LOCAL CLIMATOLOGICAL DATA (WS FORM: F-6)

                                          STATION:   WINSLOW AZ AIRPORT
                                          MONTH:     JUNE
                                          YEAR:      2019
                                          LATITUDE:   35  1 N
                                          LONGITUDE: 110 44 W

  TEMPERATURE IN F:       :PCPN:    SNOW:  WIND      :SUNSHINE: SKY     :PK WND
================================================================================
1   2   3   4   5  6A  6B    7    8   9   10  11  12  13   14  15   16   17  18
                                     12Z  AVG MX 2MIN
DY MAX MIN AVG DEP HDD CDD  WTR  SNW DPTH SPD SPD DIR MIN PSBL S-S WX    SPD DR
================================================================================

 1  88  50  69   1   0   4 0.00    M    M 10.3 26 200   M    M   0        35 170
 2  87  51  69   1   0   4 0.00  0.0    0  9.8 25 180   M    M   1        39 200
 3  89  49  69   0   0   4 0.00  0.0    0  8.3 24 200   M    M   0        29 200
 4  85  48  67  -2   0   2 0.00    M    M  8.8 37 240   M    M   0        44 240
 5  91  49  70   1   0   5 0.00    M    M  7.4 22 260   M    M   1        27 260
 6  93  56  75   5   0  10 0.00    M    M  9.3 23 240   M    M   0        29 240
 7  92  57  75   5   0  10 0.00    M    M 10.3 26 220   M    M   1 8      33 230
 8  91  51  71   1   0   6 0.00    M    M  9.9 22 220   M    M   0 8      31 220
 9  87  56  72   1   0   7 0.00    M    M  9.7 17 310   M    M   0 8      22 320
10  93  48  71   0   0   6 0.00    M    M  6.2 23 260   M    M   0        28 260
11  95  57  76   5   0  11 0.00    M    M  7.0 16 270   M    M   0 8      22 350
12  99  54  77   5   0  12 0.00    M    M  7.9 26 250   M    M   0 8      33 250
13  97  57  77   5   0  12 0.00    M    M  8.6 26 260   M    M   0 8      35 220
14  93  60  77   5   0  12 0.00    M    M 13.9 31 250   M    M   0 8      39 240
15  92  53  73   0   0   8 0.00    M    M  6.8 30 300   M    M   2        36 300
16  93  59  76   3   0  11 0.00    M    M  7.6 31 250   M    M   1        39 250
================================================================================
SM 1465  855         0 124  0.00     0.0 141.8          M        6
================================================================================
AV 91.6 53.4                               8.9 FASTST   M    M   0    MAX(MPH)
                                 MISC ---->  # 37 240               # 44  240
================================================================================
NOTES:
# LAST OF SEVERAL OCCURRENCES

COLUMN 17 PEAK WIND IN M.P.H.

PRELIMINARY LOCAL CLIMATOLOGICAL DATA (WS FORM: F-6) , PAGE 2

                                          STATION:  WINSLOW AZ AIRPORT
                                          MONTH:    JUNE
                                          YEAR:     2019
                                          LATITUDE:   35  1 N
                                          LONGITUDE: 110 44 W

[TEMPERATURE DATA]      [PRECIPITATION DATA]       SYMBOLS USED IN COLUMN 16

AVERAGE MONTHLY: 72.5   TOTAL FOR MONTH:   0.00    1 = FOG OR MIST
DPTR FM NORMAL:   2.0   DPTR FM NORMAL:   -0.08    2 = FOG REDUCING VISIBILITY
HIGHEST:    99 ON 12    GRTST 24HR  0.00 ON 16-16      TO 1/4 MILE OR LESS
LOWEST:     48 ON 10, 4                            3 = THUNDER
                        SNOW, ICE PELLETS, HAIL    4 = ICE PELLETS
                        TOTAL MONTH:   0.0 INCH    5 = HAIL
                        GRTST 24HR     0.0         6 = FREEZING RAIN OR DRIZZLE
                        GRTST DEPTH:   0           7 = DUSTSTORM OR SANDSTORM:
                                                       VSBY 1/2 MILE OR LESS
                                                   8 = SMOKE OR HAZE
[NO. OF DAYS WITH]      [WEATHER - DAYS WITH]      9 = BLOWING SNOW
                                                   X = TORNADO
MAX 32 OR BELOW:   0    0.01 INCH OR MORE:   0
MAX 90 OR ABOVE:  11    0.10 INCH OR MORE:   0
MIN 32 OR BELOW:   0    0.50 INCH OR MORE:   0
MIN  0 OR BELOW:   0    1.00 INCH OR MORE:   0

[HDD (BASE 65) ]
TOTAL THIS MO.     0    CLEAR  (SCALE 0-3)  16
DPTR FM NORMAL    -8    PTCLDY (SCALE 4-7)   0
TOTAL FM JUL 1  4431    CLOUDY (SCALE 8-10)  0
DPTR FM NORMAL   -64

[CDD (BASE 65) ]
TOTAL THIS MO.   124
DPTR FM NORMAL    26    [PRESSURE DATA]
TOTAL FM JAN 1   144    HIGHEST SLP M ON M
DPTR FM NORMAL   -21    LOWEST  SLP 29.80 ON M

[REMARKS]
