000
CXUS55 KDVN 231100
CF6IOW
PRELIMINARY LOCAL CLIMATOLOGICAL DATA (WS FORM: F-6)

                                          STATION:   IOWA CITY IA
                                          MONTH:     MARCH
                                          YEAR:      2019
                                          LATITUDE:   41 37 N
                                          LONGITUDE:  91 33 W

  TEMPERATURE IN F:       :PCPN:    SNOW:  WIND      :SUNSHINE: SKY     :PK WND
================================================================================
1   2   3   4   5  6A  6B    7    8   9   10  11  12  13   14  15   16   17  18
                                     12Z  AVG MX 2MIN
DY MAX MIN AVG DEP HDD CDD  WTR  SNW DPTH SPD SPD DIR MIN PSBL S-S WX    SPD DR
================================================================================

 1  33  21  27  -4  38   0 0.00    M    M  4.6 12 130   M    M   7        14 280
 2  30  17  24  -8  41   0 0.00    M    M 10.9 18 320   M    M   5 8      26 310
 3  18  -3   8 -24  57   0 0.00    M    M 14.5 23 310   M    M   4        32 300
 4  11  -4   4 -29  61   0 0.00    M    M 14.0 23 280   M    M   2        30 260
 5  19   7  13 -20  52   0 0.00    M    M 14.2 28 290   M    M   3        38 300
 6  31   6  19 -15  46   0 0.00    M    M  8.3 20 260   M    M   0        25 260
 7  27  17  22 -12  43   0    T    M    M  7.4 13 100   M    M   6 8      18 120
 8  36  26  31  -4  34   0    T    M    M  4.6  9 130   M    M   7 18     14 110
 9  36  33  35   0  30   0 0.66    M    M 13.6 31 270   M    M  10 1      43 270
10  36  23  30  -6  35   0 0.00    M    M 17.5 35 280   M    M   4        48 280
11  40  24  32  -4  33   0 0.00    M    M  4.0 10 250   M    M   3 1      14 300
12  44  23  34  -3  31   0 0.58    M    M  8.2 20 140   M    M   7 13     26 160
13  56  38  47  10  18   0 0.09    M    M  9.9 20 130   M    M   7 12     30 130
14  55  36  46   8  19   0    T    M    M 16.9 32 200   M    M   8 1      45 210
15  45  27  36  -2  29   0 0.00    M    M 17.6 30 310   M    M   6        49 300
16  46  24  35  -4  30   0 0.09    M    M  6.3 14 270   M    M   2 1      21 240
17  42  25  34  -5  31   0 0.03    M    M  7.1 15 290   M    M   2 1      22 260
18  47  24  36  -4  29   0 0.00    M    M  3.5 14 280   M    M   2 1      18 280
19  52  24  38  -2  27   0 0.05    M    M  4.6 14 170   M    M   3 1      21 200
20  50  38  44   3  21   0 0.09    M    M  7.1 21 330   M    M   9 1      32 330
21  53  32  43   2  22   0 0.00    M    M 10.2 21 290   M    M   2        28 280
22  56  30  43   1  22   0 0.00    M    M  7.4 18 320   M    M   0        28 320
================================================================================
SM  863  488       749   0  1.59    M    212.4          M       99
================================================================================
AV 39.2 22.2                               9.7 FASTST   M    M   5    MAX(MPH)
                                 MISC ---->  # 35 280               # 49  300
================================================================================
NOTES:
# LAST OF SEVERAL OCCURRENCES

COLUMN 17 PEAK WIND IN M.P.H.

PRELIMINARY LOCAL CLIMATOLOGICAL DATA (WS FORM: F-6) , PAGE 2

                                          STATION:  IOWA CITY IA
                                          MONTH:    MARCH
                                          YEAR:     2019
                                          LATITUDE:   41 37 N
                                          LONGITUDE:  91 33 W

[TEMPERATURE DATA]      [PRECIPITATION DATA]       SYMBOLS USED IN COLUMN 16

AVERAGE MONTHLY: 30.7   TOTAL FOR MONTH:   1.59    1 = FOG OR MIST
DPTR FM NORMAL:  -5.8   DPTR FM NORMAL:   -0.01    2 = FOG REDUCING VISIBILITY
HIGHEST:    56 ON 22,13 GRTST 24HR  0.66 ON  9- 9      TO 1/4 MILE OR LESS
LOWEST:     -4 ON  4                               3 = THUNDER
                        SNOW, ICE PELLETS, HAIL    4 = ICE PELLETS
                        TOTAL MONTH:    M          5 = HAIL
                        GRTST 24HR    M  ON   M    6 = FREEZING RAIN OR DRIZZLE
                        GRTST DEPTH:  M  ON   M    7 = DUSTSTORM OR SANDSTORM:
                                                       VSBY 1/2 MILE OR LESS
                                                   8 = SMOKE OR HAZE
[NO. OF DAYS WITH]      [WEATHER - DAYS WITH]      9 = BLOWING SNOW
                                                   X = TORNADO
MAX 32 OR BELOW:   6    0.01 INCH OR MORE:   7
MAX 90 OR ABOVE:   0    0.10 INCH OR MORE:   2
MIN 32 OR BELOW:  18    0.50 INCH OR MORE:   2
MIN  0 OR BELOW:   2    1.00 INCH OR MORE:   0

[HDD (BASE 65) ]
TOTAL THIS MO.   749    CLEAR  (SCALE 0-3)  10
DPTR FM NORMAL   122    PTCLDY (SCALE 4-7)  10
TOTAL FM JUL 1  5965    CLOUDY (SCALE 8-10)  2
DPTR FM NORMAL   388

[CDD (BASE 65) ]
TOTAL THIS MO.     0
DPTR FM NORMAL     0    [PRESSURE DATA]
TOTAL FM JAN 1     0    HIGHEST SLP M ON M
DPTR FM NORMAL     0    LOWEST  SLP 29.21 ON 14

[REMARKS]
