000
CXUS55 KDVN 261100
CF6IOW
PRELIMINARY LOCAL CLIMATOLOGICAL DATA (WS FORM: F-6)

                                          STATION:   IOWA CITY IA
                                          MONTH:     MAY
                                          YEAR:      2019
                                          LATITUDE:   41 37 N
                                          LONGITUDE:  91 33 W

  TEMPERATURE IN F:       :PCPN:    SNOW:  WIND      :SUNSHINE: SKY     :PK WND
================================================================================
1   2   3   4   5  6A  6B    7    8   9   10  11  12  13   14  15   16   17  18
                                     12Z  AVG MX 2MIN
DY MAX MIN AVG DEP HDD CDD  WTR  SNW DPTH SPD SPD DIR MIN PSBL S-S WX    SPD DR
================================================================================

 1  57  46  52  -4  13   0 0.03    M    M  4.0 13 290   M    M  10 1      21  60
 2  62  49  56   0   9   0 0.08    M    M  7.4 15 320   M    M   9 1      20 340
 3  59  39  49  -8  16   0 0.00    M    M  3.0 13 100   M    M   4        17 100
 4  67  37  52  -5  13   0 0.00    M    M  1.7 12 180   M    M   0 1      15 180
 5  76  46  61   4   4   0 0.00    M    M  6.3 20 210   M    M   5        28 220
 6  72  53  63   5   2   0 0.01    M    M  6.3 17 360   M    M   6        22 360
 7  61  50  56  -2   9   0    T    M    M 10.6 17  50   M    M   8        26  70
 8  70  45  58   0   7   0 0.94    M    M 12.0 21 100   M    M   9 13     34 100
 9  60  43  52  -7  13   0 0.02    M    M 13.5 22 310   M    M  10        33 290
10  64  36  50  -9  15   0 0.00    M    M  5.8 16 340   M    M   3        24 340
11  55  43  49 -11  16   0 0.06    M    M  4.9 15 130   M    M   7        20 130
12  53  40  47 -13  18   0 0.01    M    M  3.0  9 130   M    M   8        14  50
13  67  37  52  -8  13   0 0.00    M    M  5.0 15 320   M    M   2        20 320
14  57  42  50 -11  15   0 0.12    M    M  3.8 12 160   M    M   7 1      14 180
15  76  45  61   0   4   0 0.00    M    M  3.4 12 130   M    M   1 1      16 160
16  91  55  73  12   0   8 0.86    M    M  8.0 44 270   M    M   1 13     62 270
17  70  54  62   0   3   0 0.70    M    M  9.3 20  50   M    M   8 13     29  60
18  76  50  63   1   2   0 1.27    M    M  9.0 21 160   M    M   6 13     31 140
19  66  49  58  -4   7   0 0.15    M    M 13.3 24 270   M    M  10 13     31 270
20  58  43  51 -12  14   0 0.01    M    M  9.8 22 320   M    M   8        28 350
21  57  47  52 -11  13   0 0.83    M    M 14.6 25 100   M    M  10 1      44  90
22  79  57  68   4   0   3    T    M    M 12.4 24 210   M    M   5        36 210
23  74  51  63  -1   2   0 0.25    M    M  8.0 18 260   M    M   0 3      24 270
24  83  57  70   6   0   5 0.94    M    M 10.9 29 230   M    M   6 13     51 220
25  80  67  74   9   0   9 0.12    M    M  9.5 20 220   M    M   5 18     29 230
================================================================================
SM 1690 1181       208  25  6.40    M    195.5          M      148
================================================================================
AV 67.6 47.2                               7.8 FASTST   M    M   6    MAX(MPH)
                                 MISC ---->  # 44 270               # 62  270
================================================================================
NOTES:
# LAST OF SEVERAL OCCURRENCES

COLUMN 17 PEAK WIND IN M.P.H.

PRELIMINARY LOCAL CLIMATOLOGICAL DATA (WS FORM: F-6) , PAGE 2

                                          STATION:  IOWA CITY IA
                                          MONTH:    MAY
                                          YEAR:     2019
                                          LATITUDE:   41 37 N
                                          LONGITUDE:  91 33 W

[TEMPERATURE DATA]      [PRECIPITATION DATA]       SYMBOLS USED IN COLUMN 16

AVERAGE MONTHLY: 57.4   TOTAL FOR MONTH:   6.40    1 = FOG OR MIST
DPTR FM NORMAL:  -2.9   DPTR FM NORMAL:    2.90    2 = FOG REDUCING VISIBILITY
HIGHEST:    91 ON 16    GRTST 24HR  1.27 ON 18-18      TO 1/4 MILE OR LESS
LOWEST:     36 ON 10                               3 = THUNDER
                        SNOW, ICE PELLETS, HAIL    4 = ICE PELLETS
                        TOTAL MONTH:    M          5 = HAIL
                        GRTST 24HR    M  ON   M    6 = FREEZING RAIN OR DRIZZLE
                        GRTST DEPTH:  M  ON   M    7 = DUSTSTORM OR SANDSTORM:
                                                       VSBY 1/2 MILE OR LESS
                                                   8 = SMOKE OR HAZE
[NO. OF DAYS WITH]      [WEATHER - DAYS WITH]      9 = BLOWING SNOW
                                                   X = TORNADO
MAX 32 OR BELOW:   0    0.01 INCH OR MORE:  17
MAX 90 OR ABOVE:   1    0.10 INCH OR MORE:  10
MIN 32 OR BELOW:   0    0.50 INCH OR MORE:   6
MIN  0 OR BELOW:   0    1.00 INCH OR MORE:   1

[HDD (BASE 65) ]
TOTAL THIS MO.   208    CLEAR  (SCALE 0-3)   6
DPTR FM NORMAL    54    PTCLDY (SCALE 4-7)  12
TOTAL FM JUL 1  6773    CLOUDY (SCALE 8-10)  7
DPTR FM NORMAL   426

[CDD (BASE 65) ]
TOTAL THIS MO.    25
DPTR FM NORMAL   -11    [PRESSURE DATA]
TOTAL FM JAN 1    26    HIGHEST SLP M ON M
DPTR FM NORMAL   -14    LOWEST  SLP 29.53 ON M

[REMARKS]
