837
CXUS51 KCTP 220700
CF6IPT
PRELIMINARY LOCAL CLIMATOLOGICAL DATA (WS FORM: F-6)

                                          STATION:   WILLIAMSPORT PA
                                          MONTH:     MARCH
                                          YEAR:      2019
                                          LATITUDE:   41 15 N
                                          LONGITUDE:  76 55 W

  TEMPERATURE IN F:       :PCPN:    SNOW:  WIND      :SUNSHINE: SKY     :PK WND
================================================================================
1   2   3   4   5  6A  6B    7    8   9   10  11  12  13   14  15   16   17  18
                                     12Z  AVG MX 2MIN
DY MAX MIN AVG DEP HDD CDD  WTR  SNW DPTH SPD SPD DIR MIN PSBL S-S WX    SPD DR
================================================================================

 1  34  24  29  -4  36   0 0.08  0.8    1  4.6 13  70   M    M  10 1      17  70
 2  39  30  35   2  30   0 0.01    T    T  4.6 13 270   M    M  10 18     17 260
 3  38  30  34   0  31   0 0.31  3.6    T  3.6 14 310   M    M   9 18     18 310
 4  33  16  25  -9  40   0    T    T    4 11.0 24 250   M    M   5 1      29 240
 5  27  11  19 -15  46   0 0.00  0.0    2 10.3 22 250   M    M   2        29 260
 6  24  11  18 -17  47   0    T    T    1  8.8 23 260   M    M   4        33 310
 7  34   6  20 -15  45   0    T    T    1  3.3 20 280   M    M   5 8      25 270
 8  37  11  24 -11  41   0 0.00  0.0    0  2.1 14 130   M    M   3        17 180
 9  46  21  34  -2  31   0 0.04  0.0    0  4.8 20 110   M    M   2 18     30 120
10  43  33  38   2  27   0 0.30  0.2    T  8.4 29 110   M    M   9 1      41 110
11  53  34  44   8  21   0 0.00  0.0    0 12.2 25 280   M    M   4        34 270
12  47  28  38   1  27   0 0.00  0.0    0  7.5 18 330   M    M   3        28 290
13  51  22  37   0  28   0 0.00  0.0    0  3.8 18 110   M    M   3        25 100
14  61  34  48  11  17   0 0.00  0.0    0  6.4 18 160   M    M   0        30 180
15  71  44  58  20   7   0 0.02  0.0    0 14.3 26 260   M    M   5        39 150
16  45  31  38   0  27   0 0.03    T    0 13.8 26 300   M    M   9 1      37 300
17  44  27  36  -2  29   0    T  0.0    T  7.5 20 290   M    M   3        26 310
18  46  24  35  -4  30   0 0.00  0.0    0  3.1 17 280   M    M   6        21 270
19  50  21  36  -3  29   0 0.00  0.0    0  3.0 17 260   M    M   2        22 240
20  53  23  38  -2  27   0 0.00  0.0    0  6.4 22 130   M    M   0        30 130
21  44  38  41   1  24   0 1.09  0.0    0  6.2 15  60   M    M   9 1      25  60
================================================================================
SM  920  519       640   0  1.88     4.6 145.7          M      103
================================================================================
AV 43.8 24.7                               6.9 FASTST   M    M   5    MAX(MPH)
                                 MISC ---->  # 29 110               # 41  110
================================================================================
NOTES:
# LAST OF SEVERAL OCCURRENCES

COLUMN 17 PEAK WIND IN M.P.H.

PRELIMINARY LOCAL CLIMATOLOGICAL DATA (WS FORM: F-6) , PAGE 2

                                          STATION:  WILLIAMSPORT PA
                                          MONTH:    MARCH
                                          YEAR:     2019
                                          LATITUDE:   41 15 N
                                          LONGITUDE:  76 55 W

[TEMPERATURE DATA]      [PRECIPITATION DATA]       SYMBOLS USED IN COLUMN 16

AVERAGE MONTHLY: 34.3   TOTAL FOR MONTH:   1.88    1 = FOG OR MIST
DPTR FM NORMAL:  -2.1   DPTR FM NORMAL:   -0.03    2 = FOG REDUCING VISIBILITY
HIGHEST:    71 ON 15    GRTST 24HR  1.09 ON 21-21      TO 1/4 MILE OR LESS
LOWEST:      6 ON  7                               3 = THUNDER
                        SNOW, ICE PELLETS, HAIL    4 = ICE PELLETS
                        TOTAL MONTH:   4.6 INCHES  5 = HAIL
                        GRTST 24HR   3.6 ON  3- 3  6 = FREEZING RAIN OR DRIZZLE
                        GRTST DEPTH:   4 ON  4     7 = DUSTSTORM OR SANDSTORM:
                                                       VSBY 1/2 MILE OR LESS
                                                   8 = SMOKE OR HAZE
[NO. OF DAYS WITH]      [WEATHER - DAYS WITH]      9 = BLOWING SNOW
                                                   X = TORNADO
MAX 32 OR BELOW:   2    0.01 INCH OR MORE:   8
MAX 90 OR ABOVE:   0    0.10 INCH OR MORE:   3
MIN 32 OR BELOW:  16    0.50 INCH OR MORE:   1
MIN  0 OR BELOW:   0    1.00 INCH OR MORE:   1

[HDD (BASE 65) ]
TOTAL THIS MO.   640    CLEAR  (SCALE 0-3)   8
DPTR FM NORMAL    39    PTCLDY (SCALE 4-7)   7
TOTAL FM JUL 1  4862    CLOUDY (SCALE 8-10)  6
DPTR FM NORMAL  -206

[CDD (BASE 65) ]
TOTAL THIS MO.     0
DPTR FM NORMAL     0    [PRESSURE DATA]
TOTAL FM JAN 1     0    HIGHEST SLP M ON M
DPTR FM NORMAL     0    LOWEST  SLP 29.65 ON 15

[REMARKS]
