000
CXUS53 KBIS 240803
CF6ISN
PRELIMINARY LOCAL CLIMATOLOGICAL DATA (WS FORM: F-6)

                                          STATION:   WILLISTON ND
                                          MONTH:     MAY
                                          YEAR:      2019
                                          LATITUDE:   48 10 N
                                          LONGITUDE: 103 38 W

  TEMPERATURE IN F:       :PCPN:    SNOW:  WIND      :SUNSHINE: SKY     :PK WND
================================================================================
1   2   3   4   5  6A  6B    7    8   9   10  11  12  13   14  15   16   17  18
                                     12Z  AVG MX 2MIN
DY MAX MIN AVG DEP HDD CDD  WTR  SNW DPTH SPD SPD DIR MIN PSBL S-S WX    SPD DR
================================================================================

 1  50  33  42  -7  23   0    T    M    M  3.7 12 160   M    M   8 18     17 170
 2  64  31  48  -2  17   0 0.03    M    M 10.8 29 250   M    M   3 1      47 270
 3  67  27  47  -3  18   0 0.03    M    M 10.5 23 250   M    M   4        38 190
 4  48  33  41  -9  24   0 0.03    M    M  8.4 21 330   M    M   7 1      30 340
 5  51  31  41 -10  24   0 0.00    M    M  7.0 15 330   M    M   7        29 360
 6  56  28  42  -9  23   0 0.00    M    M  3.8  9 290   M    M   6        13  30
 7  57  37  47  -4  18   0 0.00    M    M  9.0 20 150   M    M   8        36 180
 8  59  29  44  -8  21   0 0.00    M    M  9.7 20  30   M    M   3 1      30 360
 9  54  25  40 -12  25   0    T    M    M  5.3 17 190   M    M   5        33 190
10  70  41  56   4   9   0 0.03    M    M 11.5 32 250   M    M   6 1      43 250
11  59  41  50  -3  15   0 0.04    M    M 15.0 23 320   M    M   8 1      39 340
12  71  26  49  -4  16   0 0.00    M    M  4.8 14 180   M    M   0 8      21 170
13  79  44  62   9   3   0 0.00    M    M  7.6 20  10   M    M   3        38  20
14  73  45  59   5   6   0    T    M    M  6.2 17  20   M    M   5        24  30
15  81  49  65  11   0   0    T    M    M 13.9 28 340   M    M   2        48 340
16  64  44  54   0  11   0 0.00    M    M 13.1 21 350   M    M   5        43  10
17  51  37  44 -10  21   0 0.61    M    M 11.1 23 100   M    M  10 1      38 120
18  52  38  45 -10  20   0 0.02    M    M 12.6 23  50   M    M   6        34  30
19  58  36  47  -8  18   0 0.00    M    M  9.1 18  90   M    M   2        23  80
20  65  32  49  -6  16   0 0.00    M    M  9.3 24 120   M    M   1        39 140
21  67  42  55  -1  10   0 0.00    M    M 10.9 26 120   M    M   4        37 120
22  63  37  50  -6  15   0 0.00    M    M 12.1 24  50   M    M   3        44  20
23  73  31  52  -4  13   0 0.00    M    M  5.2 20 120   M    M   2        31 150
================================================================================
SM 1432  817       366   0  0.79    M    210.6          M      108
================================================================================
AV 62.3 35.5                               9.2 FASTST   M    M   5    MAX(MPH)
                                 MISC ---->  # 32 250               # 48  340
================================================================================
NOTES:
# LAST OF SEVERAL OCCURRENCES

COLUMN 17 PEAK WIND IN M.P.H.

PRELIMINARY LOCAL CLIMATOLOGICAL DATA (WS FORM: F-6) , PAGE 2

                                          STATION:  WILLISTON ND
                                          MONTH:    MAY
                                          YEAR:     2019
                                          LATITUDE:   48 10 N
                                          LONGITUDE: 103 38 W

[TEMPERATURE DATA]      [PRECIPITATION DATA]       SYMBOLS USED IN COLUMN 16

AVERAGE MONTHLY: 48.9   TOTAL FOR MONTH:   0.79    1 = FOG OR MIST
DPTR FM NORMAL:  -4.0   DPTR FM NORMAL:   -0.54    2 = FOG REDUCING VISIBILITY
HIGHEST:    81 ON 15    GRTST 24HR  0.61 ON 17-17      TO 1/4 MILE OR LESS
LOWEST:     25 ON  9                               3 = THUNDER
                        SNOW, ICE PELLETS, HAIL    4 = ICE PELLETS
                        TOTAL MONTH:    M          5 = HAIL
                        GRTST 24HR    M  ON   M    6 = FREEZING RAIN OR DRIZZLE
                        GRTST DEPTH:  M  ON   M    7 = DUSTSTORM OR SANDSTORM:
                                                       VSBY 1/2 MILE OR LESS
                                                   8 = SMOKE OR HAZE
[NO. OF DAYS WITH]      [WEATHER - DAYS WITH]      9 = BLOWING SNOW
                                                   X = TORNADO
MAX 32 OR BELOW:   0    0.01 INCH OR MORE:   7
MAX 90 OR ABOVE:   0    0.10 INCH OR MORE:   1
MIN 32 OR BELOW:   9    0.50 INCH OR MORE:   1
MIN  0 OR BELOW:   0    1.00 INCH OR MORE:   0

[HDD (BASE 65) ]
TOTAL THIS MO.   366    CLEAR  (SCALE 0-3)   8
DPTR FM NORMAL    81    PTCLDY (SCALE 4-7)  13
TOTAL FM JUL 1  9267    CLOUDY (SCALE 8-10)  2
DPTR FM NORMAL   457

[CDD (BASE 65) ]
TOTAL THIS MO.     0
DPTR FM NORMAL     0    [PRESSURE DATA]
TOTAL FM JAN 1     0    HIGHEST SLP M ON M
DPTR FM NORMAL    -1    LOWEST  SLP 29.58 ON 15

[REMARKS]
