000
CXUS53 KBIS 250803
CF6ISN
PRELIMINARY LOCAL CLIMATOLOGICAL DATA (WS FORM: F-6)

                                          STATION:   WILLISTON ND
                                          MONTH:     MARCH
                                          YEAR:      2019
                                          LATITUDE:   48 10 N
                                          LONGITUDE: 103 38 W

  TEMPERATURE IN F:       :PCPN:    SNOW:  WIND      :SUNSHINE: SKY     :PK WND
================================================================================
1   2   3   4   5  6A  6B    7    8   9   10  11  12  13   14  15   16   17  18
                                     12Z  AVG MX 2MIN
DY MAX MIN AVG DEP HDD CDD  WTR  SNW DPTH SPD SPD DIR MIN PSBL S-S WX    SPD DR
================================================================================

 1  15  -5   5 -17  60   0    T    M    M  8.3 20 330   M    M   8 8      30 340
 2  -5 -19 -12 -35  77   0 0.00    M    M 12.3 23 270   M    M   1        35 280
 3   1 -19  -9 -32  74   0 0.00    M    M 17.2 28 280   M    M   3 8      43 290
 4  13  -9   2 -22  63   0 0.01    M    M 18.5 33 270   M    M   8 89     49 270
 5  20   0  10 -14  55   0 0.00    M    M 15.0 23 260   M    M   4        35 310
 6   8  -9   0 -24  65   0 0.00    M    M  4.9 15 320   M    M   0        19 320
 7  22  -6   8 -17  57   0 0.00    M    M  8.5 23 160   M    M   4        37 150
 8  32   5  19  -6  46   0    T    M    M  2.7  8 300   M    M   5        10 200
 9  28  14  21  -5  44   0    T    M    M 10.7 18 280   M    M   3 18     28  10
10  22   8  15 -11  50   0    T    M    M  5.7 12 280   M    M   9 18     14 220
11  34   2  18  -9  47   0 0.00    M    M  6.7 17 220   M    M   3 12     31 210
12  39  10  25  -2  40   0 0.00    M    M  7.7 16 230   M    M   0 18     20 220
13  36   8  22  -6  43   0 0.00    M    M 10.2 23 340   M    M   1 18     42 340
14  35  22  29   1  36   0 0.00    M    M 17.8 23 310   M    M   1        40 350
15  36  10  23  -6  42   0    T    M    M  7.3 18 310   M    M   3 1      28 300
16  36  15  26  -3  39   0 0.00    M    M  8.1 17 270   M    M   2 1      21 260
17  35   8  22  -8  43   0 0.00    M    M  3.6 13 270   M    M   0 1      16 270
18  39  13  26  -4  39   0 0.00    M    M  8.4 23 250   M    M   4 128    33 280
19  40  20  30  -1  35   0 0.00    M    M  9.4 22 250   M    M   0        33 270
20  47  25  36   5  29   0 0.00    M    M  3.9 12 260   M    M   0 1      15 250
21  52  23  38   6  27   0 0.00    M    M  3.9 12  40   M    M   1 12     16  40
22  52  25  39   7  26   0 0.00    M    M  7.3 16 160   M    M   0 1      29 170
23  59  28  44  11  21   0 0.00    M    M  4.1 15  30   M    M   0 1      20  30
24  42  27  35   2  30   0 0.00    M    M 11.8 23  80   M    M  10        35  80
================================================================================
SM  738  196      1088   0  0.01    M    214.0          M       70
================================================================================
AV 30.8  8.2                               8.9 FASTST   M    M   3    MAX(MPH)
                                 MISC ---->  # 33 270               # 49  270
================================================================================
NOTES:
# LAST OF SEVERAL OCCURRENCES

COLUMN 17 PEAK WIND IN M.P.H.

PRELIMINARY LOCAL CLIMATOLOGICAL DATA (WS FORM: F-6) , PAGE 2

                                          STATION:  WILLISTON ND
                                          MONTH:    MARCH
                                          YEAR:     2019
                                          LATITUDE:   48 10 N
                                          LONGITUDE: 103 38 W

[TEMPERATURE DATA]      [PRECIPITATION DATA]       SYMBOLS USED IN COLUMN 16

AVERAGE MONTHLY: 19.5   TOTAL FOR MONTH:   0.01    1 = FOG OR MIST
DPTR FM NORMAL:  -8.1   DPTR FM NORMAL:   -0.52    2 = FOG REDUCING VISIBILITY
HIGHEST:    59 ON 23    GRTST 24HR  0.01 ON  4- 4      TO 1/4 MILE OR LESS
LOWEST:    -19 ON  3, 2                            3 = THUNDER
                        SNOW, ICE PELLETS, HAIL    4 = ICE PELLETS
                        TOTAL MONTH:    M          5 = HAIL
                        GRTST 24HR    M  ON   M    6 = FREEZING RAIN OR DRIZZLE
                        GRTST DEPTH:  M  ON   M    7 = DUSTSTORM OR SANDSTORM:
                                                       VSBY 1/2 MILE OR LESS
                                                   8 = SMOKE OR HAZE
[NO. OF DAYS WITH]      [WEATHER - DAYS WITH]      9 = BLOWING SNOW
                                                   X = TORNADO
MAX 32 OR BELOW:  10    0.01 INCH OR MORE:   1
MAX 90 OR ABOVE:   0    0.10 INCH OR MORE:   0
MIN 32 OR BELOW:  24    0.50 INCH OR MORE:   0
MIN  0 OR BELOW:   7    1.00 INCH OR MORE:   0

[HDD (BASE 65) ]
TOTAL THIS MO.  1088    CLEAR  (SCALE 0-3)  14
DPTR FM NORMAL   190    PTCLDY (SCALE 4-7)   8
TOTAL FM JUL 1  8073    CLOUDY (SCALE 8-10)  2
DPTR FM NORMAL   407

[CDD (BASE 65) ]
TOTAL THIS MO.     0
DPTR FM NORMAL     0    [PRESSURE DATA]
TOTAL FM JAN 1     0    HIGHEST SLP M ON M
DPTR FM NORMAL     0    LOWEST  SLP 29.65 ON 12

[REMARKS]
