000
CXHW53 PHFO 221250
CF6ITO
PRELIMINARY LOCAL CLIMATOLOGICAL DATA (WS FORM: F-6)

                                          STATION:   HILO HI
                                          MONTH:     MAY
                                          YEAR:      2019
                                          LATITUDE:   19 43 N
                                          LONGITUDE: 155  4 W

  TEMPERATURE IN F:       :PCPN:    SNOW:  WIND      :SUNSHINE: SKY     :PK WND
================================================================================
1   2   3   4   5  6A  6B    7    8   9   10  11  12  13   14  15   16   17  18
                                     12Z  AVG MX 2MIN
DY MAX MIN AVG DEP HDD CDD  WTR  SNW DPTH SPD SPD DIR MIN PSBL S-S WX    SPD DR
================================================================================

 1  81  67  74   1   0   9 0.05  0.0    M  6.5 14  50   M    M   M 8      18  30
 2  81  67  74   1   0   9 0.60  0.0    M  5.6 13  70   M    M   M 18     17  80
 3  82  69  76   3   0  11 0.08  0.0    M  6.8 18  90   M    M   M        23 100
 4  86  63  75   2   0  10 0.00  0.0    M  7.3 22 350   M    M   M        28 350
 5  79  70  75   2   0  10    T  0.0    M 12.5 29  30   M    M   M 1      37  30
 6  78  67  73   0   0   8 0.00  0.0    M  5.3 13  10   M    M   M        17  20
 7  82  69  76   3   0  11 0.04  0.0    M  5.8 15  80   M    M   M 18     18  80
 8  81  65  73   0   0   8 0.00  0.0    M  4.8 15  80   M    M   M        17  70
 9  82  68  75   2   0  10 0.11  0.0    M  5.9 14  40   M    M   M 1      19  30
10  81  67  74   1   0   9    T  0.0    M  6.6 14  10   M    M   M        18  20
11  83  65  74   1   0   9 0.00  0.0    M  6.8 14  20   M    M   M        19  40
12  85  67  76   2   0  11    T  0.0    M  6.7 16 100   M    M   M        20 100
13  86  69  78   4   0  13    T  0.0    M  5.4 14  90   M    M   M        20  80
14  84  69  77   3   0  12    T  0.0    M  6.4 18  50   M    M   M 1      23  30
15  84  69  77   3   0  12 0.26  0.0    M  5.1 12  10   M    M   M 1      16 350
16  86  69  78   4   0  13 0.00  0.0    M  5.9 15  90   M    M   M        19  90
17  86  67  77   3   0  12    T  0.0    M  6.1 14  40   M    M   M        18  60
18  87  70  79   5   0  14 0.00  0.0    M  5.8 13  70   M    M   M        18  60
19  87  70  79   5   0  14    T  0.0    M  6.7 17  70   M    M   M        22  80
20  86  70  78   4   0  13 0.05  0.0    M  8.1 17 100   M    M   M 18     23 120
21  83  71  77   3   0  12 0.20  0.0    M  6.4 15 120   M    M   M 18     20 120
================================================================================
SM 1750 1428         0 230  1.39     0.0 136.5          M        M
================================================================================
AV 83.3 68.0                               6.5 FASTST   M    M   0    MAX(MPH)
                                 MISC ---->  # 29  30               # 37   30
================================================================================
NOTES:
# LAST OF SEVERAL OCCURRENCES

COLUMN 17 PEAK WIND IN M.P.H.

PRELIMINARY LOCAL CLIMATOLOGICAL DATA (WS FORM: F-6) , PAGE 2

                                          STATION:  HILO HI
                                          MONTH:    MAY
                                          YEAR:     2019
                                          LATITUDE:   19 43 N
                                          LONGITUDE: 155  4 W

[TEMPERATURE DATA]      [PRECIPITATION DATA]       SYMBOLS USED IN COLUMN 16

AVERAGE MONTHLY: 75.7   TOTAL FOR MONTH:   1.39    1 = FOG OR MIST
DPTR FM NORMAL:   2.2   DPTR FM NORMAL:   -4.60    2 = FOG REDUCING VISIBILITY
HIGHEST:    87 ON 19,18 GRTST 24HR  0.60 ON  2- 2      TO 1/4 MILE OR LESS
LOWEST:     63 ON  4                               3 = THUNDER
                        SNOW, ICE PELLETS, HAIL    4 = ICE PELLETS
                        TOTAL MONTH:   0.0 INCH    5 = HAIL
                        GRTST 24HR     0.0         6 = FREEZING RAIN OR DRIZZLE
                        GRTST DEPTH:  M  ON   M    7 = DUSTSTORM OR SANDSTORM:
                                                       VSBY 1/2 MILE OR LESS
                                                   8 = SMOKE OR HAZE
[NO. OF DAYS WITH]      [WEATHER - DAYS WITH]      9 = BLOWING SNOW
                                                   X = TORNADO
MAX 32 OR BELOW:   0    0.01 INCH OR MORE:   8
MAX 90 OR ABOVE:   0    0.10 INCH OR MORE:   4
MIN 32 OR BELOW:   0    0.50 INCH OR MORE:   1
MIN  0 OR BELOW:   0    1.00 INCH OR MORE:   0

[HDD (BASE 65) ]
TOTAL THIS MO.     0    CLEAR  (SCALE 0-3)   0
DPTR FM NORMAL     0    PTCLDY (SCALE 4-7)   0
TOTAL FM JUL 1     1    CLOUDY (SCALE 8-10)  0
DPTR FM NORMAL     1

[CDD (BASE 65) ]
TOTAL THIS MO.   230
DPTR FM NORMAL    53    [PRESSURE DATA]
TOTAL FM JAN 1  1071    HIGHEST SLP M ON M
DPTR FM NORMAL    97    LOWEST  SLP 29.77 ON  5

[REMARKS]
