000
CXUS55 KGLD 240800
CF6ITR
PRELIMINARY LOCAL CLIMATOLOGICAL DATA (WS FORM: F-6)

                                          STATION:   BURLINGTON CO
                                          MONTH:     MARCH
                                          YEAR:      2019
                                          LATITUDE:   39 15 N
                                          LONGITUDE: 102 17 W

  TEMPERATURE IN F:       :PCPN:    SNOW:  WIND      :SUNSHINE: SKY     :PK WND
================================================================================
1   2   3   4   5  6A  6B    7    8   9   10  11  12  13   14  15   16   17  18
                                     12Z  AVG MX 2MIN
DY MAX MIN AVG DEP HDD CDD  WTR  SNW DPTH SPD SPD DIR MIN PSBL S-S WX    SPD DR
================================================================================

 1  53  22  38   3  27   0 0.00    M    M 12.3 28  20   M    M   3        35  30
 2  26   5  16 -19  49   0 0.04    M    M 13.8 23  60   M    M   9 18     29  70
 3   6  -5   1 -35  64   0 0.03    M    M  8.5 18  50   M    M   9 18     23  40
 4  16 -11   3 -33  62   0 0.00    M    M  9.7 16 300   M    M   0        18 300
 5  30   0  15 -21  50   0 0.00    M    M 10.5 17 320   M    M   0        21 320
 6  39  14  27 -10  38   0 0.00    M    M 10.6 18  70   M    M   3 1      24  60
 7  37  22  30  -7  35   0 0.03    M    M  7.7 17 150   M    M   8 1      24 360
 8  47  26  37   0  28   0 0.00    M    M 15.1 30 160   M    M   1 1      38 150
 9  46  23  35  -3  30   0 0.00    M    M 19.2 40 320   M    M   2 12     56 340
10  45  23  34  -4  31   0 0.00    M    M 12.7 26 170   M    M   4        38 150
11  52  22  37  -1  28   0 0.00    M    M 11.8 21 140   M    M   3 12     27 150
12  72  39  56  17   9   0 0.12    M    M 18.1 32 170   M    M   5 12     44 210
13  51  29  40   1  25   0 0.36    M    M 27.0 52 340   M    M  10 123    74 350
14  36  23  30  -9  35   0    T    M    M 28.8 51 320   M    M   6        71 330
15  49  19  34  -6  31   0 0.00    M    M  7.6 17 290   M    M   0        26 230
16  54  21  38  -2  27   0 0.00    M    M  6.1 12  20   M    M   0        16  10
17  60  24  42   2  23   0 0.00    M    M 10.8 20  30   M    M   0        27  30
18  54  18  36  -4  29   0    T    M    M 11.2 25 160   M    M   2        35 130
19  53  23  38  -3  27   0 0.00    M    M 13.8 26  10   M    M   3        37 340
20  61  20  41   0  24   0 0.00    M    M 11.5 24 310   M    M   0        32 310
21  65  24  45   4  20   0 0.00    M    M 10.4 20 200   M    M   0        26 170
22  59  36  48   6  17   0 0.05    M    M 18.0 33 170   M    M   7 1      44 170
23  49  33  41  -1  24   0 0.13    M    M 11.4 26 310   M    M   8 1      32 320
================================================================================
SM 1060  450       733   0  0.76    M    306.6          M       83
================================================================================
AV 46.1 19.6                              13.3 FASTST   M    M   4    MAX(MPH)
                                 MISC ---->  # 52 340               # 74  350
================================================================================
NOTES:
# LAST OF SEVERAL OCCURRENCES

COLUMN 17 PEAK WIND IN M.P.H.

PRELIMINARY LOCAL CLIMATOLOGICAL DATA (WS FORM: F-6) , PAGE 2

                                          STATION:  BURLINGTON CO
                                          MONTH:    MARCH
                                          YEAR:     2019
                                          LATITUDE:   39 15 N
                                          LONGITUDE: 102 17 W

[TEMPERATURE DATA]      [PRECIPITATION DATA]       SYMBOLS USED IN COLUMN 16

AVERAGE MONTHLY: 32.8   TOTAL FOR MONTH:   0.76    1 = FOG OR MIST
DPTR FM NORMAL:  -5.7   DPTR FM NORMAL:    0.13    2 = FOG REDUCING VISIBILITY
HIGHEST:    72 ON 12    GRTST 24HR  0.36 ON 13-13      TO 1/4 MILE OR LESS
LOWEST:    -11 ON  4                               3 = THUNDER
                        SNOW, ICE PELLETS, HAIL    4 = ICE PELLETS
                        TOTAL MONTH:    M          5 = HAIL
                        GRTST 24HR    M  ON   M    6 = FREEZING RAIN OR DRIZZLE
                        GRTST DEPTH:  M  ON   M    7 = DUSTSTORM OR SANDSTORM:
                                                       VSBY 1/2 MILE OR LESS
                                                   8 = SMOKE OR HAZE
[NO. OF DAYS WITH]      [WEATHER - DAYS WITH]      9 = BLOWING SNOW
                                                   X = TORNADO
MAX 32 OR BELOW:   4    0.01 INCH OR MORE:   7
MAX 90 OR ABOVE:   0    0.10 INCH OR MORE:   3
MIN 32 OR BELOW:  20    0.50 INCH OR MORE:   0
MIN  0 OR BELOW:   3    1.00 INCH OR MORE:   0

[HDD (BASE 65) ]
TOTAL THIS MO.   733    CLEAR  (SCALE 0-3)  14
DPTR FM NORMAL   125    PTCLDY (SCALE 4-7)   4
TOTAL FM JUL 1  5334    CLOUDY (SCALE 8-10)  5
DPTR FM NORMAL   179

[CDD (BASE 65) ]
TOTAL THIS MO.     0
DPTR FM NORMAL     0    [PRESSURE DATA]
TOTAL FM JAN 1     0    HIGHEST SLP M ON M
DPTR FM NORMAL     0    LOWEST  SLP 28.79 ON 13

[REMARKS]
