000
CXUS55 KGLD 220800
CF6ITR
PRELIMINARY LOCAL CLIMATOLOGICAL DATA (WS FORM: F-6)

                                          STATION:   BURLINGTON CO
                                          MONTH:     MAY
                                          YEAR:      2019
                                          LATITUDE:   39 15 N
                                          LONGITUDE: 102 17 W

  TEMPERATURE IN F:       :PCPN:    SNOW:  WIND      :SUNSHINE: SKY     :PK WND
================================================================================
1   2   3   4   5  6A  6B    7    8   9   10  11  12  13   14  15   16   17  18
                                     12Z  AVG MX 2MIN
DY MAX MIN AVG DEP HDD CDD  WTR  SNW DPTH SPD SPD DIR MIN PSBL S-S WX    SPD DR
================================================================================

 1  52  34  43 -10  22   0 0.06    M    M 10.6 23 350   M    M   9 12     35  20
 2  62  36  49  -4  16   0 0.01    M    M 12.1 30 140   M    M   7 1      38 140
 3  71  46  59   5   6   0 0.00    M    M  9.7 17  40   M    M   5 13     25 360
 4  76  47  62   8   3   0 0.00    M    M 16.3 32 170   M    M   6 1238   39 190
 5  82  44  63   9   2   0 0.00    M    M  8.5 18 290   M    M   1        26 290
 6  59  43  51  -4  14   0 0.51    M    M 12.4 35  80   M    M   9 123    42  80
 7  49  44  47  -8  18   0 0.14    M    M 11.2 24  60   M    M  10 123    30  60
 8  47  39  43 -13  22   0 0.19    M    M 16.1 26 360   M    M  10 12     35 350
 9  44  36  40 -16  25   0 0.07    M    M  9.0 22  10   M    M   9 1      28  20
10  50  32  41 -15  24   0 0.00    M    M  9.6 21 180   M    M   8        25 150
11  67  35  51  -6  14   0 0.04  0.0    0 13.4 28 330   M    M   6 1      38 330
12  72  36  54  -3  11   0 0.00  0.0    0 11.4 21 360   M    M   0        29 320
13  83  45  64   6   1   0 0.00  0.0    0  9.5 16 190   M    M   1        21  10
14  87  45  66   8   0   1 0.00    M    M  9.0 25 250   M    M   2 123    40 320
15  88  50  69  11   0   4    T    M    M 10.7 30 250   M    M   1 3      39 260
16  92  52  72  13   0   7 0.00    M    M 13.8 28 200   M    M   0        38 200
17  87  46  67   8   0   2 0.00    M    M 18.4 41 270   M    M   0        53 200
18  70  41  56  -4   9   0    T    M    M 11.5 31 320   M    M   2 3      43 320
19  66  34  50 -10  15   0 0.00    M    M 15.0 24 100   M    M   2        35 100
20  51  41  46 -14  19   0 0.49    M    M 20.7 33  80   M    M  10 123    45 110
21  44  34  39 -21  26   0 0.37    M    M 20.2 32 330   M    M   9 1      42 330
================================================================================
SM 1399  860       247  14  1.88     0.0 269.1          M      107
================================================================================
AV 66.6 41.0                              12.8 FASTST   M    M   5    MAX(MPH)
                                 MISC ---->  # 41 270               # 53  200
================================================================================
NOTES:
# LAST OF SEVERAL OCCURRENCES

COLUMN 17 PEAK WIND IN M.P.H.

PRELIMINARY LOCAL CLIMATOLOGICAL DATA (WS FORM: F-6) , PAGE 2

                                          STATION:  BURLINGTON CO
                                          MONTH:    MAY
                                          YEAR:     2019
                                          LATITUDE:   39 15 N
                                          LONGITUDE: 102 17 W

[TEMPERATURE DATA]      [PRECIPITATION DATA]       SYMBOLS USED IN COLUMN 16

AVERAGE MONTHLY: 53.8   TOTAL FOR MONTH:   1.88    1 = FOG OR MIST
DPTR FM NORMAL:  -3.0   DPTR FM NORMAL:    0.28    2 = FOG REDUCING VISIBILITY
HIGHEST:    92 ON 16    GRTST 24HR  0.51 ON  6- 6      TO 1/4 MILE OR LESS
LOWEST:     32 ON 10                               3 = THUNDER
                        SNOW, ICE PELLETS, HAIL    4 = ICE PELLETS
                        TOTAL MONTH:   0.0 INCH    5 = HAIL
                        GRTST 24HR     0.0         6 = FREEZING RAIN OR DRIZZLE
                        GRTST DEPTH:   0           7 = DUSTSTORM OR SANDSTORM:
                                                       VSBY 1/2 MILE OR LESS
                                                   8 = SMOKE OR HAZE
[NO. OF DAYS WITH]      [WEATHER - DAYS WITH]      9 = BLOWING SNOW
                                                   X = TORNADO
MAX 32 OR BELOW:   0    0.01 INCH OR MORE:   9
MAX 90 OR ABOVE:   1    0.10 INCH OR MORE:   5
MIN 32 OR BELOW:   1    0.50 INCH OR MORE:   1
MIN  0 OR BELOW:   0    1.00 INCH OR MORE:   0

[HDD (BASE 65) ]
TOTAL THIS MO.   247    CLEAR  (SCALE 0-3)   9
DPTR FM NORMAL    63    PTCLDY (SCALE 4-7)   5
TOTAL FM JUL 1  6165    CLOUDY (SCALE 8-10)  7
DPTR FM NORMAL   137

[CDD (BASE 65) ]
TOTAL THIS MO.    14
DPTR FM NORMAL     2    [PRESSURE DATA]
TOTAL FM JAN 1    14    HIGHEST SLP M ON M
DPTR FM NORMAL     1    LOWEST  SLP 29.26 ON 17

[REMARKS]
