000
CXUS53 KIWX 230800
CF6IWX
PRELIMINARY LOCAL CLIMATOLOGICAL DATA (WS FORM: F-6)

                                          STATION:   NORTH WEBSTER WFO
                                          MONTH:     MARCH
                                          YEAR:      2019
                                          LATITUDE:   41 21 N
                                          LONGITUDE:  85 42 W

  TEMPERATURE IN F:       :PCPN:    SNOW:  WIND      :SUNSHINE: SKY     :PK WND
================================================================================
1   2   3   4   5  6A  6B    7    8   9   10  11  12  13   14  15   16   17  18
                                     12Z  AVG MX 2MIN
DY MAX MIN AVG DEP HDD CDD  WTR  SNW DPTH SPD SPD DIR MIN PSBL S-S WX    SPD DR
================================================================================

 1  37  19  28  -4  37   0 0.00  0.0    0   M   M   M   M    M   M         M  M
 2  35  23  29  -4  36   0    T    T    0   M   M   M   M    M   M         M  M
 3  27   9  18 -15  47   0 0.04  0.4    0   M   M   M   M    M   M 1       M  M
 4  13   3   8 -26  57   0    T    T    T   M   M   M   M    M   M         M  M
 5  20   6  13 -21  52   0    T  0.3    T   M   M   M   M    M   M         M  M
 6  27   7  17 -17  48   0    T  0.1    T   M   M   M   M    M   M         M  M
 7  29  15  22 -13  43   0    T    T    0   M   M   M   M    M   M         M  M
 8  41  21  31  -4  34   0 0.00  0.0    0   M   M   M   M    M   M         M  M
 9  48  26  37   2  28   0 0.78  0.0    0   M   M   M   M    M   M         M  M
10  49  30  40   4  25   0 0.02  0.0    0   M   M   M   M    M   M         M  M
11  43  26  35  -1  30   0 0.00  0.0    0   M   M   M   M    M   M         M  M
12  48  21  35  -1  30   0 0.00  0.0    0   M   M   M   M    M   M         M  M
13  58  36  47  10  18   0 0.07  0.0    0   M   M   M   M    M   M         M  M
14  67  42  55  18  10   0 0.36  0.0    0   M   M   M   M    M   M         M  M
15  42  32  37  -1  28   0 0.12    T    0   M   M   M   M    M   M         M  M
16  43  26  35  -3  30   0    T    T    0   M   M   M   M    M   M         M  M
17  39  24  32  -6  33   0 0.04  0.2    0   M   M   M   M    M   M         M  M
18  44  23  34  -5  31   0    T    T    0   M   M   M   M    M   M         M  M
19  47  26  37  -2  28   0 0.00  0.0    0   M   M   M   M    M   M         M  M
20  42  36  39   0  26   0 0.11  0.0    0   M   M   M   M    M   M 1       M  M
21  47  34  41   1  24   0 0.09  0.0    0   M   M   M   M    M   M 1       M  M
22  48  24  36  -4  29   0 0.00  0.0    0   M   M   M   M    M   M         M  M
================================================================================
SM  894  509       724   0  1.63     1.0     M          M        M
================================================================================
AV 40.6 23.1                                 M FASTST   M    M   6    MAX(MPH)
                                 MISC ---->     M   M                  M    M
================================================================================
NOTES:
# LAST OF SEVERAL OCCURRENCES

COLUMN 17 PEAK WIND IN M.P.H.

PRELIMINARY LOCAL CLIMATOLOGICAL DATA (WS FORM: F-6) , PAGE 2

                                          STATION:  NORTH WEBSTER WFO
                                          MONTH:    MARCH
                                          YEAR:     2019
                                          LATITUDE:   41 21 N
                                          LONGITUDE:  85 42 W

[TEMPERATURE DATA]      [PRECIPITATION DATA]       SYMBOLS USED IN COLUMN 16

AVERAGE MONTHLY: 31.9   TOTAL FOR MONTH:   1.63    1 = FOG OR MIST
DPTR FM NORMAL:  -4.4   DPTR FM NORMAL:   -0.33    2 = FOG REDUCING VISIBILITY
HIGHEST:    67 ON 14    GRTST 24HR  0.78 ON  9- 9      TO 1/4 MILE OR LESS
LOWEST:      3 ON  4                               3 = THUNDER
                        SNOW, ICE PELLETS, HAIL    4 = ICE PELLETS
                        TOTAL MONTH:   1.0 INCH    5 = HAIL
                        GRTST 24HR   0.4 ON  3- 3  6 = FREEZING RAIN OR DRIZZLE
                        GRTST DEPTH:   0           7 = DUSTSTORM OR SANDSTORM:
                                                       VSBY 1/2 MILE OR LESS
                                                   8 = SMOKE OR HAZE
[NO. OF DAYS WITH]      [WEATHER - DAYS WITH]      9 = BLOWING SNOW
                                                   X = TORNADO
MAX 32 OR BELOW:   5    0.01 INCH OR MORE:   9
MAX 90 OR ABOVE:   0    0.10 INCH OR MORE:   4
MIN 32 OR BELOW:  18    0.50 INCH OR MORE:   1
MIN  0 OR BELOW:   0    1.00 INCH OR MORE:   0

[HDD (BASE 65) ]
TOTAL THIS MO.   724    CLEAR  (SCALE 0-3)   0
DPTR FM NORMAL    90    PTCLDY (SCALE 4-7)   0
TOTAL FM JUL 1  5492    CLOUDY (SCALE 8-10)  0
DPTR FM NORMAL   220

[CDD (BASE 65) ]
TOTAL THIS MO.     0
DPTR FM NORMAL     0    [PRESSURE DATA]
TOTAL FM JAN 1     0    HIGHEST SLP M ON M
DPTR FM NORMAL     0    LOWEST  SLP M ON M

[REMARKS]
