000
CXUS55 KEAX 260736
CF6IXD
PRELIMINARY LOCAL CLIMATOLOGICAL DATA (WS FORM: F-6)

                                          STATION:   New Century Air Center KS
                                          MONTH:     MARCH
                                          YEAR:      2019
                                          LATITUDE:   38 49 N
                                          LONGITUDE:  94 54 W

  TEMPERATURE IN F:       :PCPN:    SNOW:  WIND      :SUNSHINE: SKY     :PK WND
================================================================================
1   2   3   4   5  6A  6B    7    8   9   10  11  12  13   14  15   16   17  18
                                     12Z  AVG MX 2MIN
DY MAX MIN AVG DEP HDD CDD  WTR  SNW DPTH SPD SPD DIR MIN PSBL S-S WX    SPD DR
================================================================================

 1  35  23  29 -10  36   0 0.00    M    M  5.1 13 350   M    M   8        18 350
 2  31  21  26 -13  39   0 0.00    M    M 13.3 18  10   M    M   3 18     26 360
 3  21   1  11 -29  54   0    M    M    M 18.1 28 360   M    M   5 18     35  10
 4  17  -1   8 -32  57   0 0.00    M    M 10.0 16 270   M    M   0        22 280
 5  25   5  15 -25  50   0 0.00    M    M 10.5 21 340   M    M   0        33 320
 6  35   6  21 -20  44   0 0.00    M    M  8.3 15 200   M    M   0        18 150
 7  40  29  35  -6  30   0 0.00    M    M 11.3 20  70   M    M   6        27  70
 8  45  33  39  -3  26   0 0.01    M    M  8.4 15 100   M    M   9 12     22 100
 9  61  32  47   5  18   0 0.53    M    M 18.7 38 290   M    M   9 13     50 280
10  46  28  37  -5  28   0 0.00    M    M  8.0 17 290   M    M   0        31 320
11  54  30  42  -1  23   0 0.00    M    M  6.0 12  40   M    M   1 8      15  60
12  52  42  47   4  18   0 0.56    M    M 13.3 25 160   M    M  10 13     36 150
13  61  52  57  14   8   0 0.35    M    M 20.1 27 170   0    0   0        50 160
14  57  36  47   3  18   0    T    M    M 22.4 38 200   M    M  10 1      55 220
15  49  31  40  -4  25   0 0.00    M    M 13.4 24 330   M    M   2        34 300
16  60  25  43  -1  22   0 0.00    M    M  8.8 22 280   M    M   0        29 290
17  53  27  40  -5  25   0 0.00    M    M  5.0 12  40   M    M   2        15  40
18  54  30  42  -3  23   0 0.00    M    M  6.4 12 350   M    M   3        17  50
19  63  40  52   6  13   0 0.10    M    M 10.8 23 130   M    M   7 1      30 120
20  58  42  50   4  15   0 0.00    M    M 11.4 21 290   M    M   5 1      29 290
21  57  34  46   0  19   0 0.00    M    M  7.5 15 320   M    M   0        20 310
22  66  31  49   2  16   0 0.00    M    M  3.5 10  90   M    M   0        16  90
23  59  48  54   7  11   0 0.01    M    M 11.1 21 150   M    M   7 1      32 160
24  58  48  53   6  12   0    T    M    M 10.7 18 270   M    M   9 1      24 270
25  54  38  46  -2  19   0 0.01    M    M  9.5 17  10   M    M   8 1      22  10
================================================================================
SM 1211  731       649   0  1.57    M    271.6            0    104
================================================================================
AV 48.4 29.2                              10.9 FASTST    0   0   4    MAX(MPH)
                                 MISC ---->  # 38 290               # 55  220
================================================================================
NOTES:
# LAST OF SEVERAL OCCURRENCES

COLUMN 17 PEAK WIND IN M.P.H.

PRELIMINARY LOCAL CLIMATOLOGICAL DATA (WS FORM: F-6) , PAGE 2

                                          STATION:  New Century Air Center KS
                                          MONTH:    MARCH
                                          YEAR:     2019
                                          LATITUDE:   38 49 N
                                          LONGITUDE:  94 54 W

[TEMPERATURE DATA]      [PRECIPITATION DATA]       SYMBOLS USED IN COLUMN 16

AVERAGE MONTHLY: 38.8   TOTAL FOR MONTH:   1.57    1 = FOG OR MIST
DPTR FM NORMAL:  -4.5   DPTR FM NORMAL:   -0.53    2 = FOG REDUCING VISIBILITY
HIGHEST:    66 ON 22    GRTST 24HR  0.56 ON 12-12      TO 1/4 MILE OR LESS
LOWEST:     -1 ON  4                               3 = THUNDER
                        SNOW, ICE PELLETS, HAIL    4 = ICE PELLETS
                        TOTAL MONTH:    M          5 = HAIL
                        GRTST 24HR    M  ON   M    6 = FREEZING RAIN OR DRIZZLE
                        GRTST DEPTH:  M  ON   M    7 = DUSTSTORM OR SANDSTORM:
                                                       VSBY 1/2 MILE OR LESS
                                                   8 = SMOKE OR HAZE
[NO. OF DAYS WITH]      [WEATHER - DAYS WITH]      9 = BLOWING SNOW
                                                   X = TORNADO
MAX 32 OR BELOW:   4    0.01 INCH OR MORE:   7
MAX 90 OR ABOVE:   0    0.10 INCH OR MORE:   4
MIN 32 OR BELOW:  15    0.50 INCH OR MORE:   2
MIN  0 OR BELOW:   1    1.00 INCH OR MORE:   0

[HDD (BASE 65) ]
TOTAL THIS MO.   649    CLEAR  (SCALE 0-3)  12
DPTR FM NORMAL   107    PTCLDY (SCALE 4-7)   7
TOTAL FM JUL 1  4886    CLOUDY (SCALE 8-10)  6
DPTR FM NORMAL   354

[CDD (BASE 65) ]
TOTAL THIS MO.     0
DPTR FM NORMAL     0    [PRESSURE DATA]
TOTAL FM JAN 1     0    HIGHEST SLP  0.00 ON M
DPTR FM NORMAL     0    LOWEST  SLP  0.00 ON M

[REMARKS]
