000
CXUS55 KEAX 250736
CF6IXD
PRELIMINARY LOCAL CLIMATOLOGICAL DATA (WS FORM: F-6)

                                          STATION:   New Century Air Center KS
                                          MONTH:     JUNE
                                          YEAR:      2019
                                          LATITUDE:   38 49 N
                                          LONGITUDE:  94 54 W

  TEMPERATURE IN F:       :PCPN:    SNOW:  WIND      :SUNSHINE: SKY     :PK WND
================================================================================
1   2   3   4   5  6A  6B    7    8   9   10  11  12  13   14  15   16   17  18
                                     12Z  AVG MX 2MIN
DY MAX MIN AVG DEP HDD CDD  WTR  SNW DPTH SPD SPD DIR MIN PSBL S-S WX    SPD DR
================================================================================

 1  90  59  75   5   0  10 0.21    M    M  6.2 24 210   M    M   1 38     32 220
 2  80  59  70   0   0   5 0.00    M    M  5.5 12  40   M    M   0        16  60
 3  84  60  72   1   0   7 0.00    M    M 10.2 25 180   M    M   2 3      36 190
 4  86  66  76   5   0  11 0.00    M    M 10.3 20 210   M    M   4        28 220
 5  91  70  81  10   0  16 0.00    M    M 10.0 20 140   M    M   0 3      28 130
 6  82  66  74   2   0   9 0.43    M    M  6.9 26 210   M    M   4 13     35 210
 7  87  64  76   4   0  11 0.00    M    M  6.8 15  70   M    M   0        22  40
 8  87  62  75   3   0  10 0.00    M    M  4.7 13 120   M    M   0        18 130
 9  78  60  69  -3   0   4 0.00    M    M 11.2 23 330   M    M   3        32 330
10  78  52  65  -8   0   0 0.00    M    M  8.4 22 330   M    M   0        29 330
11  80  50  65  -8   0   0 0.12    M    M  8.5 18 300   M    M   2        25 160
12  77  54  66  -7   0   1 0.19    M    M 10.1 30 340   M    M   5 3      44 340
13  79  51  65  -8   0   0 0.00    M    M  5.6 12 170   M    M   1        17 300
14  82  61  72  -2   0   7 0.01    M    M 13.5 25 180   M    M   5        37 200
15  87  68  78   4   0  13 0.32    M    M 13.3 17 210   0    0   0 3      32 210
16  86  67  77   3   0  12 0.00    M    M  5.8 20 190   M    M   2        29 190
17  83  67  75   1   0  10 0.00    M    M  4.6  9 170   M    M   5 3      13 120
18  82  61  72  -2   0   7 0.31    M    M  3.3 12 140   M    M   5 123    16 120
19  79  63  71  -3   0   6 0.00    M    M  6.3 16 330   M    M   9 1      20 320
20  88  59  74  -1   0   9    T    M    M  7.4 18 180   M    M   0 1      25 190
21  80  65  73  -2   0   8 0.81    M    M 11.0 47 340   M    M   3 13     59 340
22  89  65  77   2   0  12 1.74    M    M 11.6 39 320   M    M   5 13     53 330
23  74  63  69  -6   0   4 2.19    M    M  8.1 21 290   M    M   7 13     29 290
24  79  61  70  -6   0   5 0.00    M    M 10.1 17 250   M    M   2        24 220
================================================================================
SM 1988 1473         0 177  6.33    M    199.4            0     65
================================================================================
AV 82.8 61.4                               8.3 FASTST    0   0   3    MAX(MPH)
                                 MISC ---->  # 47 340               # 59  340
================================================================================
NOTES:
# LAST OF SEVERAL OCCURRENCES

COLUMN 17 PEAK WIND IN M.P.H.

PRELIMINARY LOCAL CLIMATOLOGICAL DATA (WS FORM: F-6) , PAGE 2

                                          STATION:  New Century Air Center KS
                                          MONTH:    JUNE
                                          YEAR:     2019
                                          LATITUDE:   38 49 N
                                          LONGITUDE:  94 54 W

[TEMPERATURE DATA]      [PRECIPITATION DATA]       SYMBOLS USED IN COLUMN 16

AVERAGE MONTHLY: 72.1   TOTAL FOR MONTH:   6.33    1 = FOG OR MIST
DPTR FM NORMAL:  -0.9   DPTR FM NORMAL:    1.17    2 = FOG REDUCING VISIBILITY
HIGHEST:    91 ON  5    GRTST 24HR  2.19 ON 23-23      TO 1/4 MILE OR LESS
LOWEST:     50 ON 11                               3 = THUNDER
                        SNOW, ICE PELLETS, HAIL    4 = ICE PELLETS
                        TOTAL MONTH:    M          5 = HAIL
                        GRTST 24HR    M  ON   M    6 = FREEZING RAIN OR DRIZZLE
                        GRTST DEPTH:  M  ON   M    7 = DUSTSTORM OR SANDSTORM:
                                                       VSBY 1/2 MILE OR LESS
                                                   8 = SMOKE OR HAZE
[NO. OF DAYS WITH]      [WEATHER - DAYS WITH]      9 = BLOWING SNOW
                                                   X = TORNADO
MAX 32 OR BELOW:   0    0.01 INCH OR MORE:  10
MAX 90 OR ABOVE:   2    0.10 INCH OR MORE:   9
MIN 32 OR BELOW:   0    0.50 INCH OR MORE:   3
MIN  0 OR BELOW:   0    1.00 INCH OR MORE:   2

[HDD (BASE 65) ]
TOTAL THIS MO.     0    CLEAR  (SCALE 0-3)  14
DPTR FM NORMAL    -4    PTCLDY (SCALE 4-7)   9
TOTAL FM JUL 1  5362    CLOUDY (SCALE 8-10)  1
DPTR FM NORMAL   306

[CDD (BASE 65) ]
TOTAL THIS MO.   177
DPTR FM NORMAL   -22    [PRESSURE DATA]
TOTAL FM JAN 1   242    HIGHEST SLP  0.00 ON M
DPTR FM NORMAL   -69    LOWEST  SLP  0.00 ON M

[REMARKS]
