000
CXUS54 KJAN 261414
CF6JAN
PRELIMINARY LOCAL CLIMATOLOGICAL DATA (WS FORM: F-6)

                                          STATION:   JACKSON
                                          MONTH:     MAY
                                          YEAR:      2019
                                          LATITUDE:   32 19 N
                                          LONGITUDE:  90  5 W

  TEMPERATURE IN F:       :PCPN:    SNOW:  WIND      :SUNSHINE: SKY     :PK WND
================================================================================
1   2   3   4   5  6A  6B    7    8   9   10  11  12  13   14  15   16   17  18
                                     12Z  AVG MX 2MIN
DY MAX MIN AVG DEP HDD CDD  WTR  SNW DPTH SPD SPD DIR MIN PSBL S-S WX    SPD DR
================================================================================

 1  87  69  78  10   0  13    T  0.0    0  9.7 18 160   M    M   5        24 170
 2  86  66  76   8   0  11    T  0.0    0  9.3 24 150   M    M   4        32 170
 3  83  64  74   5   0   9 0.13  0.0    0  4.9 15 130   M    M   6 13     19 120
 4  74  64  69   0   0   4 0.65  0.0    0  5.7 14 300   M    M   8 13     19 150
 5  77  56  67  -2   0   2 0.00  0.0    0  5.5 13 360   M    M   6        20  10
 6  84  54  69  -1   0   4 0.00  0.0    0  2.5  9 200   M    M   0 1      13 160
 7  87  59  73   3   0   8 0.00  0.0    0  4.9 12 150   M    M   2        15 150
 8  85  64  75   5   0  10 0.85  0.0    0  9.5 25 220   M    M   5 13     35 210
 9  75  64  70   0   0   5 3.43  0.0    0  6.6 20  10   M    M   9 123    25 360
10  73  62  68  -3   0   3 0.42  0.0    0  3.5 15  40   M    M   9 123    21  40
11  86  68  77   6   0  12 0.42  0.0    0  6.9 21 220   M    M   8 138    27 200
12  79  60  70  -1   0   5 0.01  0.0    0  4.6 14 260   M    M   7 1      19 330
13  80  56  68  -4   0   3 0.00  0.0    0  4.6 18  10   M    M   2 12     22  10
14  82  53  68  -4   0   3 0.00  0.0    0  1.6 12  30   M    M   1        14  10
15  87  58  73   1   0   8 0.00  0.0    0  1.5 10 230   M    M   2        13 220
16  89  62  76   4   0  11 0.00  0.0    0  2.7 10 240   M    M   1 1      14 180
17  89  65  77   4   0  12 0.00  0.0    0  6.9 17 180   M    M   0        24 170
18  90  65  78   5   0  13 0.01  0.0    0 10.6 24 200   M    M   5 1      32 200
19  80  66  73   0   0   8 1.10  0.0    0  9.9 25 260   M    M   7 13     32 260
20  90  68  79   5   0  14 0.00  0.0    0  7.0 16 160   M    M   5        22 170
21  90  73  82   8   0  17 0.00  0.0    0 14.5 23 160   M    M   4        29 160
22  91  73  82   8   0  17 0.00  0.0    0 11.9 17 190   M    M   5        25 180
23  91  69  80   6   0  15 0.00  0.0    0  5.8 13 150   M    M   2 1      18 130
24  89  71  80   6   0  15 0.00  0.0    0  5.5 16 170   M    M   3        20 220
25  91  67  79   4   0  14 0.00  0.0    0  3.6 13 200   M    M   0 1      16 160
================================================================================
SM 2115 1596         0 236  7.02     0.0 159.7          M      106
================================================================================
AV 84.6 63.8                               6.4 FASTST   M    M   4    MAX(MPH)
                                 MISC ---->  # 25 220               # 35  210
================================================================================
NOTES:
# LAST OF SEVERAL OCCURRENCES

COLUMN 17 PEAK WIND IN M.P.H.

PRELIMINARY LOCAL CLIMATOLOGICAL DATA (WS FORM: F-6) , PAGE 2

                                          STATION:  JACKSON
                                          MONTH:    MAY
                                          YEAR:     2019
                                          LATITUDE:   32 19 N
                                          LONGITUDE:  90  5 W

[TEMPERATURE DATA]      [PRECIPITATION DATA]       SYMBOLS USED IN COLUMN 16

AVERAGE MONTHLY: 74.2   TOTAL FOR MONTH:   7.02    1 = FOG OR MIST
DPTR FM NORMAL:   2.7   DPTR FM NORMAL:    3.50    2 = FOG REDUCING VISIBILITY
HIGHEST:    91 ON 25,23 GRTST 24HR  3.43 ON  9- 9      TO 1/4 MILE OR LESS
LOWEST:     53 ON 14                               3 = THUNDER
                        SNOW, ICE PELLETS, HAIL    4 = ICE PELLETS
                        TOTAL MONTH:   0.0 INCH    5 = HAIL
                        GRTST 24HR     0.0         6 = FREEZING RAIN OR DRIZZLE
                        GRTST DEPTH:   0           7 = DUSTSTORM OR SANDSTORM:
                                                       VSBY 1/2 MILE OR LESS
                                                   8 = SMOKE OR HAZE
[NO. OF DAYS WITH]      [WEATHER - DAYS WITH]      9 = BLOWING SNOW
                                                   X = TORNADO
MAX 32 OR BELOW:   0    0.01 INCH OR MORE:   9
MAX 90 OR ABOVE:   6    0.10 INCH OR MORE:   7
MIN 32 OR BELOW:   0    0.50 INCH OR MORE:   4
MIN  0 OR BELOW:   0    1.00 INCH OR MORE:   2

[HDD (BASE 65) ]
TOTAL THIS MO.     0    CLEAR  (SCALE 0-3)  10
DPTR FM NORMAL   -10    PTCLDY (SCALE 4-7)  12
TOTAL FM JUL 1  2095    CLOUDY (SCALE 8-10)  3
DPTR FM NORMAL  -294

[CDD (BASE 65) ]
TOTAL THIS MO.   236
DPTR FM NORMAL    60    [PRESSURE DATA]
TOTAL FM JAN 1   367    HIGHEST SLP M ON M
DPTR FM NORMAL    73    LOWEST  SLP 29.70 ON  4

[REMARKS]
