000
CXUS54 KMEG 230633
CF6JBR
PRELIMINARY LOCAL CLIMATOLOGICAL DATA (WS FORM: F-6)

                                          STATION:   JONESBORO
                                          MONTH:     MARCH
                                          YEAR:      2019
                                          LATITUDE:   35 49 N
                                          LONGITUDE:  90 39 W

  TEMPERATURE IN F:       :PCPN:    SNOW:  WIND      :SUNSHINE: SKY     :PK WND
================================================================================
1   2   3   4   5  6A  6B    7    8   9   10  11  12  13   14  15   16   17  18
                                     12Z  AVG MX 2MIN
DY MAX MIN AVG DEP HDD CDD  WTR  SNW DPTH SPD SPD DIR MIN PSBL S-S WX    SPD DR
================================================================================

 1  41  31  36  -9  29   0 0.00  0.0    0  3.5  9  30   M    M   9 1      12  30
 2  42  36  39  -7  26   0 0.00  0.0    0  5.8 14  50   M    M  10        16  50
 3  39  25  32 -14  33   0 0.06    T    0 11.7 20  10   M    M  10 1      26 360
 4  30  17  24 -22  41   0 0.00  0.0    0  9.2 15  20   M    M   2        26 350
 5  41  18  30 -17  35   0 0.00  0.0    0  8.9 21 290   M    M   0        26 260
 6  40  21  31 -16  34   0 0.00  0.0    0  4.5 13 230   M    M   0        19 180
 7  45  24  35 -12  30   0 0.04  0.0    0  6.7 15 130   M    M   8 1      18 130
 8  47  40  44  -4  21   0 0.04  0.0    0  8.5 14  50   M    M   9 1      17  40
 9  67  45  56   8   9   0 0.53  0.0    0 15.0 37 230   M    M   7 123    45 180
10  58  44  51   3  14   0    T  0.0    0  6.4 14 310   M    M   2        19 300
11  57  45  51   2  14   0 0.00  0.0    0  8.4 14  70   M    M   2        18  60
12  57  43  50   1  15   0    T  0.0    0  7.4 16  70   M    M   3        20  70
13  70  49  60  11   5   0 0.20  0.0    0 13.4 36 160   M    M   7 13     45 160
14  69  48  59   9   6   0    M    M    0 20.4 39 210   M    M   4 13     64 230
15  57  43  50   0  15   0 0.00  0.0    0 10.9 20 280   M    M   2        28 300
16  58  34  46  -4  19   0 0.00  0.0    0  4.6 14 320   M    M   0        18 330
17  65  36  51   1  14   0 0.00  0.0    0  6.2 16 280   M    M   0        20  50
18  57  39  48  -3  17   0 0.00  0.0    0  6.5 13 100   M    M   4        16  90
19  60  36  48  -3  17   0 0.00  0.0    0  5.8 16 150   M    M   0        21 140
20  54  37  46  -6  19   0 0.02  0.0    0  5.7 16 240   M    M   6 1      20 280
21  62  41  52   0  13   0 0.00  0.0    0  7.3 16 310   M    M   1 1      22 350
22  69  37  53   1  12   0 0.00  0.0    0  4.2 15 270   M    M   0        19 260
================================================================================
SM 1185  789       438   0  0.89    T    181.0          M       86
================================================================================
AV 53.9 35.9                               8.2 FASTST   M    M   4    MAX(MPH)
                                 MISC ---->  # 39 210               # 64  230
================================================================================
NOTES:
# LAST OF SEVERAL OCCURRENCES

COLUMN 17 PEAK WIND IN M.P.H.

PRELIMINARY LOCAL CLIMATOLOGICAL DATA (WS FORM: F-6) , PAGE 2

                                          STATION:  JONESBORO
                                          MONTH:    MARCH
                                          YEAR:     2019
                                          LATITUDE:   35 49 N
                                          LONGITUDE:  90 39 W

[TEMPERATURE DATA]      [PRECIPITATION DATA]       SYMBOLS USED IN COLUMN 16

AVERAGE MONTHLY: 44.9   TOTAL FOR MONTH:   0.89    1 = FOG OR MIST
DPTR FM NORMAL:  -3.9   DPTR FM NORMAL:   -2.22    2 = FOG REDUCING VISIBILITY
HIGHEST:    70 ON 13    GRTST 24HR  0.53 ON  9- 9      TO 1/4 MILE OR LESS
LOWEST:     17 ON  4                               3 = THUNDER
                        SNOW, ICE PELLETS, HAIL    4 = ICE PELLETS
                        TOTAL MONTH:    T          5 = HAIL
                        GRTST 24HR    T  ON  3- 3  6 = FREEZING RAIN OR DRIZZLE
                        GRTST DEPTH:   0           7 = DUSTSTORM OR SANDSTORM:
                                                       VSBY 1/2 MILE OR LESS
                                                   8 = SMOKE OR HAZE
[NO. OF DAYS WITH]      [WEATHER - DAYS WITH]      9 = BLOWING SNOW
                                                   X = TORNADO
MAX 32 OR BELOW:   1    0.01 INCH OR MORE:   6
MAX 90 OR ABOVE:   0    0.10 INCH OR MORE:   2
MIN 32 OR BELOW:   6    0.50 INCH OR MORE:   1
MIN  0 OR BELOW:   0    1.00 INCH OR MORE:   0

[HDD (BASE 65) ]
TOTAL THIS MO.   438    CLEAR  (SCALE 0-3)  11
DPTR FM NORMAL    79    PTCLDY (SCALE 4-7)   7
TOTAL FM JUL 1  3254    CLOUDY (SCALE 8-10)  4
DPTR FM NORMAL   -61

[CDD (BASE 65) ]
TOTAL THIS MO.     0
DPTR FM NORMAL     0    [PRESSURE DATA]
TOTAL FM JAN 1     0    HIGHEST SLP M ON M
DPTR FM NORMAL     0    LOWEST  SLP 29.60 ON  9

[REMARKS]
