000
CXUS55 KGGW 230800
CF6JDN
PRELIMINARY LOCAL CLIMATOLOGICAL DATA (WS FORM: F-6)

                                          STATION:   JORDAN  ASOS MT
                                          MONTH:     MAY
                                          YEAR:      2019
                                          LATITUDE:   47 19 N
                                          LONGITUDE: 106 50 W

  TEMPERATURE IN F:       :PCPN:    SNOW:  WIND      :SUNSHINE: SKY     :PK WND
================================================================================
1   2   3   4   5  6A  6B    7    8   9   10  11  12  13   14  15   16   17  18
                                     12Z  AVG MX 2MIN
DY MAX MIN AVG DEP HDD CDD  WTR  SNW DPTH SPD SPD DIR MIN PSBL S-S WX    SPD DR
================================================================================

 1  51  20  36 -12  29   0 0.00  0.0    0  6.1 20 170   M    M   0        25 180
 2  57  30  44  -4  21   0 0.00  0.0    0 11.2 29 220   M    M   0        38 220
 3  67  24  46  -3  19   0 0.00  0.0    0  6.3 20 270   M    M   0        27 250
 4  53  38  46  -3  19   0 0.00  0.0    0 10.3 18  30   M    M   0        24  30
 5  39  31  35 -14  30   0 0.29    M    0  7.3 18  40   M    M   0        23  40
 6  49  29  39 -11  26   0 0.00  0.0    0  5.6 10 130   M    M   0        14 110
 7  53  33  43  -7  22   0 0.00  0.0    0  8.2 14 120   M    M   0        17 140
 8  57  31  44  -6  21   0 0.00  0.0    0  8.6 22  50   M    M   0        27  40
 9  60  23  42  -8  23   0 0.00  0.0    0  5.6 15 220   M    M   0        19 190
10  69  39  54   3  11   0 0.03    M    0 10.7 37 310   M    M   0        44 310
11  64  36  50  -1  15   0 0.00  0.0    0 10.5 28 320   M    M   0        34 330
12  80  31  56   5   9   0 0.00  0.0    0  7.9 23 260   M    M   0        33 260
13  78  47  63  11   2   0 0.02    M    0  6.3 31 330   M    M   0        39 330
14  79  41  60   8   5   0 0.00  0.0    0  6.8 17 130   M    M   0        29 120
15  79  46  63  11   2   0 0.00  0.0    0 11.0 24 300   M    M   0        32 340
16  58  43  51  -2  14   0 0.04    M    0 15.3 22  90   M    M   0        30  90
17  47  33  40 -13  25   0 1.31    M    0 18.9 33  90   M    M   0        43  90
18  42  33  38 -15  27   0 0.52    M    0  9.5 17  20   M    M   0        21  30
19  51  34  43 -11  22   0 0.00  0.0    0  7.6 16 100   M    M   0        21  90
20  52  32  42 -12  23   0 0.00  0.0    0 12.6 24 120   M    M   0        29 110
21  51  38  45  -9  20   0 0.06    M    0 11.7 23  90   M    M   0        28  90
22  68  43  56   2   9   0 0.00  0.0    0 12.2 26 360   M    M   0        31 360
================================================================================
SM 1304  755       394   0  2.27     0.0 210.2          M        0
================================================================================
AV 59.3 34.3                               9.6 FASTST   M    M   0    MAX(MPH)
                                 MISC ---->  # 37 310               # 44  310
================================================================================
NOTES:
# LAST OF SEVERAL OCCURRENCES

COLUMN 17 PEAK WIND IN M.P.H.

PRELIMINARY LOCAL CLIMATOLOGICAL DATA (WS FORM: F-6) , PAGE 2

                                          STATION:  JORDAN  ASOS MT
                                          MONTH:    MAY
                                          YEAR:     2019
                                          LATITUDE:   47 19 N
                                          LONGITUDE: 106 50 W

[TEMPERATURE DATA]      [PRECIPITATION DATA]       SYMBOLS USED IN COLUMN 16

AVERAGE MONTHLY: 46.8   TOTAL FOR MONTH:   2.27    1 = FOG OR MIST
DPTR FM NORMAL:  -4.4   DPTR FM NORMAL:    0.94    2 = FOG REDUCING VISIBILITY
HIGHEST:    80 ON 12    GRTST 24HR  1.31 ON 17-17      TO 1/4 MILE OR LESS
LOWEST:     20 ON  1                               3 = THUNDER
                        SNOW, ICE PELLETS, HAIL    4 = ICE PELLETS
                        TOTAL MONTH:   0.0 INCH    5 = HAIL
                        GRTST 24HR     0.0         6 = FREEZING RAIN OR DRIZZLE
                        GRTST DEPTH:   0           7 = DUSTSTORM OR SANDSTORM:
                                                       VSBY 1/2 MILE OR LESS
                                                   8 = SMOKE OR HAZE
[NO. OF DAYS WITH]      [WEATHER - DAYS WITH]      9 = BLOWING SNOW
                                                   X = TORNADO
MAX 32 OR BELOW:   0    0.01 INCH OR MORE:   7
MAX 90 OR ABOVE:   0    0.10 INCH OR MORE:   3
MIN 32 OR BELOW:   9    0.50 INCH OR MORE:   2
MIN  0 OR BELOW:   0    1.00 INCH OR MORE:   1

[HDD (BASE 65) ]
TOTAL THIS MO.   394    CLEAR  (SCALE 0-3)  22
DPTR FM NORMAL    89    PTCLDY (SCALE 4-7)   0
TOTAL FM JUL 1  8630    CLOUDY (SCALE 8-10)  0
DPTR FM NORMAL   591

[CDD (BASE 65) ]
TOTAL THIS MO.     0
DPTR FM NORMAL     0    [PRESSURE DATA]
TOTAL FM JAN 1     0    HIGHEST SLP M ON M
DPTR FM NORMAL     0    LOWEST  SLP 29.58 ON 12

[REMARKS]
