000
CXUS53 KLSX 261600
CF6JEF
PRELIMINARY LOCAL CLIMATOLOGICAL DATA (WS FORM: F-6)

                                          STATION:   JEFFERSON CITY
                                          MONTH:     MAY
                                          YEAR:      2019
                                          LATITUDE:   38 35 N
                                          LONGITUDE:  92 10 W

  TEMPERATURE IN F:       :PCPN:    SNOW:  WIND      :SUNSHINE: SKY     :PK WND
================================================================================
1   2   3   4   5  6A  6B    7    8   9   10  11  12  13   14  15   16   17  18
                                     12Z  AVG MX 2MIN
DY MAX MIN AVG DEP HDD CDD  WTR  SNW DPTH SPD SPD DIR MIN PSBL S-S WX    SPD DR
================================================================================

 1  76  60  68   7   0   3 0.77  0.0    0  4.1 21 110   M    M   6        27 110
 2  68  58  63   2   2   0 0.06  0.0    0  5.9 21 340   M    M   9 138    29 340
 3  60  55  58  -4   7   0    T  0.0    0  4.8 10  40   M    M  10 18     18  40
 4  69  49  59  -3   6   0 0.00  0.0    0  5.1 14  20   M    M   6 1      19  30
 5  75  45  60  -2   5   0 0.00  0.0    0  3.3 10 190   M    M   2 12     13 160
 6  76  57  67   5   0   2 0.09  0.0    0  5.1 13 140   M    M   4 1      16 120
 7  79  61  70   7   0   5 0.05  0.0    0  5.5 15  30   M    M   3 13     21 320
 8  76  61  69   6   0   4 0.07  0.0    0  9.8 22 150   M    M   7 138    34 170
 9  64  50  57  -6   8   0 0.00  0.0    0  8.7 16 280   M    M   9        27 300
10  64  47  56  -8   9   0 0.00  0.0    0  6.2 14 350   M    M   4        20  70
11  55  49  52 -12  13   0 0.05  0.0    0  6.5 14 100   M    M   8 1      19 110
12  60  47  54 -10  11   0    T  0.0    0  2.6 12 310   M    M   8        13 310
13  67  43  55  -9  10   0 0.00  0.0    0  3.1 12 140   M    M   1 1      12 140
14  80  47  64  -1   1   0    T    M    0  7.4 17 190   M    M   1 3      28 200
15  86  60  73   8   0   8 0.01  0.0    0  2.2  9 280   M    M   1 13     13 180
16  90  62  76  11   0  11 0.00  0.0    0  8.3 21 220   M    M   0        30 260
17  88  68  78  12   0  13 0.00  0.0    0  7.5 17 220   M    M   1        26 210
18  85  63  74   8   0   9 0.04  0.0    0 10.3 38 260   M    M   5 138    52 260
19  74  55  65  -1   0   0 0.01  0.0    0 10.2 25 280   M    M   4 1      35 270
20  68  49  59  -7   6   0    M  0.0    0  8.0 28 240   M    M   2 13     39  70
21  73  51  62  -5   3   0    M  0.0    0 12.8 30 250   M    M   7 13     44 250
22  83  57  70   3   0   5 0.00  0.0    0  8.4 12 180   M    M   1         M  M
23   M   M   M   M   M   M    M    M    M   M   M   M   M    M   M         M  M
24   M   M   M   M   M   M    M    M    M   M   M   M   M    M   M         M  M
25   M   M   M   M   M   M    M    M    M   M   M   M   M    M   M         M  M
================================================================================
SM 1616 1194        81  60  1.15     0.0 145.8          M       99
================================================================================
AV 73.5 54.3                               6.6 FASTST   M    M   5    MAX(MPH)
                                 MISC ---->  # 38 260               # 52  260
================================================================================
NOTES:
# LAST OF SEVERAL OCCURRENCES

COLUMN 17 PEAK WIND IN M.P.H.

PRELIMINARY LOCAL CLIMATOLOGICAL DATA (WS FORM: F-6) , PAGE 2

                                          STATION:  JEFFERSON CITY
                                          MONTH:    MAY
                                          YEAR:     2019
                                          LATITUDE:   38 35 N
                                          LONGITUDE:  92 10 W

[TEMPERATURE DATA]      [PRECIPITATION DATA]       SYMBOLS USED IN COLUMN 16

AVERAGE MONTHLY: 63.9   TOTAL FOR MONTH:   1.15    1 = FOG OR MIST
DPTR FM NORMAL:  -0.6   DPTR FM NORMAL:   -2.93    2 = FOG REDUCING VISIBILITY
HIGHEST:    90 ON 16    GRTST 24HR  1.73 ON 30- 1      TO 1/4 MILE OR LESS
LOWEST:     43 ON 13                               3 = THUNDER
                        SNOW, ICE PELLETS, HAIL    4 = ICE PELLETS
                        TOTAL MONTH:   0.0 INCH    5 = HAIL
                        GRTST 24HR     0.0         6 = FREEZING RAIN OR DRIZZLE
                        GRTST DEPTH:   0           7 = DUSTSTORM OR SANDSTORM:
                                                       VSBY 1/2 MILE OR LESS
                                                   8 = SMOKE OR HAZE
[NO. OF DAYS WITH]      [WEATHER - DAYS WITH]      9 = BLOWING SNOW
                                                   X = TORNADO
MAX 32 OR BELOW:   0    0.01 INCH OR MORE:   9
MAX 90 OR ABOVE:   1    0.10 INCH OR MORE:   1
MIN 32 OR BELOW:   0    0.50 INCH OR MORE:   1
MIN  0 OR BELOW:   0    1.00 INCH OR MORE:   0

[HDD (BASE 65) ]
TOTAL THIS MO.    81    CLEAR  (SCALE 0-3)   8
DPTR FM NORMAL    -2    PTCLDY (SCALE 4-7)  11
TOTAL FM JUL 1  4758    CLOUDY (SCALE 8-10)  3
DPTR FM NORMAL   124

[CDD (BASE 65) ]
TOTAL THIS MO.    60
DPTR FM NORMAL    -9    [PRESSURE DATA]
TOTAL FM JAN 1    94    HIGHEST SLP M ON M
DPTR FM NORMAL    -5    LOWEST  SLP 29.58 ON 21

[REMARKS]
