000
CXUS53 KLSX 221600
CF6JEF
PRELIMINARY LOCAL CLIMATOLOGICAL DATA (WS FORM: F-6)

                                          STATION:   JEFFERSON CITY
                                          MONTH:     MARCH
                                          YEAR:      2019
                                          LATITUDE:   38 35 N
                                          LONGITUDE:  92 10 W

  TEMPERATURE IN F:       :PCPN:    SNOW:  WIND      :SUNSHINE: SKY     :PK WND
================================================================================
1   2   3   4   5  6A  6B    7    8   9   10  11  12  13   14  15   16   17  18
                                     12Z  AVG MX 2MIN
DY MAX MIN AVG DEP HDD CDD  WTR  SNW DPTH SPD SPD DIR MIN PSBL S-S WX    SPD DR
================================================================================

 1  38  27  33  -8  32   0    T    M    0  3.0 13 300   M    M  10 8      17 290
 2  34  28  31 -10  34   0 0.00  0.0    0  7.0 14 360   M    M   3 8      23 340
 3  28   7  18 -23  47   0    M    M    M 12.4 21 330   M    M   6 1      31 330
 4  18   1  10 -32  55   0 0.00  0.0    M 10.9 18 280   M    M   0        28 320
 5  26  10  18 -24  47   0 0.00  0.0    M  9.6 21 290   M    M   0        31 280
 6  36   9  23 -19  42   0 0.00  0.0    M  3.0 10 280   M    M   1        17 280
 7  44  30  37  -5  28   0 0.00  0.0    M  9.6 22 110   M    M   6 18     29 120
 8  51  34  43   0  22   0 0.02  0.0    0  6.6 15 100   M    M   8 18     20 100
 9  64  39  52   9  13   0 1.19  0.0    0 17.0 37 270   M    M  10 138    54 270
10  47  33  40  -4  25   0 0.00  0.0    0  8.3 20 280   M    M   1        28 290
11  53  34  44   0  21   0    T  0.0    0  3.8 12 150   M    M   5        15 150
12  55  34  45   1  20   0 0.76  0.0    0  9.0 20 130   M    M   6 13     27 130
13  66  49  58  13   7   0 0.14  0.0    0 14.0 33 130   M    M   5 8      49 140
14  62  42  52   7  13   0 0.01  0.0    0 21.6 36 240   M    M   9        58 230
15  50  32  41  -4  24   0 0.00  0.0    0 13.8 25 300   M    M   5        36 330
16  56  25  41  -5  24   0 0.00  0.0    0  3.5 13 240   M    M   2        18 230
17  49  35  42  -4  23   0 0.00  0.0    0  5.4 14 360   M    M   3        19 320
18  54  32  43  -3  22   0 0.00  0.0    0  3.9 13 290   M    M   2 8      19 340
19  58  30  44  -3  21   0    T    M    0  6.5 15 160   M    M   5        22 180
20  56  47  52   5  13   0    T    M    0  7.8 17 270   M    M  10        24 310
21  57  34  46  -1  19   0 0.00  0.0    0  7.5 17 290   M    M   2        24 290
================================================================================
SM 1002  612       552   0  2.12     0.0 184.2          M       99
================================================================================
AV 47.7 29.1                               8.8 FASTST   M    M   5    MAX(MPH)
                                 MISC ---->  # 37 270               # 58  230
================================================================================
NOTES:
# LAST OF SEVERAL OCCURRENCES

COLUMN 17 PEAK WIND IN M.P.H.

PRELIMINARY LOCAL CLIMATOLOGICAL DATA (WS FORM: F-6) , PAGE 2

                                          STATION:  JEFFERSON CITY
                                          MONTH:    MARCH
                                          YEAR:     2019
                                          LATITUDE:   38 35 N
                                          LONGITUDE:  92 10 W

[TEMPERATURE DATA]      [PRECIPITATION DATA]       SYMBOLS USED IN COLUMN 16

AVERAGE MONTHLY: 38.4   TOTAL FOR MONTH:   2.12    1 = FOG OR MIST
DPTR FM NORMAL:  -5.5   DPTR FM NORMAL:    0.14    2 = FOG REDUCING VISIBILITY
HIGHEST:    66 ON 13    GRTST 24HR  1.19 ON  9- 9      TO 1/4 MILE OR LESS
LOWEST:      1 ON  4                               3 = THUNDER
                        SNOW, ICE PELLETS, HAIL    4 = ICE PELLETS
                        TOTAL MONTH:   0.0 INCH    5 = HAIL
                        GRTST 24HR     0.0         6 = FREEZING RAIN OR DRIZZLE
                        GRTST DEPTH:   0           7 = DUSTSTORM OR SANDSTORM:
                                                       VSBY 1/2 MILE OR LESS
                                                   8 = SMOKE OR HAZE
[NO. OF DAYS WITH]      [WEATHER - DAYS WITH]      9 = BLOWING SNOW
                                                   X = TORNADO
MAX 32 OR BELOW:   3    0.01 INCH OR MORE:   5
MAX 90 OR ABOVE:   0    0.10 INCH OR MORE:   3
MIN 32 OR BELOW:  11    0.50 INCH OR MORE:   2
MIN  0 OR BELOW:   0    1.00 INCH OR MORE:   1

[HDD (BASE 65) ]
TOTAL THIS MO.   552    CLEAR  (SCALE 0-3)   7
DPTR FM NORMAL   111    PTCLDY (SCALE 4-7)  10
TOTAL FM JUL 1  4328    CLOUDY (SCALE 8-10)  4
DPTR FM NORMAL   225

[CDD (BASE 65) ]
TOTAL THIS MO.     0
DPTR FM NORMAL     0    [PRESSURE DATA]
TOTAL FM JAN 1     0    HIGHEST SLP M ON M
DPTR FM NORMAL     0    LOWEST  SLP 29.30 ON  9

[REMARKS]
