218
CXUS55 KBOI 201002
CF6JER
PRELIMINARY LOCAL CLIMATOLOGICAL DATA (WS FORM: F-6)

                                          STATION:   JEROME ID
                                          MONTH:     MAY
                                          YEAR:      2019
                                          LATITUDE:   42 43 N
                                          LONGITUDE: 114 27 W

  TEMPERATURE IN F:       :PCPN:    SNOW:  WIND      :SUNSHINE: SKY     :PK WND
================================================================================
1   2   3   4   5  6A  6B    7    8   9   10  11  12  13   14  15   16   17  18
                                     12Z  AVG MX 2MIN
DY MAX MIN AVG DEP HDD CDD  WTR  SNW DPTH SPD SPD DIR MIN PSBL S-S WX    SPD DR
================================================================================

 1  56  25  41  -9  24   0 0.00    M    M  7.1 17 250   M    M   1        24 270
 2  62  34  48  -3  17   0 0.00    M    M 13.3 26 280   M    M   2        36 270
 3  68  31  50  -1  15   0 0.00    M    M  4.7 16 280   M    M   0        21 280
 4  74  40  57   6   8   0 0.00    M    M  9.1 18 290   M    M   0        24 270
 5  74  41  58   6   7   0 0.00    M    M  8.0 21 280   M    M   0        27 300
 6  75  42  59   7   6   0 0.00    M    M  6.5 24 200   M    M   0        30 200
 7  72  46  59   7   6   0 0.02    M    M 12.6 40  50   M    M   4 38     47  50
 8  66  43  55   3  10   0    T    M    M  8.3 21 120   M    M   7        25 120
 9  64  39  52  -1  13   0 0.01    M    M 14.4 25  80   M    M   5 8      31  80
10  68  34  51  -2  14   0 0.00    M    M  6.5 17  80   M    M   0        19  80
11  77  40  59   5   6   0 0.00    M    M  6.9 15 280   M    M   0        19 280
12  83  45  64  10   1   0 0.00    M    M  7.3 23 300   M    M   0        29 290
13  81  49  65  11   0   0 0.00    M    M  8.6 23 300   M    M   1        29 300
14  80  53  67  13   0   2    T    M    M  7.0 30 210   M    M   3 8      38 210
15  75  54  65  10   0   0    T    M    M  7.8 18 280   M    M   2        26 170
16  74  44  59   4   6   0 0.36    M    M  9.5 25 260   M    M   5 1      31 260
17  48  42  45 -10  20   0 0.34    M    M 17.2 28 270   M    M  10 1      34 290
18  62  43  53  -3  12   0    T    M    M 11.1 23 280   M    M   5        28 300
19  58  45  52  -4  13   0 0.35    M    M 10.4 26  80   M    M   9 13     32  80
================================================================================
SM 1317  790       178   2  1.08    M    176.3          M       54
================================================================================
AV 69.3 41.6                               9.3 FASTST   M    M   3    MAX(MPH)
                                 MISC ---->  # 40  50               # 47   50
================================================================================
NOTES:
# LAST OF SEVERAL OCCURRENCES

COLUMN 17 PEAK WIND IN M.P.H.

PRELIMINARY LOCAL CLIMATOLOGICAL DATA (WS FORM: F-6) , PAGE 2

                                          STATION:  JEROME ID
                                          MONTH:    MAY
                                          YEAR:     2019
                                          LATITUDE:   42 43 N
                                          LONGITUDE: 114 27 W

[TEMPERATURE DATA]      [PRECIPITATION DATA]       SYMBOLS USED IN COLUMN 16

AVERAGE MONTHLY: 55.5   TOTAL FOR MONTH:   1.08    1 = FOG OR MIST
DPTR FM NORMAL:   2.3   DPTR FM NORMAL:    0.23    2 = FOG REDUCING VISIBILITY
HIGHEST:    83 ON 12    GRTST 24HR  0.36 ON 16-16      TO 1/4 MILE OR LESS
LOWEST:     25 ON  1                               3 = THUNDER
                        SNOW, ICE PELLETS, HAIL    4 = ICE PELLETS
                        TOTAL MONTH:    M          5 = HAIL
                        GRTST 24HR    M  ON   M    6 = FREEZING RAIN OR DRIZZLE
                        GRTST DEPTH:  M  ON   M    7 = DUSTSTORM OR SANDSTORM:
                                                       VSBY 1/2 MILE OR LESS
                                                   8 = SMOKE OR HAZE
[NO. OF DAYS WITH]      [WEATHER - DAYS WITH]      9 = BLOWING SNOW
                                                   X = TORNADO
MAX 32 OR BELOW:   0    0.01 INCH OR MORE:   5
MAX 90 OR ABOVE:   0    0.10 INCH OR MORE:   3
MIN 32 OR BELOW:   2    0.50 INCH OR MORE:   0
MIN  0 OR BELOW:   0    1.00 INCH OR MORE:   0

[HDD (BASE 65) ]
TOTAL THIS MO.   178    CLEAR  (SCALE 0-3)  11
DPTR FM NORMAL   -50    PTCLDY (SCALE 4-7)   6
TOTAL FM JUL 1  5917    CLOUDY (SCALE 8-10)  2
DPTR FM NORMAL  -514

[CDD (BASE 65) ]
TOTAL THIS MO.     2
DPTR FM NORMAL     2    [PRESSURE DATA]
TOTAL FM JAN 1     2    HIGHEST SLP M ON M
DPTR FM NORMAL     2    LOWEST  SLP 29.51 ON M

[REMARKS]
