000
CXUS55 KJKL 221000
CF6JKL
PRELIMINARY LOCAL CLIMATOLOGICAL DATA (WS FORM: F-6)

                                          STATION:   JACKSON KY
                                          MONTH:     MAY
                                          YEAR:      2019
                                          LATITUDE:   37 35 N
                                          LONGITUDE:  83 19 W

  TEMPERATURE IN F:       :PCPN:    SNOW:  WIND      :SUNSHINE: SKY     :PK WND
================================================================================
1   2   3   4   5  6A  6B    7    8   9   10  11  12  13   14  15   16   17  18
                                     12Z  AVG MX 2MIN
DY MAX MIN AVG DEP HDD CDD  WTR  SNW DPTH SPD SPD DIR MIN PSBL S-S WX    SPD DR
================================================================================

 1  83  66  75  13   0  10 0.00  0.0    0  3.6 13 200   M    M   1        29 190
 2  85  62  74  12   0   9 0.93  0.0    0  2.7 20 290   M    M   4 1238   41 300
 3  76  59  68   6   0   3 0.44  0.0    0  2.8 14 270   M    M   6 123    24 280
 4  73  61  67   5   0   2 0.25  0.0    0  0.3  8 330   M    M   9 12     13 310
 5  63  55  59  -3   6   0 0.58  0.0    0  1.6  9 310   M    M   8 1      14 320
 6  74  47  61  -1   4   0 0.00  0.0    0  0.6  6 150   M    M   2 12     10 120
 7  79  51  65   2   0   0 0.00  0.0    0  1.7  6 310   M    M   1        11 210
 8  84  59  72   9   0   7 0.00  0.0    0  1.2  7 150   M    M   1        12 120
 9  75  66  71   8   0   6    T  0.0    0  1.8  9 150   M    M   4        16 170
10  79  60  70   7   0   5    T  0.0    0  2.3  9 310   M    M   7        17 270
11  61  56  59  -5   6   0 0.58  0.0    0  0.4  5 160   M    M  10 1       9  70
12  67  53  60  -4   5   0 0.50  0.0    0  3.7 12 300   M    M  10 1      21 240
13  56  50  53 -11  12   0 0.01  0.0    0  3.7 12 280   M    M  10 1      21 270
14  65  46  56  -8   9   0 0.00  0.0    0  2.0  9 310   M    M   3        14 300
15  69  45  57  -7   8   0 0.00  0.0    0  0.6  7 290   M    M   4        16 250
16  77  50  64  -1   1   0 0.01  0.0    0  0.4  7 150   M    M   3        14 150
17  84  60  72   7   0   7 0.23    T    0  1.3  9 220   M    M   2 135    18 190
18  86  64  75  10   0  10 0.00  0.0    0  1.1  7 160   M    M   0        13 180
19  85  66  76  11   0  11    T  0.0    0  3.6 14 240   M    M   2        29 200
20  80  63  72   7   0   7 0.00  0.0    0  3.3 13 310   M    M   4        25 310
21  75  52  64  -2   1   0 0.00  0.0    0  1.4  6  60   M    M   0        11  80
================================================================================
SM 1576 1191        52  77  3.53    T     40.1          M       91
================================================================================
AV 75.1 56.7                               1.9 FASTST   M    M   4    MAX(MPH)
                                 MISC ---->  # 20 290               # 41  300
================================================================================
NOTES:
# LAST OF SEVERAL OCCURRENCES

COLUMN 17 PEAK WIND IN M.P.H.

PRELIMINARY LOCAL CLIMATOLOGICAL DATA (WS FORM: F-6) , PAGE 2

                                          STATION:  JACKSON KY
                                          MONTH:    MAY
                                          YEAR:     2019
                                          LATITUDE:   37 35 N
                                          LONGITUDE:  83 19 W

[TEMPERATURE DATA]      [PRECIPITATION DATA]       SYMBOLS USED IN COLUMN 16

AVERAGE MONTHLY: 65.9   TOTAL FOR MONTH:   3.53    1 = FOG OR MIST
DPTR FM NORMAL:   2.3   DPTR FM NORMAL:    0.06    2 = FOG REDUCING VISIBILITY
HIGHEST:    86 ON 18    GRTST 24HR  0.93 ON  2- 2      TO 1/4 MILE OR LESS
LOWEST:     45 ON 15                               3 = THUNDER
                        SNOW, ICE PELLETS, HAIL    4 = ICE PELLETS
                        TOTAL MONTH:    T          5 = HAIL
                        GRTST 24HR    T  ON 17-17  6 = FREEZING RAIN OR DRIZZLE
                        GRTST DEPTH:   0           7 = DUSTSTORM OR SANDSTORM:
                                                       VSBY 1/2 MILE OR LESS
                                                   8 = SMOKE OR HAZE
[NO. OF DAYS WITH]      [WEATHER - DAYS WITH]      9 = BLOWING SNOW
                                                   X = TORNADO
MAX 32 OR BELOW:   0    0.01 INCH OR MORE:   9
MAX 90 OR ABOVE:   0    0.10 INCH OR MORE:   7
MIN 32 OR BELOW:   0    0.50 INCH OR MORE:   4
MIN  0 OR BELOW:   0    1.00 INCH OR MORE:   0

[HDD (BASE 65) ]
TOTAL THIS MO.    52    CLEAR  (SCALE 0-3)   8
DPTR FM NORMAL   -29    PTCLDY (SCALE 4-7)   8
TOTAL FM JUL 1  4012    CLOUDY (SCALE 8-10)  5
DPTR FM NORMAL  -190

[CDD (BASE 65) ]
TOTAL THIS MO.    77
DPTR FM NORMAL    25    [PRESSURE DATA]
TOTAL FM JAN 1   121    HIGHEST SLP M ON M
DPTR FM NORMAL    23    LOWEST  SLP 29.66 ON 12

[REMARKS]
