000
CXUS55 KJKL 231000
CF6JKL
PRELIMINARY LOCAL CLIMATOLOGICAL DATA (WS FORM: F-6)

                                          STATION:   JACKSON KY
                                          MONTH:     MARCH
                                          YEAR:      2019
                                          LATITUDE:   37 35 N
                                          LONGITUDE:  83 19 W

  TEMPERATURE IN F:       :PCPN:    SNOW:  WIND      :SUNSHINE: SKY     :PK WND
================================================================================
1   2   3   4   5  6A  6B    7    8   9   10  11  12  13   14  15   16   17  18
                                     12Z  AVG MX 2MIN
DY MAX MIN AVG DEP HDD CDD  WTR  SNW DPTH SPD SPD DIR MIN PSBL S-S WX    SPD DR
================================================================================

 1  37  31  34  -9  31   0 0.02  0.0    0  2.5  7  50   M    M  10 12     11  60
 2  40  35  38  -5  27   0    T  0.0    0  2.3  9 290   M    M  10 12     13 280
 3  38  28  33 -10  32   0 0.42  0.4    0  4.3 15 320   M    M  10 1      21 300
 4  29  18  24 -20  41   0    T    T    T  6.4 14 270   M    M   7 1      21 300
 5  32  13  23 -21  42   0    T  0.3    0  8.6 17 260   M    M   4 1      32 300
 6  35  13  24 -20  41   0    T    T    T  6.2 15 320   M    M   2        24 340
 7  38  23  31 -13  34   0    T    T    0  1.3  9 280   M    M   6        12 270
 8  35  30  33 -12  32   0 0.39  1.6    1  2.9  6  50   M    M  10 12     12 150
 9  60  35  48   3  17   0 0.90  0.0    0  5.5 17 260   M    M  10 123    39 200
10  67  49  58  13   7   0 0.00  0.0    0  8.2 17 250   M    M   0        32 270
11  57  40  49   3  16   0 0.00  0.0    0  3.5  9 320   M    M   6        17 360
12  54  33  44  -2  21   0 0.00  0.0    0  2.3  7 320   M    M   0        11  40
13  75  42  59  13   6   0    T  0.0    0  3.5  9 150   M    M   2        15 140
14  75  55  65  18   0   0 0.04  0.0    0  9.4 21 190   M    M   4 8      41 190
15  64  38  51   4  14   0    T  0.0    0  9.9 22 260   M    M   7 8      38 260
16  54  31  43  -4  22   0 0.00  0.0    0  5.6 14 300   M    M   1        25 300
17  56  31  44  -4  21   0 0.00  0.0    0  4.1 16 280   M    M   3        27 280
18  49  31  40  -8  25   0 0.00  0.0    0  4.0 12 270   M    M   4        20 330
19  55  31  43  -5  22   0 0.00  0.0    0  2.3  8 330   M    M   0        12 330
20  64  33  49   0  16   0 0.00  0.0    0  3.1  7 180   M    M   M        18 160
21  52  40  46  -3  19   0 0.04  0.0    0  5.7 20 290   M    M  10 13     38 300
22  55  38  47  -2  18   0 0.00  0.0    0  9.0 23 300   M    M   7        38 290
================================================================================
SM 1121  718       504   0  1.81     2.3 110.6          M      113
================================================================================
AV 51.0 32.6                               5.0 FASTST   M    M   5    MAX(MPH)
                                 MISC ---->  # 23 300               # 41  190
================================================================================
NOTES:
# LAST OF SEVERAL OCCURRENCES

COLUMN 17 PEAK WIND IN M.P.H.

PRELIMINARY LOCAL CLIMATOLOGICAL DATA (WS FORM: F-6) , PAGE 2

                                          STATION:  JACKSON KY
                                          MONTH:    MARCH
                                          YEAR:     2019
                                          LATITUDE:   37 35 N
                                          LONGITUDE:  83 19 W

[TEMPERATURE DATA]      [PRECIPITATION DATA]       SYMBOLS USED IN COLUMN 16

AVERAGE MONTHLY: 41.8   TOTAL FOR MONTH:   1.81    1 = FOG OR MIST
DPTR FM NORMAL:  -4.1   DPTR FM NORMAL:   -1.12    2 = FOG REDUCING VISIBILITY
HIGHEST:    75 ON 14,13 GRTST 24HR  0.90 ON  9- 9      TO 1/4 MILE OR LESS
LOWEST:     13 ON  6, 5                            3 = THUNDER
                        SNOW, ICE PELLETS, HAIL    4 = ICE PELLETS
                        TOTAL MONTH:   2.3 INCHES  5 = HAIL
                        GRTST 24HR   1.6 ON  8- 8  6 = FREEZING RAIN OR DRIZZLE
                        GRTST DEPTH:   1 ON  8     7 = DUSTSTORM OR SANDSTORM:
                                                       VSBY 1/2 MILE OR LESS
                                                   8 = SMOKE OR HAZE
[NO. OF DAYS WITH]      [WEATHER - DAYS WITH]      9 = BLOWING SNOW
                                                   X = TORNADO
MAX 32 OR BELOW:   2    0.01 INCH OR MORE:   6
MAX 90 OR ABOVE:   0    0.10 INCH OR MORE:   3
MIN 32 OR BELOW:  11    0.50 INCH OR MORE:   1
MIN  0 OR BELOW:   0    1.00 INCH OR MORE:   0

[HDD (BASE 65) ]
TOTAL THIS MO.   504    CLEAR  (SCALE 0-3)   7
DPTR FM NORMAL    80    PTCLDY (SCALE 4-7)   8
TOTAL FM JUL 1  3654    CLOUDY (SCALE 8-10)  6
DPTR FM NORMAL   -70

[CDD (BASE 65) ]
TOTAL THIS MO.     0
DPTR FM NORMAL     0    [PRESSURE DATA]
TOTAL FM JAN 1     0    HIGHEST SLP M ON M
DPTR FM NORMAL     0    LOWEST  SLP 29.66 ON  9

[REMARKS]
