000
CXUS53 KSGF 260800
CF6JLN
PRELIMINARY LOCAL CLIMATOLOGICAL DATA (WS FORM: F-6)

                                          STATION:   JOPLIN MO
                                          MONTH:     MAY
                                          YEAR:      2019
                                          LATITUDE:   37 10 N
                                          LONGITUDE:  94 30 W

  TEMPERATURE IN F:       :PCPN:    SNOW:  WIND      :SUNSHINE: SKY     :PK WND
================================================================================
1   2   3   4   5  6A  6B    7    8   9   10  11  12  13   14  15   16   17  18
                                     12Z  AVG MX 2MIN
DY MAX MIN AVG DEP HDD CDD  WTR  SNW DPTH SPD SPD DIR MIN PSBL S-S WX    SPD DR
================================================================================

 1  75  59  67   4   0   2 0.24    M    M  7.7 15 130   M    M   7 13     23 130
 2  67  56  62  -1   3   0 0.00    M    M  9.7 20 360   M    M   8 1      26 360
 3  70  57  64   0   1   0 0.51    M    M  5.4 23 320   M    M  10 13     32 310
 4  68  51  60  -4   5   0    T    M    M  5.9 13 350   M    M   6 1      17  20
 5  76  46  61  -3   4   0 0.00    M    M  5.1 13 170   M    M   0 1      20 180
 6  80  58  69   5   0   4 1.04    M    M  7.6 39 340   M    M   3 13     55 340
 7  81  58  70   5   0   5 0.11    M    M  7.2 16 360   M    M   5 138    23  80
 8  69  60  65   0   0   0 0.51    M    M  9.8 24 200   M    M   7 13     36 170
 9  62  44  53 -12  12   0 0.07    M    M 10.2 20 330   M    M  10 1      26 340
10  62  40  51 -14  14   0 0.00    M    M  5.6 15  50   M    M   5 1      23  50
11  59  50  55 -11  10   0 0.33    M    M  4.4  9  30   M    M   9 1      14  80
12  69  47  58  -8   7   0    T    M    M  5.9 21 300   M    M   5 1      26 280
13  74  43  59  -7   6   0 0.00    M    M  3.2  9 120   M    M   0 1      14  60
14  81  52  67   1   0   2    T    M    M  9.9 21 210   M    M   1 3      28 220
15  84  66  75   8   0  10 0.00    M    M  9.8 17 220   M    M   0        28 220
16  85  67  76   9   0  11 0.00  0.0    0 14.8 24 220   M    M   0        36 210
17  83  66  75   8   0  10 0.00    M    M 14.8 25 190   M    M   0        36 210
18  74  60  67   0   0   2 0.58    M    M 12.3 35 270   M    M   6 13     51 270
19  73  52  63  -5   2   0 0.03    M    M  9.4 35 270   M    M   3 13     45 280
20  67  50  59  -9   6   0 3.84    M    M 11.2116  80   M    M   3 13    116  80
21  71  54  63  -5   2   0 1.43    M    M 13.4 29 190   M    M   5 13     39 130
22  84  58  71   3   0   6 0.44    M    M 13.8 28 180   M    M   5 138    40 200
23  85  65  75   6   0  10 3.20    M    M  8.5 17 190   M    M   6 13     24 180
24  85  66  76   7   0  11 0.35    M    M 12.5 28 300   M    M   4 13     36 290
25  83  63  73   4   0   8 0.61    M    M 10.9 24 100   M    M   3 18     33 100
================================================================================
SM 1867 1388        72  81 13.29     0.0 229.0          M      111
================================================================================
AV 74.7 55.5                               9.2 FASTST   M    M   4    MAX(MPH)
                                 MISC ---->  #116  80               #116   80
================================================================================
NOTES:
# LAST OF SEVERAL OCCURRENCES

COLUMN 17 PEAK WIND IN M.P.H.

PRELIMINARY LOCAL CLIMATOLOGICAL DATA (WS FORM: F-6) , PAGE 2

                                          STATION:  JOPLIN MO
                                          MONTH:    MAY
                                          YEAR:     2019
                                          LATITUDE:   37 10 N
                                          LONGITUDE:  94 30 W

[TEMPERATURE DATA]      [PRECIPITATION DATA]       SYMBOLS USED IN COLUMN 16

AVERAGE MONTHLY: 65.1   TOTAL FOR MONTH:  13.29    1 = FOG OR MIST
DPTR FM NORMAL:  -1.0   DPTR FM NORMAL:    8.67    2 = FOG REDUCING VISIBILITY
HIGHEST:    85 ON 24,23 GRTST 24HR  4.15 ON 30- 1      TO 1/4 MILE OR LESS
LOWEST:     40 ON 10                               3 = THUNDER
                        SNOW, ICE PELLETS, HAIL    4 = ICE PELLETS
                        TOTAL MONTH:   0.0 INCH    5 = HAIL
                        GRTST 24HR     0.0         6 = FREEZING RAIN OR DRIZZLE
                        GRTST DEPTH:   0           7 = DUSTSTORM OR SANDSTORM:
                                                       VSBY 1/2 MILE OR LESS
                                                   8 = SMOKE OR HAZE
[NO. OF DAYS WITH]      [WEATHER - DAYS WITH]      9 = BLOWING SNOW
                                                   X = TORNADO
MAX 32 OR BELOW:   0    0.01 INCH OR MORE:  15
MAX 90 OR ABOVE:   0    0.10 INCH OR MORE:  13
MIN 32 OR BELOW:   0    0.50 INCH OR MORE:   8
MIN  0 OR BELOW:   0    1.00 INCH OR MORE:   4

[HDD (BASE 65) ]
TOTAL THIS MO.    72    CLEAR  (SCALE 0-3)  10
DPTR FM NORMAL    12    PTCLDY (SCALE 4-7)  11
TOTAL FM JUL 1  4415    CLOUDY (SCALE 8-10)  4
DPTR FM NORMAL   352

[CDD (BASE 65) ]
TOTAL THIS MO.    81
DPTR FM NORMAL    -8    [PRESSURE DATA]
TOTAL FM JAN 1   111    HIGHEST SLP M ON M
DPTR FM NORMAL   -32    LOWEST  SLP 29.51 ON 21

[REMARKS]
