000
CXUS53 KBIS 180803
CF6JMS
PRELIMINARY LOCAL CLIMATOLOGICAL DATA (WS FORM: F-6)

                                          STATION:   JAMESTOWN ND
                                          MONTH:     MARCH
                                          YEAR:      2019
                                          LATITUDE:   46 55 N
                                          LONGITUDE:  98 40 W

  TEMPERATURE IN F:       :PCPN:    SNOW:  WIND      :SUNSHINE: SKY     :PK WND
================================================================================
1   2   3   4   5  6A  6B    7    8   9   10  11  12  13   14  15   16   17  18
                                     12Z  AVG MX 2MIN
DY MAX MIN AVG DEP HDD CDD  WTR  SNW DPTH SPD SPD DIR MIN PSBL S-S WX    SPD DR
================================================================================

 1  14  -7   4 -16  61   0 0.01    M    M  7.7 17 360   M    M   6 1      20 350
 2   3 -13  -5 -26  70   0 0.00    M    M 15.8 24 320   M    M   2 18     33 330
 3   0 -15  -7 -28  72   0    T    M    M 19.6 28 290   M    M   5 8      36 310
 4  11  -3   4 -18  61   0    T    M    M 23.2 35 300   M    M   8 189    48 310
 5  17  -1   8 -14  57   0    T    M    M 15.1 21 280   M    M   4 18     28 280
 6  13 -10   2 -21  63   0 0.00    M    M  9.0 18 320   M    M   0        22 320
 7  11 -16  -2 -25  67   0 0.00    M    M  6.9 14 150   M    M   5 128    18 150
 8  25  11  18  -6  47   0 0.00    M    M  8.3 15 150   M    M  10 18     17 150
 9  25  17  21  -3  44   0    M    M    M 15.5 26 340   M    M   9 12     36 340
10  21   4  13 -12  52   0    T    M    M 11.8 24 320   M    M   0        30 310
11  27  -7  10 -15  55   0 0.00    M    M  9.5 21 190   M    M   1 18     27 180
12  37  12  25  -1  40   0 0.00    M    M  8.3 16 170   M    M   0 12     19 180
13  30  14  22  -4  43   0 0.02    M    M 16.2 33 350   M    M   4 12     43 350
14  32  24  28   2  37   0    M    M    M 31.6 41 340   M    M   7 12     56 350
15  29   7  18  -9  47   0 0.00    M    M 10.9 23 320   M    M   0 12     30 320
16  31   3  17 -11  48   0    T    M    M  6.4 20 270   M    M   5 128    25 260
17  35  17  26  -2  39   0 0.00    M    M 10.8 17 310   M    M   1        21 260
================================================================================
SM  361   37       903   0  0.03    M    226.6          M       67
================================================================================
AV 21.2  2.2                              13.3 FASTST   M    M   4    MAX(MPH)
                                 MISC ---->  # 41 340               # 56  350
================================================================================
NOTES:
# LAST OF SEVERAL OCCURRENCES

COLUMN 17 PEAK WIND IN M.P.H.

PRELIMINARY LOCAL CLIMATOLOGICAL DATA (WS FORM: F-6) , PAGE 2

                                          STATION:  JAMESTOWN ND
                                          MONTH:    MARCH
                                          YEAR:     2019
                                          LATITUDE:   46 55 N
                                          LONGITUDE:  98 40 W

[TEMPERATURE DATA]      [PRECIPITATION DATA]       SYMBOLS USED IN COLUMN 16

AVERAGE MONTHLY: 11.7   TOTAL FOR MONTH:   0.03    1 = FOG OR MIST
DPTR FM NORMAL: -12.5   DPTR FM NORMAL:   -0.38    2 = FOG REDUCING VISIBILITY
HIGHEST:    37 ON 12    GRTST 24HR  0.02 ON 13-13      TO 1/4 MILE OR LESS
LOWEST:    -16 ON  7                               3 = THUNDER
                        SNOW, ICE PELLETS, HAIL    4 = ICE PELLETS
                        TOTAL MONTH:    M          5 = HAIL
                        GRTST 24HR    M  ON   M    6 = FREEZING RAIN OR DRIZZLE
                        GRTST DEPTH:  M  ON   M    7 = DUSTSTORM OR SANDSTORM:
                                                       VSBY 1/2 MILE OR LESS
                                                   8 = SMOKE OR HAZE
[NO. OF DAYS WITH]      [WEATHER - DAYS WITH]      9 = BLOWING SNOW
                                                   X = TORNADO
MAX 32 OR BELOW:  15    0.01 INCH OR MORE:   2
MAX 90 OR ABOVE:   0    0.10 INCH OR MORE:   0
MIN 32 OR BELOW:  17    0.50 INCH OR MORE:   0
MIN  0 OR BELOW:   8    1.00 INCH OR MORE:   0

[HDD (BASE 65) ]
TOTAL THIS MO.   903    CLEAR  (SCALE 0-3)   7
DPTR FM NORMAL   210    PTCLDY (SCALE 4-7)   7
TOTAL FM JUL 1  8256    CLOUDY (SCALE 8-10)  3
DPTR FM NORMAL   804

[CDD (BASE 65) ]
TOTAL THIS MO.     0
DPTR FM NORMAL     0    [PRESSURE DATA]
TOTAL FM JAN 1     0    HIGHEST SLP M ON M
DPTR FM NORMAL     0    LOWEST  SLP 29.65 ON 12

[REMARKS]
