000
CXUS51 KCTP 270700
CF6JST
PRELIMINARY LOCAL CLIMATOLOGICAL DATA (WS FORM: F-6)

                                          STATION:   JOHNSTOWN
                                          MONTH:     MAY
                                          YEAR:      2019
                                          LATITUDE:   40 18 N
                                          LONGITUDE:  78 50 W

  TEMPERATURE IN F:       :PCPN:    SNOW:  WIND      :SUNSHINE: SKY     :PK WND
================================================================================
1   2   3   4   5  6A  6B    7    8   9   10  11  12  13   14  15   16   17  18
                                     12Z  AVG MX 2MIN
DY MAX MIN AVG DEP HDD CDD  WTR  SNW DPTH SPD SPD DIR MIN PSBL S-S WX    SPD DR
================================================================================

 1  67  54  61   8   4   0 0.00    M    M  9.4 16 170   M    M   4 1      20 180
 2  75  55  65  12   0   0 0.00    M    M  7.4 17 270   M    M   3 1      25 250
 3  74  60  67  14   0   2 0.15    M    M  5.6 14 270   M    M   7 13     17 290
 4  68  55  62   8   3   0 0.14    M    M  4.7 15 310   M    M  10 12     18 310
 5  59  53  56   2   9   0 0.64    M    M  5.4 12  60   M    M  10 12     15  70
 6  68  51  60   6   5   0 0.00    M    M  6.3 15 300   M    M   5 12     20 300
 7  75  51  63   9   2   0 0.00    M    M  7.1 20 290   M    M   2        23 290
 8  72  49  61   6   4   0 0.00    M    M  6.8 14 140   M    M   2 1      20 130
 9  64  56  60   5   5   0 0.33    M    M 10.3 21 160   M    M  10 12     27 170
10  69  49  59   4   6   0 0.22    M    M 11.2 20 310   M    M  10 1      24 290
11  58  43  51  -5  14   0 0.34    M    M  5.8 13  10   M    M   8 1      18 320
12  50  44  47  -9  18   0 0.80    M    M  7.6 14 110   M    M   9 1      21 100
13  53  41  47  -9  18   0 0.27    M    M  9.3 20 290   M    M  10 1      24 300
14  46  39  43 -13  22   0 0.04    M    M 10.9 21 290   M    M   9 1      30 300
15  63  39  51  -6  14   0 0.00    M    M  9.6 20 270   M    M   3        25 250
16  68  49  59   2   6   0 0.02    M    M 10.1 24 300   M    M   2        31 300
17  68  56  62   5   3   0 0.01    M    M  9.1 18 260   M    M   7 1      24 270
18  78  56  67  10   0   2 0.05    M    M  5.5 17 290   M    M   6 12     24 270
19  83  61  72  14   0   7 0.07    M    M  8.7 21 250   M    M   2 3      29 210
20  72  50  61   3   4   0 0.01    M    M 13.9 25 270   M    M   8 1      35 260
21  59  43  51  -7  14   0 0.00    M    M  9.2 20 320   M    M   5        25 320
22  67  45  56  -2   9   0 0.00    M    M  8.1 17 160   M    M   1        25 160
23  76  58  67   8   0   2    T    M    M 12.4 26 270   M    M   7 13     35 280
24  72  53  63   4   2   0 0.00    M    M 11.2 21 330   M    M   3        26 320
25  81  58  70  11   0   5 0.07    M    M  8.1 25 290   M    M   5 13     36 240
26  75  61  68   9   0   3 0.14    M    M  7.5 21 320   M    M   4 13     24 320
================================================================================
SM 1760 1329       162  21  3.30    M    221.2          M      152
================================================================================
AV 67.7 51.1                               8.5 FASTST   M    M   6    MAX(MPH)
                                 MISC ---->  # 26 270               # 36  240
================================================================================
NOTES:
# LAST OF SEVERAL OCCURRENCES

COLUMN 17 PEAK WIND IN M.P.H.

PRELIMINARY LOCAL CLIMATOLOGICAL DATA (WS FORM: F-6) , PAGE 2

                                          STATION:  JOHNSTOWN
                                          MONTH:    MAY
                                          YEAR:     2019
                                          LATITUDE:   40 18 N
                                          LONGITUDE:  78 50 W

[TEMPERATURE DATA]      [PRECIPITATION DATA]       SYMBOLS USED IN COLUMN 16

AVERAGE MONTHLY: 59.4   TOTAL FOR MONTH:   3.30    1 = FOG OR MIST
DPTR FM NORMAL:   3.2   DPTR FM NORMAL:   -0.44    2 = FOG REDUCING VISIBILITY
HIGHEST:    83 ON 19    GRTST 24HR  0.80 ON 12-12      TO 1/4 MILE OR LESS
LOWEST:     39 ON 15,14                            3 = THUNDER
                        SNOW, ICE PELLETS, HAIL    4 = ICE PELLETS
                        TOTAL MONTH:    M          5 = HAIL
                        GRTST 24HR    M  ON   M    6 = FREEZING RAIN OR DRIZZLE
                        GRTST DEPTH:  M  ON   M    7 = DUSTSTORM OR SANDSTORM:
                                                       VSBY 1/2 MILE OR LESS
                                                   8 = SMOKE OR HAZE
[NO. OF DAYS WITH]      [WEATHER - DAYS WITH]      9 = BLOWING SNOW
                                                   X = TORNADO
MAX 32 OR BELOW:   0    0.01 INCH OR MORE:  16
MAX 90 OR ABOVE:   0    0.10 INCH OR MORE:   9
MIN 32 OR BELOW:   0    0.50 INCH OR MORE:   2
MIN  0 OR BELOW:   0    1.00 INCH OR MORE:   0

[HDD (BASE 65) ]
TOTAL THIS MO.   162    CLEAR  (SCALE 0-3)   7
DPTR FM NORMAL   -85    PTCLDY (SCALE 4-7)  12
TOTAL FM JUL 1  6122    CLOUDY (SCALE 8-10)  7
DPTR FM NORMAL  -459

[CDD (BASE 65) ]
TOTAL THIS MO.    21
DPTR FM NORMAL     8    [PRESSURE DATA]
TOTAL FM JAN 1    21    HIGHEST SLP M ON M
DPTR FM NORMAL     3    LOWEST  SLP 29.72 ON M

[REMARKS]
