000
CXUS54 KFWD 190730
CF6JWY
PRELIMINARY LOCAL CLIMATOLOGICAL DATA (WS FORM: F-6)

                                          STATION:   WAXAHACHIE
                                          MONTH:     MAY
                                          YEAR:      2019
                                          LATITUDE:   32 27 N
                                          LONGITUDE:  96 54 W

  TEMPERATURE IN F:       :PCPN:    SNOW:  WIND      :SUNSHINE: SKY     :PK WND
================================================================================
1   2   3   4   5  6A  6B    7    8   9   10  11  12  13   14  15   16   17  18
                                     12Z  AVG MX 2MIN
DY MAX MIN AVG DEP HDD CDD  WTR  SNW DPTH SPD SPD DIR MIN PSBL S-S WX    SPD DR
================================================================================

 1  80  62  71   3   0   6 0.59  0.0    0 10.8 23  10   M    M   9 1      37  10
 2  77  59  68  -1   0   3 0.49  0.0    0  7.7 18 150   M    M   5        35 150
 3  75  57  66  -3   0   1 0.00  0.0    0  3.5  9 140   M    M   4         M  M
 4  78  61  70   1   0   5 0.27  0.0    0  6.3 10 330   M    M   6         M  M
 5  81  56  69  -1   0   4 0.00  0.0    0  3.7 12 160   M    M   1        20 160
 6  80  65  73   3   0   8 0.00  0.0    0  5.5 10 150   M    M   0         M  M
 7  84  65  75   5   0  10 0.00  0.0    0  6.0 17 150   M    M   6 1      25 150
 8  69  61  65  -5   0   0 1.82  0.0    0  6.0 14 180   M    M   8 1      24  20
 9  78  54  66  -5   0   1 0.00  0.0    0  8.7 23 340   M    M   9 12     28 350
10  59  51  55 -16  10   0 0.03  0.0    0  9.2 17 350   M    M  10        24 350
11  65  55  60 -11   5   0 0.95  0.0    0  4.4  9 340   M    M  10         M  M
12  76  57  67  -5   0   2 0.00  0.0    0  2.7  7 290   M    M   4         M  M
13  82  56  69  -3   0   4 0.00  0.0    0  3.1  9 190   M    M   0         M  M
14  83  57  70  -2   0   5 0.00  0.0    0  3.2 13 190   M    M   1        16 190
15  85  61  73   1   0   8 0.00  0.0    0  4.1 13 200   M    M   1         M  M
16  85  64  75   2   0  10 0.00  0.0    0  5.8 10 180   M    M   0        16 150
17  86  65  76   3   0  11 0.00  0.0    0  9.5 16 150   M    M   6 1      23 170
18  76  68  72  -1   0   7 0.09  0.0    0  7.9 14 170   M    M   9 13     22 130
================================================================================
SM 1399 1074        15  85  4.24     0.0 108.1          M       89
================================================================================
AV 77.7 59.7                               6.0 FASTST   M    M   5    MAX(MPH)
                                 MISC ---->  # 23  10               # 37   10
================================================================================
NOTES:
# LAST OF SEVERAL OCCURRENCES

COLUMN 17 PEAK WIND IN M.P.H.

PRELIMINARY LOCAL CLIMATOLOGICAL DATA (WS FORM: F-6) , PAGE 2

                                          STATION:  WAXAHACHIE
                                          MONTH:    MAY
                                          YEAR:     2019
                                          LATITUDE:   32 27 N
                                          LONGITUDE:  96 54 W

[TEMPERATURE DATA]      [PRECIPITATION DATA]       SYMBOLS USED IN COLUMN 16

AVERAGE MONTHLY: 68.7   TOTAL FOR MONTH:   4.24    1 = FOG OR MIST
DPTR FM NORMAL:  -2.1   DPTR FM NORMAL:    1.87    2 = FOG REDUCING VISIBILITY
HIGHEST:    86 ON 17    GRTST 24HR  1.82 ON  8- 8      TO 1/4 MILE OR LESS
LOWEST:     51 ON 10                               3 = THUNDER
                        SNOW, ICE PELLETS, HAIL    4 = ICE PELLETS
                        TOTAL MONTH:   0.0 INCH    5 = HAIL
                        GRTST 24HR     0.0         6 = FREEZING RAIN OR DRIZZLE
                        GRTST DEPTH:   0           7 = DUSTSTORM OR SANDSTORM:
                                                       VSBY 1/2 MILE OR LESS
                                                   8 = SMOKE OR HAZE
[NO. OF DAYS WITH]      [WEATHER - DAYS WITH]      9 = BLOWING SNOW
                                                   X = TORNADO
MAX 32 OR BELOW:   0    0.01 INCH OR MORE:   7
MAX 90 OR ABOVE:   0    0.10 INCH OR MORE:   5
MIN 32 OR BELOW:   0    0.50 INCH OR MORE:   3
MIN  0 OR BELOW:   0    1.00 INCH OR MORE:   1

[HDD (BASE 65) ]
TOTAL THIS MO.    15    CLEAR  (SCALE 0-3)   6
DPTR FM NORMAL     7    PTCLDY (SCALE 4-7)   7
TOTAL FM JUL 1  2487    CLOUDY (SCALE 8-10)  5
DPTR FM NORMAL   -44

[CDD (BASE 65) ]
TOTAL THIS MO.    85
DPTR FM NORMAL   -28    [PRESSURE DATA]
TOTAL FM JAN 1   193    HIGHEST SLP M ON M
DPTR FM NORMAL   -11    LOWEST  SLP M ON M

[REMARKS]
