000
CXUS53 KGRR 251017
CF6JXN
PRELIMINARY LOCAL CLIMATOLOGICAL DATA (WS FORM: F-6)

                                          STATION:   JACKSON
                                          MONTH:     MAY
                                          YEAR:      2019
                                          LATITUDE:   42 16 N
                                          LONGITUDE:  84 28 W

  TEMPERATURE IN F:       :PCPN:    SNOW:  WIND      :SUNSHINE: SKY     :PK WND
================================================================================
1   2   3   4   5  6A  6B    7    8   9   10  11  12  13   14  15   16   17  18
                                     12Z  AVG MX 2MIN
DY MAX MIN AVG DEP HDD CDD  WTR  SNW DPTH SPD SPD DIR MIN PSBL S-S WX    SPD DR
================================================================================

 1  67  44  56   3   9   0 0.06    M    M 13.1 29 200   M    M   7 1      39 190
 2  63  47  55   1  10   0 0.08    M    M  4.1 12 150   M    M   8 1      16 180
 3  56  45  51  -3  14   0 0.04    M    M  7.4 12  30   M    M  10 1      18 350
 4  63  45  54   0  11   0 0.00    M    M  5.3 12  40   M    M   5        17  10
 5  72  38  55   1  10   0 0.00    M    M  3.4 12 260   M    M   0 1      17 300
 6  76  45  61   6   4   0 0.04    M    M  5.9 22 200   M    M   6        30 260
 7  56  41  49  -6  16   0 0.51    M    M  7.8 16  30   M    M  10 1      24  40
 8  61  40  51  -4  14   0 0.00    M    M 12.9 24  70   M    M   5        35  90
 9  74  51  63   7   2   0 0.17    M    M 11.8 24 200   M    M   6 18     36 210
10  58  45  52  -4  13   0 0.00    M    M  8.2 17 270   M    M   7        28 270
11  54  35  45 -11  20   0 0.05    M    M  6.7 15  40   M    M   4        21  40
12  53  43  48  -8  17   0 0.08    M    M  7.9 14  30   M    M  10 1      19  30
13  55  37  46 -11  19   0 0.14    M    M  6.6 14 330   M    M   8 1      24 320
14  68  33  51  -6  14   0 0.00    M    M  5.0 14 280   M    M   0 1      20 280
15  74  41  58   1   7   0 0.00    M    M  7.5 21 230   M    M   2        28 230
16  76  44  60   2   5   0    T    M    0  9.1 25 190   M    M   4        38 190
17  67  55  61   3   4   0 0.03    M    M  5.5 12 120   M    M   8 1      18 120
18  79  48  64   6   1   0 0.55    M    0  7.3 15 110   M    M   5 1      21 120
19  75  57  66   7   0   1 0.26    M    M 10.6 29 220   M    M   6 1      44 230
20  60  39  50  -9  15   0    T    M    M  9.3 21 230   M    M   9        36 230
21  60  37  49 -10  16   0 0.00    M    0  7.0 16  70   M    M   3 1      25 130
22  72  50  61   1   4   0 0.34    M    M 10.3 18  80   M    M   4 1      28  80
23  75  55  65   5   0   0 0.35    M    M 13.6 33 210   M    M   2 13     55 210
24  66  47  57  -3   8   0 0.03    M    0  4.7 14 110   M    M   4        20 110
================================================================================
SM 1580 1062       233   1  2.73    M    191.0          M      133
================================================================================
AV 65.8 44.3                               8.0 FASTST   M    M   6    MAX(MPH)
                                 MISC ---->  # 33 210               # 55  210
================================================================================
NOTES:
# LAST OF SEVERAL OCCURRENCES

COLUMN 17 PEAK WIND IN M.P.H.

PRELIMINARY LOCAL CLIMATOLOGICAL DATA (WS FORM: F-6) , PAGE 2

                                          STATION:  JACKSON
                                          MONTH:    MAY
                                          YEAR:     2019
                                          LATITUDE:   42 16 N
                                          LONGITUDE:  84 28 W

[TEMPERATURE DATA]      [PRECIPITATION DATA]       SYMBOLS USED IN COLUMN 16

AVERAGE MONTHLY: 55.0   TOTAL FOR MONTH:   2.73    1 = FOG OR MIST
DPTR FM NORMAL:  -1.6   DPTR FM NORMAL:    0.19    2 = FOG REDUCING VISIBILITY
HIGHEST:    79 ON 18    GRTST 24HR  0.76 ON 30- 1      TO 1/4 MILE OR LESS
LOWEST:     33 ON 14                               3 = THUNDER
                        SNOW, ICE PELLETS, HAIL    4 = ICE PELLETS
                        TOTAL MONTH:    M          5 = HAIL
                        GRTST 24HR    M  ON   M    6 = FREEZING RAIN OR DRIZZLE
                        GRTST DEPTH:   0           7 = DUSTSTORM OR SANDSTORM:
                                                       VSBY 1/2 MILE OR LESS
                                                   8 = SMOKE OR HAZE
[NO. OF DAYS WITH]      [WEATHER - DAYS WITH]      9 = BLOWING SNOW
                                                   X = TORNADO
MAX 32 OR BELOW:   0    0.01 INCH OR MORE:  15
MAX 90 OR ABOVE:   0    0.10 INCH OR MORE:   7
MIN 32 OR BELOW:   0    0.50 INCH OR MORE:   2
MIN  0 OR BELOW:   0    1.00 INCH OR MORE:   0

[HDD (BASE 65) ]
TOTAL THIS MO.   233    CLEAR  (SCALE 0-3)   5
DPTR FM NORMAL    12    PTCLDY (SCALE 4-7)  14
TOTAL FM JUL 1  6630    CLOUDY (SCALE 8-10)  5
DPTR FM NORMAL    63

[CDD (BASE 65) ]
TOTAL THIS MO.     1
DPTR FM NORMAL   -17    [PRESSURE DATA]
TOTAL FM JAN 1     1    HIGHEST SLP M ON M
DPTR FM NORMAL   -23    LOWEST  SLP 29.56 ON 19

[REMARKS]
