000
CXUS53 KGRR 221017
CF6JXN
PRELIMINARY LOCAL CLIMATOLOGICAL DATA (WS FORM: F-6)

                                          STATION:   JACKSON
                                          MONTH:     MARCH
                                          YEAR:      2019
                                          LATITUDE:   42 16 N
                                          LONGITUDE:  84 28 W

  TEMPERATURE IN F:       :PCPN:    SNOW:  WIND      :SUNSHINE: SKY     :PK WND
================================================================================
1   2   3   4   5  6A  6B    7    8   9   10  11  12  13   14  15   16   17  18
                                     12Z  AVG MX 2MIN
DY MAX MIN AVG DEP HDD CDD  WTR  SNW DPTH SPD SPD DIR MIN PSBL S-S WX    SPD DR
================================================================================

 1  36  15  26  -4  39   0 0.00    M    M  3.4 10  80   M    M   7        12  70
 2  33  22  28  -2  37   0    T    M    M  5.3 15 290   M    M   8 8      22 310
 3  27  11  19 -12  46   0    T    M    M  4.6 14 270   M    M   5 18     20 290
 4  15   7  11 -20  54   0 0.00    M    M  9.6 21 230   M    M   7 18     29 220
 5  20   7  14 -17  51   0    T    M    M 14.3 22 230   M    M   6 18     30 220
 6  21  10  16 -16  49   0    T    M    M  7.4 20 220   M    M   9 18     26 210
 7  27  15  21 -11  44   0    T    M    M  5.1 13 330   M    M   2 18     18 320
 8  41  14  28  -4  37   0 0.00    M    M  1.4 10 130   M    M   1        14 130
 9  40  22  31  -2  34   0 0.44    M    M 12.4 28  80   M    M   3 168    40  80
10  47  32  40   7  25   0 0.01    M    M 21.2 37 210   M    M  10 18     49 220
11  39  25  32  -2  33   0 0.00    M    M 11.5 23 260   M    M   0        31 260
12  46  18  32  -2  33   0 0.00    M    M  4.5 14 230   M    M   0        17 220
13  56  35  46  12  19   0 0.06    M    M  8.7 13 110   M    M   6 1      18 110
14  65  44  55  20  10   0 0.26    M    M 15.3 30 230   M    M   7 13     41 210
15  44  32  38   3  27   0 0.07    M    M 16.4 31 220   M    M  10 1      41 210
16  37  22  30  -6  35   0    T    M    M  9.8 20 260   M    M   6        30 280
17  37  16  27  -9  38   0    T    M    M  4.3 12 200   M    M   5 18     14 180
18  43  19  31  -5  34   0 0.00    M    M  5.7 16 220   M    M   3 1      18 220
19  48  21  35  -2  30   0 0.00    M    M  4.7 17 220   M    M   2 18     23 210
20  44  29  37   0  28   0 0.20    M    M  8.1 20 210   M    M   7 1      26 170
21  39  31  35  -3  30   0    T    M    0  6.1 15 270   M    M   9 12     24 280
================================================================================
SM  805  447       733   0  1.04    M    179.8          M      113
================================================================================
AV 38.3 21.3                               8.6 FASTST   M    M   5    MAX(MPH)
                                 MISC ---->  # 37 210               # 49  220
================================================================================
NOTES:
# LAST OF SEVERAL OCCURRENCES

COLUMN 17 PEAK WIND IN M.P.H.

PRELIMINARY LOCAL CLIMATOLOGICAL DATA (WS FORM: F-6) , PAGE 2

                                          STATION:  JACKSON
                                          MONTH:    MARCH
                                          YEAR:     2019
                                          LATITUDE:   42 16 N
                                          LONGITUDE:  84 28 W

[TEMPERATURE DATA]      [PRECIPITATION DATA]       SYMBOLS USED IN COLUMN 16

AVERAGE MONTHLY: 29.8   TOTAL FOR MONTH:   1.04    1 = FOG OR MIST
DPTR FM NORMAL:  -3.9   DPTR FM NORMAL:   -0.17    2 = FOG REDUCING VISIBILITY
HIGHEST:    65 ON 14    GRTST 24HR  0.44 ON  9- 9      TO 1/4 MILE OR LESS
LOWEST:      7 ON  5, 4                            3 = THUNDER
                        SNOW, ICE PELLETS, HAIL    4 = ICE PELLETS
                        TOTAL MONTH:    M          5 = HAIL
                        GRTST 24HR    M  ON   M    6 = FREEZING RAIN OR DRIZZLE
                        GRTST DEPTH:   0           7 = DUSTSTORM OR SANDSTORM:
                                                       VSBY 1/2 MILE OR LESS
                                                   8 = SMOKE OR HAZE
[NO. OF DAYS WITH]      [WEATHER - DAYS WITH]      9 = BLOWING SNOW
                                                   X = TORNADO
MAX 32 OR BELOW:   5    0.01 INCH OR MORE:   6
MAX 90 OR ABOVE:   0    0.10 INCH OR MORE:   3
MIN 32 OR BELOW:  19    0.50 INCH OR MORE:   0
MIN  0 OR BELOW:   0    1.00 INCH OR MORE:   0

[HDD (BASE 65) ]
TOTAL THIS MO.   733    CLEAR  (SCALE 0-3)   7
DPTR FM NORMAL    75    PTCLDY (SCALE 4-7)  10
TOTAL FM JUL 1  5628    CLOUDY (SCALE 8-10)  4
DPTR FM NORMAL    56

[CDD (BASE 65) ]
TOTAL THIS MO.     0
DPTR FM NORMAL     0    [PRESSURE DATA]
TOTAL FM JAN 1     0    HIGHEST SLP M ON M
DPTR FM NORMAL     0    LOWEST  SLP 29.31 ON 14

[REMARKS]
