000
CXUS53 KGID 240730
CF6JYR
PRELIMINARY LOCAL CLIMATOLOGICAL DATA (WS FORM: F-6)

                                          STATION:   YORK
                                          MONTH:     MARCH
                                          YEAR:      2019
                                          LATITUDE:   40 54 N
                                          LONGITUDE:  97 37 W

  TEMPERATURE IN F:       :PCPN:    SNOW:  WIND      :SUNSHINE: SKY     :PK WND
================================================================================
1   2   3   4   5  6A  6B    7    8   9   10  11  12  13   14  15   16   17  18
                                     12Z  AVG MX 2MIN
DY MAX MIN AVG DEP HDD CDD  WTR  SNW DPTH SPD SPD DIR MIN PSBL S-S WX    SPD DR
================================================================================

 1  32   9  21   M  44   0 0.00    M    M 10.6 22 340   M    M   6        27 170
 2  16   7  12   M  53   0    M    M    M 17.0 27  20   M    M   8        31  20
 3   5  -9  -2   M  67   0    M    M    M 15.7 29  20   M    M   3        36  20
 4  14  -9   3   M  62   0 0.00    M    M 12.5 17 290   M    M   0         M  M
 5  19   1  10   M  55   0 0.00    M    M 12.8 21 330   M    M   1        25 330
 6  30   0  15   M  50   0    M    M    M  7.9 13 180   M    M   4         M  M
 7  28  21  25   M  40   0    M    M    M 14.0 23  90   M    M  10 1      24 100
 8  32  19  26   M  39   0    M    M    M  7.2 15 110   M    M  10 12     20 130
 9  36  27  32   M  33   0 0.15    M    M 21.8 39 320   M    M   8 12     50 320
10  34  18  26   M  39   0 0.00    M    M  7.1 14 300   M    M   3         M  M
11  39  19  29   M  36   0 0.00    M    M  3.8 12 150   M    M   2         M  M
12  45  36  41   M  24   0 0.01    M    M  8.8 13 170   M    M  10 123     M  M
13  59  39  49   M  16   0 0.73    M    M 14.4 23 180   M    M   9 123    33 150
14  48  32  40   M  25   0    M    M    M 28.3 38 330   M    M   8        51 330
15  43  28  36   M  29   0 0.00    M    M 13.8 22 320   M    M   0        28 320
16  50  28  39   M  26   0 0.00    M    M  9.6 18 310   M    M   0        24 310
17  50  25  38   M  27   0    T    M    M  5.5 10  10   M    M   5         M  M
18  45  25  35   M  30   0 0.00    M    M  5.3 10  10   M    M   3         M  M
19  41  34  38   M  27   0    M    M    M  4.7  9 170   M    M   9 1       M  M
20  55  32  44   M  21   0 0.00    M    M 11.6 20 310   M    M   3 1      24 310
21  57  28  43   M  22   0 0.00  0.0    0  4.9  9 330   M    M   0         M  M
22  63  30  47   M  18   0 0.00    M    M  6.6 12 100   M    M   1         M  M
23  54  39  47   M  18   0 0.27    M    M 12.8 20 100   M    M   9        27 100
================================================================================
SM  895  479       801   0  1.16     0.0 256.7          M      112
================================================================================
AV 38.9 20.8                              11.2 FASTST   M    M   5    MAX(MPH)
                                 MISC ---->  # 39 320               # 51  330
================================================================================
NOTES:
# LAST OF SEVERAL OCCURRENCES

COLUMN 17 PEAK WIND IN M.P.H.

PRELIMINARY LOCAL CLIMATOLOGICAL DATA (WS FORM: F-6) , PAGE 2

                                          STATION:  YORK
                                          MONTH:    MARCH
                                          YEAR:     2019
                                          LATITUDE:   40 54 N
                                          LONGITUDE:  97 37 W

[TEMPERATURE DATA]      [PRECIPITATION DATA]       SYMBOLS USED IN COLUMN 16

AVERAGE MONTHLY: 29.9   TOTAL FOR MONTH:   1.16    1 = FOG OR MIST
DPTR FM NORMAL:     M   DPTR FM NORMAL:       M    2 = FOG REDUCING VISIBILITY
HIGHEST:    63 ON 22    GRTST 24HR  0.73 ON 13-13      TO 1/4 MILE OR LESS
LOWEST:     -9 ON  4, 3                            3 = THUNDER
                        SNOW, ICE PELLETS, HAIL    4 = ICE PELLETS
                        TOTAL MONTH:   0.0 INCH    5 = HAIL
                        GRTST 24HR     0.0         6 = FREEZING RAIN OR DRIZZLE
                        GRTST DEPTH:   0           7 = DUSTSTORM OR SANDSTORM:
                                                       VSBY 1/2 MILE OR LESS
                                                   8 = SMOKE OR HAZE
[NO. OF DAYS WITH]      [WEATHER - DAYS WITH]      9 = BLOWING SNOW
                                                   X = TORNADO
MAX 32 OR BELOW:   8    0.01 INCH OR MORE:   4
MAX 90 OR ABOVE:   0    0.10 INCH OR MORE:   3
MIN 32 OR BELOW:  19    0.50 INCH OR MORE:   1
MIN  0 OR BELOW:   3    1.00 INCH OR MORE:   0

[HDD (BASE 65) ]
TOTAL THIS MO.   801    CLEAR  (SCALE 0-3)  10
DPTR FM NORMAL     M    PTCLDY (SCALE 4-7)   6
TOTAL FM JUL 1  5941    CLOUDY (SCALE 8-10)  7
DPTR FM NORMAL     M

[CDD (BASE 65) ]
TOTAL THIS MO.     0
DPTR FM NORMAL     M    [PRESSURE DATA]
TOTAL FM JAN 1     0    HIGHEST SLP M ON M
DPTR FM NORMAL     M    LOWEST  SLP M ON M

[REMARKS]
