000
CXAK56 PAJK 201230
CF6KTN
PRELIMINARY LOCAL CLIMATOLOGICAL DATA (WS FORM: F-6)

                                          STATION:   KETCHIKAN
                                          MONTH:     MAY
                                          YEAR:      2019
                                          LATITUDE:   55 20 N
                                          LONGITUDE: 131 42 W

  TEMPERATURE IN F:       :PCPN:    SNOW:  WIND      :SUNSHINE: SKY     :PK WND
================================================================================
1   2   3   4   5  6A  6B    7    8   9   10  11  12  13   14  15   16   17  18
                                     12Z  AVG MX 2MIN
DY MAX MIN AVG DEP HDD CDD  WTR  SNW DPTH SPD SPD DIR MIN PSBL S-S WX    SPD DR
================================================================================

 1  63  45  54   7  11   0 0.00    M    M  9.5 15 330   M    M   0        20 320
 2  55  45  50   3  15   0 0.01    M    M  8.4 14 300   M    M   9        21 320
 3  50  46  48   2  17   0 0.06    M    M  4.1 10 340   M    M   8 1      14 110
 4  54  44  49   3  16   0    T    M    M  6.7  9 360   M    M  10         M  M
 5  56  45  51   5  14   0 0.02    M    M  6.4 13 340   M    M   8 1      16 330
 6  49  46  48   2  17   0 0.18    M    M  7.7 14 130   M    M  10 1      17 130
 7  50  45  48   2  17   0 0.23    M    M  7.1 13 120   M    M  10 1      14 110
 8  60  46  53   6  12   0 0.00    M    M  6.9 13 330   M    M   6         M  M
 9  65  49  57  11   8   0 0.00    M    M 11.1 18 330   M    M   2        25 320
10  65  48  57   9   8   0 0.00    M    M  9.5 17 340   M    M   1         M  M
11  59  46  53   5  12   0 0.00    M    M  9.3 13 290   M    M   5        22 290
12  58  43  51   2  14   0 0.00    M    M  9.4 17 340   M    M   0         M  M
13  61  39  50   2  15   0 0.00    M    M  6.7 13 130   M    M   3        20 130
14  52  46  49   1  16   0 0.15    M    M  4.3 10 130   M    M  10 1       M  M
15  58  48  53   4  12   0 0.65    M    M  8.3 12 130   M    M   6 1       M  M
16  54  48  51   2  14   0 0.72    M    M  6.4 13 330   M    M   9 1       M  M
17  58  48  53   5  12   0    T    M    M  7.1 15 130   M    M   8 1      22 130
18  61  42  52   2  13   0 0.01    M    M  4.7 10 130   M    M   6         M  M
19  70  41  56   6   9   0 0.00    M    M  6.8 15 120   M    M   0         M  M
================================================================================
SM 1098  860       252   0  2.03    M    140.4          M      111
================================================================================
AV 57.8 45.3                               7.4 FASTST   M    M   6    MAX(MPH)
                                 MISC ---->  # 18 330               # 25  320
================================================================================
NOTES:
# LAST OF SEVERAL OCCURRENCES

COLUMN 17 PEAK WIND IN M.P.H.

PRELIMINARY LOCAL CLIMATOLOGICAL DATA (WS FORM: F-6) , PAGE 2

                                          STATION:  KETCHIKAN
                                          MONTH:    MAY
                                          YEAR:     2019
                                          LATITUDE:   55 20 N
                                          LONGITUDE: 131 42 W

[TEMPERATURE DATA]      [PRECIPITATION DATA]       SYMBOLS USED IN COLUMN 16

AVERAGE MONTHLY: 51.5   TOTAL FOR MONTH:   2.03    1 = FOG OR MIST
DPTR FM NORMAL:   3.9   DPTR FM NORMAL:   -2.71    2 = FOG REDUCING VISIBILITY
HIGHEST:    70 ON 19    GRTST 24HR  0.72 ON 16-16      TO 1/4 MILE OR LESS
LOWEST:     39 ON 13                               3 = THUNDER
                        SNOW, ICE PELLETS, HAIL    4 = ICE PELLETS
                        TOTAL MONTH:    M          5 = HAIL
                        GRTST 24HR    M  ON   M    6 = FREEZING RAIN OR DRIZZLE
                        GRTST DEPTH:  M  ON   M    7 = DUSTSTORM OR SANDSTORM:
                                                       VSBY 1/2 MILE OR LESS
                                                   8 = SMOKE OR HAZE
[NO. OF DAYS WITH]      [WEATHER - DAYS WITH]      9 = BLOWING SNOW
                                                   X = TORNADO
MAX 32 OR BELOW:   0    0.01 INCH OR MORE:   9
MAX 90 OR ABOVE:   0    0.10 INCH OR MORE:   5
MIN 32 OR BELOW:   0    0.50 INCH OR MORE:   2
MIN  0 OR BELOW:   0    1.00 INCH OR MORE:   0

[HDD (BASE 65) ]
TOTAL THIS MO.   252    CLEAR  (SCALE 0-3)   6
DPTR FM NORMAL   -74    PTCLDY (SCALE 4-7)   7
TOTAL FM JUL 1  5942    CLOUDY (SCALE 8-10)  6
DPTR FM NORMAL  -809

[CDD (BASE 65) ]
TOTAL THIS MO.     0
DPTR FM NORMAL     0    [PRESSURE DATA]
TOTAL FM JAN 1     0    HIGHEST SLP  0.00 ON 13
DPTR FM NORMAL     0    LOWEST  SLP  0.00 ON 13

[REMARKS]
