625
CXAK56 PAJK 241234
CF6KTN
PRELIMINARY LOCAL CLIMATOLOGICAL DATA (WS FORM: F-6)

                                          STATION:   KETCHIKAN
                                          MONTH:     MARCH
                                          YEAR:      2019
                                          LATITUDE:   55 20 N
                                          LONGITUDE: 131 42 W

  TEMPERATURE IN F:       :PCPN:    SNOW:  WIND      :SUNSHINE: SKY     :PK WND
================================================================================
1   2   3   4   5  6A  6B    7    8   9   10  11  12  13   14  15   16   17  18
                                     12Z  AVG MX 2MIN
DY MAX MIN AVG DEP HDD CDD  WTR  SNW DPTH SPD SPD DIR MIN PSBL S-S WX    SPD DR
================================================================================

 1  44  24  34  -4  31   0 0.00    M    M  3.9  9 110   M    M   1        12 120
 2  41  20  31  -6  34   0 0.00    M    M  4.8 15 120   M    M   4        20 130
 3  43  18  31  -7  34   0 0.00    M    M  3.1 12 330   M    M   0        15 320
 4  41  21  31  -5  34   0 0.00    M    M  7.1 13 340   M    M   0         M  M
 5  42  21  32  -4  33   0 0.00    M    M  5.6 12 340   M    M   0         M  M
 6  42  28  35  -1  30   0 0.00    M    M  9.8 14 340   M    M   0         M  M
 7  43  23  33  -2  32   0 0.00    M    M  5.4 10 130   M    M   0        12 130
 8  41  28  35   0  30   0 0.00    M    M  4.6  8 110   M    M   5         M  M
 9  42  30  36   1  29   0 0.00    M    M  4.3  9 130   M    M   9        12 130
10  41  34  38   1  27   0 1.48    M    M 13.1 31 140   M    M  10 1      42 130
11  45  32  39   1  26   0 0.09    M    M  4.5 10 290   M    M   7 1       M  M
12   M   M   M   M   M   M 0.05    M    M  3.3  7 140   M    M   9 1       M  M
13  43  35  39   0  26   0 0.35    M    M 14.1 27 140   0    0   0        40 140
14  43  35  39   1  26   0 0.69    M    M  7.9 20 150   M    M   9 1      28 140
15  45  38  42   5  23   0 0.44    M    M 12.8 23 130   M    M  10 1      30 130
16  47  42  45   9  20   0 0.79    M    M 12.8 24 120   M    M  10 1      31 120
17  48  45  47  10  18   0 1.55    M    M 10.8 21 140   M    M   9 1      27 140
18  60  37  49  11  16   0 0.00    M    M  6.7 13 120   M    M   0        16 110
19  62  32  47   9  18   0 0.00    M    M  2.4 12 110   M    M   0        13 110
20  66  36  51  13  14   0 0.00    M    M  5.2 13 130   M    M   1        14 330
21  61  35  48   9  17   0 0.00    M    M  9.2 22 100   M    M   4        29  80
22  52  43  48   8  17   0 0.04    M    M  6.1 14 110   M    M   9 1      15 110
23  50  33  42   3  23   0 0.19    M    M 10.3 35 130   M    M   8 1      43 120
================================================================================
SM 1042  690       558   0  5.67    M    167.8            0    105
================================================================================
AV 47.4 31.4                               7.3 FASTST    0   0   5    MAX(MPH)
                                 MISC ---->  # 35 130               # 43  120
================================================================================
NOTES:
# LAST OF SEVERAL OCCURRENCES

COLUMN 17 PEAK WIND IN M.P.H.

PRELIMINARY LOCAL CLIMATOLOGICAL DATA (WS FORM: F-6) , PAGE 2

                                          STATION:  KETCHIKAN
                                          MONTH:    MARCH
                                          YEAR:     2019
                                          LATITUDE:   55 20 N
                                          LONGITUDE: 131 42 W

[TEMPERATURE DATA]      [PRECIPITATION DATA]       SYMBOLS USED IN COLUMN 16

AVERAGE MONTHLY: 39.4   TOTAL FOR MONTH:   5.67    1 = FOG OR MIST
DPTR FM NORMAL:   2.1   DPTR FM NORMAL:   -2.38    2 = FOG REDUCING VISIBILITY
HIGHEST:    66 ON 20    GRTST 24HR  1.55 ON 17-17      TO 1/4 MILE OR LESS
LOWEST:     18 ON  3                               3 = THUNDER
                        SNOW, ICE PELLETS, HAIL    4 = ICE PELLETS
                        TOTAL MONTH:    M          5 = HAIL
                        GRTST 24HR    M  ON   M    6 = FREEZING RAIN OR DRIZZLE
                        GRTST DEPTH:  M  ON   M    7 = DUSTSTORM OR SANDSTORM:
                                                       VSBY 1/2 MILE OR LESS
                                                   8 = SMOKE OR HAZE
[NO. OF DAYS WITH]      [WEATHER - DAYS WITH]      9 = BLOWING SNOW
                                                   X = TORNADO
MAX 32 OR BELOW:   0    0.01 INCH OR MORE:  10
MAX 90 OR ABOVE:   0    0.10 INCH OR MORE:   7
MIN 32 OR BELOW:  11    0.50 INCH OR MORE:   4
MIN  0 OR BELOW:   0    1.00 INCH OR MORE:   2

[HDD (BASE 65) ]
TOTAL THIS MO.   558    CLEAR  (SCALE 0-3)  10
DPTR FM NORMAL   -79    PTCLDY (SCALE 4-7)   5
TOTAL FM JUL 1  4874    CLOUDY (SCALE 8-10)  8
DPTR FM NORMAL  -669

[CDD (BASE 65) ]
TOTAL THIS MO.     0
DPTR FM NORMAL     0    [PRESSURE DATA]
TOTAL FM JAN 1     0    HIGHEST SLP  0.00 ON 17
DPTR FM NORMAL     0    LOWEST  SLP 29.39 ON 10

[REMARKS]
