888
CXUS55 KPUB 261059
CF6LAA
PRELIMINARY LOCAL CLIMATOLOGICAL DATA (WS FORM: F-6)

                                          STATION:   LAMAR CO
                                          MONTH:     MARCH
                                          YEAR:      2019
                                          LATITUDE:   38  4 N
                                          LONGITUDE: 102 41 W

  TEMPERATURE IN F:       :PCPN:    SNOW:  WIND      :SUNSHINE: SKY     :PK WND
================================================================================
1   2   3   4   5  6A  6B    7    8   9   10  11  12  13   14  15   16   17  18
                                     12Z  AVG MX 2MIN
DY MAX MIN AVG DEP HDD CDD  WTR  SNW DPTH SPD SPD DIR MIN PSBL S-S WX    SPD DR
================================================================================

 1  56  18  37  -1  28   0    T  0.0    0  7.7 25  60   M    M   1 1      37  60
 2  28  13  21 -17  44   0 0.12    M    0 12.8 21  70   M    M   8 126    27  70
 3  13   3   8 -30  57   0 0.01    M    M  7.9 17  70   M    M   9 18     25  70
 4  19   5  12 -26  53   0    T    M    M  4.1  9 200   M    M   5        11 250
 5  33   4  19 -20  46   0 0.00  0.0    M  8.6 18 150   M    M   0        25 150
 6  44  19  32  -7  33   0 0.00  0.0    0  6.1 13  70   M    M   0        18 180
 7  45  27  36  -4  29   0 0.00  0.0    0  7.7 15  80   M    M   5        20  20
 8  61  23  42   2  23   0 0.00  0.0    0 14.0 32 170   M    M   4 12     44 170
 9  58  27  43   3  22   0 0.00  0.0    0 10.7 23  60   M    M   2        31 340
10  51  26  39  -1  26   0 0.00  0.0    0 10.7 25 160   M    M   0        36 170
11  63  21  42   1  23   0    T    M    0  8.6 28 180   M    M   2        37 180
12  80  45  63  22   2   0 0.11  0.0    0 15.5 32 170   M    M   4 1      46 190
13  54  34  44   2  21   0 0.02    M    0 25.5 59 340   M    M   8 1      82 350
14  45  23  34  -8  31   0    T    M    0 25.3 48 340   M    M   6        66 350
15  53  17  35  -7  30   0 0.00  0.0    0  6.1 14 200   M    M   0        19 200
16  60  19  40  -3  25   0 0.00  0.0    0  5.4 14  50   M    M   0        19  60
17  65  19  42  -1  23   0 0.00  0.0    0  6.2 16  10   M    M   0        23 350
18  65  21  43   0  22   0 0.00  0.0    0  9.9 25 190   M    M   1        35 180
19  57  31  44   0  21   0 0.01    M    0 11.9 22 350   M    M   7        28 350
20  65  20  43  -1  22   0 0.00  0.0    0  8.9 20 330   M    M   0        29 310
21  68  21  45   1  20   0 0.00  0.0    0 10.2 22 180   M    M   0        30 180
22  55  38  47   2  18   0 0.34    M    0 12.3 24 160   M    M   7 1      34 140
23  60  34  47   2  18   0 0.09    M    0 14.6 26 320   M    M   6 1      35 310
24  66  33  50   5  15   0    T  0.0    0  8.2 22  40   M    M   2        28  40
25  61  35  48   2  17   0 0.00  0.0    0  7.2 16 120   M    M   6 1      25 130
================================================================================
SM 1325  576       669   0  0.70     0.0 266.1          M       83
================================================================================
AV 53.0 23.0                              10.6 FASTST   M    M   3    MAX(MPH)
                                 MISC ---->  # 59 340               # 82  350
================================================================================
NOTES:
# LAST OF SEVERAL OCCURRENCES

COLUMN 17 PEAK WIND IN M.P.H.

PRELIMINARY LOCAL CLIMATOLOGICAL DATA (WS FORM: F-6) , PAGE 2

                                          STATION:  LAMAR CO
                                          MONTH:    MARCH
                                          YEAR:     2019
                                          LATITUDE:   38  4 N
                                          LONGITUDE: 102 41 W

[TEMPERATURE DATA]      [PRECIPITATION DATA]       SYMBOLS USED IN COLUMN 16

AVERAGE MONTHLY: 38.0   TOTAL FOR MONTH:   0.70    1 = FOG OR MIST
DPTR FM NORMAL:  -3.6   DPTR FM NORMAL:    0.02    2 = FOG REDUCING VISIBILITY
HIGHEST:    80 ON 12    GRTST 24HR  0.34 ON 22-22      TO 1/4 MILE OR LESS
LOWEST:      3 ON  3                               3 = THUNDER
                        SNOW, ICE PELLETS, HAIL    4 = ICE PELLETS
                        TOTAL MONTH:   0.0 INCH    5 = HAIL
                        GRTST 24HR     0.0         6 = FREEZING RAIN OR DRIZZLE
                        GRTST DEPTH:   0           7 = DUSTSTORM OR SANDSTORM:
                                                       VSBY 1/2 MILE OR LESS
                                                   8 = SMOKE OR HAZE
[NO. OF DAYS WITH]      [WEATHER - DAYS WITH]      9 = BLOWING SNOW
                                                   X = TORNADO
MAX 32 OR BELOW:   3    0.01 INCH OR MORE:   7
MAX 90 OR ABOVE:   0    0.10 INCH OR MORE:   3
MIN 32 OR BELOW:  19    0.50 INCH OR MORE:   0
MIN  0 OR BELOW:   0    1.00 INCH OR MORE:   0

[HDD (BASE 65) ]
TOTAL THIS MO.   669    CLEAR  (SCALE 0-3)  13
DPTR FM NORMAL    83    PTCLDY (SCALE 4-7)   9
TOTAL FM JUL 1  4994    CLOUDY (SCALE 8-10)  3
DPTR FM NORMAL    97

[CDD (BASE 65) ]
TOTAL THIS MO.     0
DPTR FM NORMAL     0    [PRESSURE DATA]
TOTAL FM JAN 1     0    HIGHEST SLP M ON M
DPTR FM NORMAL     0    LOWEST  SLP 29.04 ON 13

[REMARKS]
