000
CXUS53 KGRR 241017
CF6LAN
PRELIMINARY LOCAL CLIMATOLOGICAL DATA (WS FORM: F-6)

                                          STATION:   LANSING
                                          MONTH:     MARCH
                                          YEAR:      2019
                                          LATITUDE:   42 46 N
                                          LONGITUDE:  84 36 W

  TEMPERATURE IN F:       :PCPN:    SNOW:  WIND      :SUNSHINE: SKY     :PK WND
================================================================================
1   2   3   4   5  6A  6B    7    8   9   10  11  12  13   14  15   16   17  18
                                     12Z  AVG MX 2MIN
DY MAX MIN AVG DEP HDD CDD  WTR  SNW DPTH SPD SPD DIR MIN PSBL S-S WX    SPD DR
================================================================================

 1  35   9  22  -7  43   0 0.00  0.0    3  1.2  7  30   M    M   7 18      9 360
 2  31  20  26  -4  39   0 0.02    M    2  5.1 15 300   M    M   8 18     20 310
 3  25   8  17 -13  48   0 0.00  0.0    2  6.6 16 300   M    M   5        19 320
 4  14   7  11 -19  54   0 0.01    M    1 11.8 25 260   M    M   7 18     31 250
 5  18   8  13 -18  52   0 0.03  0.3    1 13.8 25 270   M    M   8 18     35 270
 6  21   4  13 -18  52   0    T    T    2  9.2 22 250   M    M   9 18     26 250
 7  25  11  18 -14  47   0    T  0.3    2  4.6 12 270   M    M   1 1      16 330
 8  39   8  24  -8  41   0 0.00  0.0    2  1.9 10 160   M    M   1 1      12 180
 9  39  19  29  -3  36   0 0.37  0.0    1 13.5 28 110   M    M   2 168    38 100
10  44  33  39   6  26   0 0.04    T    1 22.7 36 250   M    M   9 1      48 250
11  35  25  30  -3  35   0 0.00  0.0    0 15.3 25 260   M    M   1        31 260
12  46  20  33   0  32   0 0.00  0.0    0  6.5 14 240   M    M   0        17 240
13  53  36  45  11  20   0 0.10  0.0    0 10.1 16 170   M    M   7 1      22 150
14  62  42  52  18  13   0 0.45  0.0    0 17.8 31 160   M    M   5 13     41 150
15  42  31  37   3  28   0 0.05    T    0 17.3 29 240   M    M  10 1      38 240
16  36  23  30  -5  35   0    T    T    T 10.9 23 280   M    M   6        29 270
17  38  17  28  -7  37   0    T    T    0  3.9 13 200   M    M   4 18     16 190
18  42  22  32  -4  33   0 0.00  0.0    T  6.0 14 260   M    M   2 1      19 270
19  49  23  36   0  29   0 0.00  0.0    0  5.3 20 260   M    M   1 1      28 210
20  44  31  38   2  27   0 0.47  0.0    0  7.5 22 210   M    M   6 1      27 220
21  40  33  37   0  28   0    T  0.0    0  6.3 18 270   M    M  10 128    24 270
22  43  27  35  -2  30   0    T    T    0 12.8 24 310   M    M   5 1      32 310
23  47  20  34  -4  31   0 0.00  0.0    0  5.5 14 290   M    M   0        19 300
================================================================================
SM  868  477       816   0  1.54     0.6 215.6          M      114
================================================================================
AV 37.7 20.7                               9.4 FASTST   M    M   5    MAX(MPH)
                                 MISC ---->  # 36 250               # 48  250
================================================================================
NOTES:
# LAST OF SEVERAL OCCURRENCES

COLUMN 17 PEAK WIND IN M.P.H.

PRELIMINARY LOCAL CLIMATOLOGICAL DATA (WS FORM: F-6) , PAGE 2

                                          STATION:  LANSING
                                          MONTH:    MARCH
                                          YEAR:     2019
                                          LATITUDE:   42 46 N
                                          LONGITUDE:  84 36 W

[TEMPERATURE DATA]      [PRECIPITATION DATA]       SYMBOLS USED IN COLUMN 16

AVERAGE MONTHLY: 29.2   TOTAL FOR MONTH:   1.54    1 = FOG OR MIST
DPTR FM NORMAL:  -4.2   DPTR FM NORMAL:    0.10    2 = FOG REDUCING VISIBILITY
HIGHEST:    62 ON 14    GRTST 24HR  0.47 ON 20-20      TO 1/4 MILE OR LESS
LOWEST:      4 ON  6                               3 = THUNDER
                        SNOW, ICE PELLETS, HAIL    4 = ICE PELLETS
                        TOTAL MONTH:   0.6 INCH    5 = HAIL
                        GRTST 24HR   0.3 ON  7- 7  6 = FREEZING RAIN OR DRIZZLE
                        GRTST DEPTH:   3 ON  1     7 = DUSTSTORM OR SANDSTORM:
                                                       VSBY 1/2 MILE OR LESS
                                                   8 = SMOKE OR HAZE
[NO. OF DAYS WITH]      [WEATHER - DAYS WITH]      9 = BLOWING SNOW
                                                   X = TORNADO
MAX 32 OR BELOW:   6    0.01 INCH OR MORE:   9
MAX 90 OR ABOVE:   0    0.10 INCH OR MORE:   4
MIN 32 OR BELOW:  19    0.50 INCH OR MORE:   0
MIN  0 OR BELOW:   0    1.00 INCH OR MORE:   0

[HDD (BASE 65) ]
TOTAL THIS MO.   816    CLEAR  (SCALE 0-3)   8
DPTR FM NORMAL    89    PTCLDY (SCALE 4-7)  11
TOTAL FM JUL 1  5848    CLOUDY (SCALE 8-10)  4
DPTR FM NORMAL   186

[CDD (BASE 65) ]
TOTAL THIS MO.     0
DPTR FM NORMAL     0    [PRESSURE DATA]
TOTAL FM JAN 1     0    HIGHEST SLP M ON M
DPTR FM NORMAL     0    LOWEST  SLP 29.31 ON 14

[REMARKS]
