000
CXUS55 KCYS 251000
CF6LAR
PRELIMINARY LOCAL CLIMATOLOGICAL DATA (WS FORM: F-6)

                                          STATION:   LARAMIE WYOMING AIRPORT
                                          MONTH:     JUNE
                                          YEAR:      2019
                                          LATITUDE:   41 18 N
                                          LONGITUDE: 105 40 W

  TEMPERATURE IN F:       :PCPN:    SNOW:  WIND      :SUNSHINE: SKY     :PK WND
================================================================================
1   2   3   4   5  6A  6B    7    8   9   10  11  12  13   14  15   16   17  18
                                     12Z  AVG MX 2MIN
DY MAX MIN AVG DEP HDD CDD  WTR  SNW DPTH SPD SPD DIR MIN PSBL S-S WX    SPD DR
================================================================================

 1  68  35  52  -1  13   0    T    M    M  7.2 22 260   M    M   1 3      32 270
 2  73  39  56   3   9   0 0.00    M    M  9.5 24 150   M    M   2 13     32 150
 3  71  38  55   2  10   0 0.00    M    M 10.9 35 260   M    M   0        41 210
 4  71  38  55   1  10   0 0.04    M    M  8.0 24 200   M    M   3 3      30 200
 5  72  39  56   2   9   0 0.04    M    M  8.5 24 240   M    M   3 3      29 240
 6  75  40  58   4   7   0    T    M    M  9.6 26 180   M    M   2 5      32 150
 7  76  46  61   7   4   0    T    M    M 13.5 40 230   M    M   3 3      51 230
 8  72  38  55   0  10   0 0.00    M    M 13.6 30 360   M    M   5        38 360
 9  58  31  45 -10  20   0    T    M    M 11.4 22 320   M    M   3        29 330
10  68  30  49  -6  16   0 0.00    M    M  8.1 13 340   M    M   0        17 330
11   M   M   M   M   M   M    M    M    M 15.6 25 330   M    M   5        37 330
12  68  34  51  -5  14   0 0.00    M    M  7.5 15 150   M    M   1        21 360
13  78  40  59   3   6   0    T    M    M 15.0 41 270   M    M   3 3      51 270
14  73  45  59   2   6   0 0.09    M    M 13.1 43 280   M    M   3 3      49 280
15  72  38  55  -2  10   0 0.08    M    M  6.6 24  80   M    M   2 3      30  70
16  69  43  56  -1   9   0 0.21    M    M  9.1 28 330   M    M   5 38     34 320
17  63  42  53  -5  12   0 0.28    M    M  6.2 21 270   M    M   8 13     27 270
18  62  45  54  -4  11   0 0.16    M    M  7.0 30 300   M    M   7 13     37 330
19  71  45  58   0   7   0 0.12    M    M 15.2 38 290   M    M   4 1      47 290
20  76  42  59   0   6   0 0.18    M    M 15.0 45 200   M    M   4 1      54 200
21  50  38  44 -15  21   0 0.11    M    M 12.7 24 190   M    M   9 1      33 200
22  58  38  48 -11  17   0 0.03    M    M  7.7 23 260   M    M   7 1      32 330
23  58  33  46 -14  19   0 0.06    M    M 13.4 32 280   M    M   9 1      39 270
24  70  40  55  -5  10   0 0.00    M    M 16.3 33 250   M    M   3        47 260
================================================================================
SM 1572  897       256   0  1.40    M    260.7          M       92
================================================================================
AV 68.4 39.0                              10.9 FASTST   M    M   4    MAX(MPH)
                                 MISC ---->  # 45 200               # 54  200
================================================================================
NOTES:
# LAST OF SEVERAL OCCURRENCES

COLUMN 17 PEAK WIND IN M.P.H.

PRELIMINARY LOCAL CLIMATOLOGICAL DATA (WS FORM: F-6) , PAGE 2

                                          STATION:  LARAMIE WYOMING AIRPORT
                                          MONTH:    JUNE
                                          YEAR:     2019
                                          LATITUDE:   41 18 N
                                          LONGITUDE: 105 40 W

[TEMPERATURE DATA]      [PRECIPITATION DATA]       SYMBOLS USED IN COLUMN 16

AVERAGE MONTHLY: 53.7   TOTAL FOR MONTH:   1.40    1 = FOG OR MIST
DPTR FM NORMAL:  -2.6   DPTR FM NORMAL:    0.10    2 = FOG REDUCING VISIBILITY
HIGHEST:    78 ON 13    GRTST 24HR  0.28 ON 17-17      TO 1/4 MILE OR LESS
LOWEST:     30 ON 10                               3 = THUNDER
                        SNOW, ICE PELLETS, HAIL    4 = ICE PELLETS
                        TOTAL MONTH:    M          5 = HAIL
                        GRTST 24HR    M  ON   M    6 = FREEZING RAIN OR DRIZZLE
                        GRTST DEPTH:  M  ON   M    7 = DUSTSTORM OR SANDSTORM:
                                                       VSBY 1/2 MILE OR LESS
                                                   8 = SMOKE OR HAZE
[NO. OF DAYS WITH]      [WEATHER - DAYS WITH]      9 = BLOWING SNOW
                                                   X = TORNADO
MAX 32 OR BELOW:   0    0.01 INCH OR MORE:  12
MAX 90 OR ABOVE:   0    0.10 INCH OR MORE:   6
MIN 32 OR BELOW:   2    0.50 INCH OR MORE:   0
MIN  0 OR BELOW:   0    1.00 INCH OR MORE:   0

[HDD (BASE 65) ]
TOTAL THIS MO.   256    CLEAR  (SCALE 0-3)  11
DPTR FM NORMAL    43    PTCLDY (SCALE 4-7)  11
TOTAL FM JUL 1  8881    CLOUDY (SCALE 8-10)  2
DPTR FM NORMAL    79

[CDD (BASE 65) ]
TOTAL THIS MO.     0
DPTR FM NORMAL     0    [PRESSURE DATA]
TOTAL FM JAN 1     0    HIGHEST SLP M ON M
DPTR FM NORMAL     0    LOWEST  SLP 29.59 ON  7

[REMARKS]
