000
CXUS55 KCYS 261000
CF6LAR
PRELIMINARY LOCAL CLIMATOLOGICAL DATA (WS FORM: F-6)

                                          STATION:   LARAMIE WYOMING AIRPORT
                                          MONTH:     MARCH
                                          YEAR:      2019
                                          LATITUDE:   41 18 N
                                          LONGITUDE: 105 40 W

  TEMPERATURE IN F:       :PCPN:    SNOW:  WIND      :SUNSHINE: SKY     :PK WND
================================================================================
1   2   3   4   5  6A  6B    7    8   9   10  11  12  13   14  15   16   17  18
                                     12Z  AVG MX 2MIN
DY MAX MIN AVG DEP HDD CDD  WTR  SNW DPTH SPD SPD DIR MIN PSBL S-S WX    SPD DR
================================================================================

 1  38  23  31   4  34   0 0.01    M    M 16.7 36 280   M    M   4 1      43 290
 2  24   2  13 -14  52   0 0.11    M    M 15.8 29 140   M    M  10 1      35 140
 3   5 -19  -7 -35  72   0    T    M    M  4.8 16 150   M    M   3 18     18 150
 4  10 -22  -6 -34  71   0 0.00    M    M  4.5 12  60   M    M   1 128    12  60
 5  32 -18   7 -21  58   0 0.00    M    M  7.2 22 230   M    M   3 128    26 230
 6  42  29  36   8  29   0 0.13    M    M 10.4 25 230   M    M  10 168    30 230
 7  41  25  33   4  32   0 0.00    M    M 12.1 23 260   M    M   2        30 240
 8  39  20  30   1  35   0 0.12    M    M 10.3 28 160   M    M   6 12     34 170
 9  31  12  22  -7  43   0 0.00    M    M 14.1 31 260   M    M   4        36 260
10  36  13  25  -5  40   0 0.02    M    M  6.2 17 150   M    M   7 12     22 140
11  42  10  26  -4  39   0 0.00    M    M  8.3 22 160   M    M   4 12     27 160
12  45  21  33   3  32   0    T    M    M  7.6 16 240   M    M   2 1      20 240
13  34  15  25  -5  40   0 0.36    M    M 24.2 40 330   M    M  10 129    51 360
14  21  -1  10 -21  55   0    T    M    M 19.3 36 320   M    M   5 19     43 330
15  28   1  15 -16  50   0    T    M    M  8.0 18 220   M    M   0        20 230
16  31   4  18 -13  47   0 0.00    M    M  5.8 13  10   M    M   0 1      15 360
17  32  -2  15 -16  50   0 0.00    M    M  6.4 15 170   M    M   1 12     19  20
18  34   8  21 -11  44   0 0.00    M    M  7.6 20 170   M    M   1        23 170
19  31   9  20 -12  45   0 0.00    M    M  8.7 25 330   M    M   1 12     29 330
20  37   6  22 -10  43   0 0.00    M    M  6.3 12  20   M    M   0        13  20
21  46   9  28  -4  37   0 0.00    M    M 13.6 28 140   M    M   0        32 140
22  34  25  30  -2  35   0 0.07    M    M  5.8 16 360   M    M   8 12     21 360
23  39  26  33   1  32   0    T    M    M 10.0 21 310   M    M  10 1      26 310
24  43  21  32  -1  33   0 0.01    M    M  5.7 16 230   M    M   4 12     20 340
25  42  23  33   0  32   0 0.00    M    M 11.0 28 250   M    M   1 1      34 260
================================================================================
SM  837  240      1080   0  0.83    M    250.4          M       97
================================================================================
AV 33.5  9.6                              10.0 FASTST   M    M   4    MAX(MPH)
                                 MISC ---->  # 40 330               # 51  360
================================================================================
NOTES:
# LAST OF SEVERAL OCCURRENCES

COLUMN 17 PEAK WIND IN M.P.H.

PRELIMINARY LOCAL CLIMATOLOGICAL DATA (WS FORM: F-6) , PAGE 2

                                          STATION:  LARAMIE WYOMING AIRPORT
                                          MONTH:    MARCH
                                          YEAR:     2019
                                          LATITUDE:   41 18 N
                                          LONGITUDE: 105 40 W

[TEMPERATURE DATA]      [PRECIPITATION DATA]       SYMBOLS USED IN COLUMN 16

AVERAGE MONTHLY: 21.5   TOTAL FOR MONTH:   0.83    1 = FOG OR MIST
DPTR FM NORMAL:  -8.7   DPTR FM NORMAL:    0.38    2 = FOG REDUCING VISIBILITY
HIGHEST:    46 ON 21    GRTST 24HR  0.36 ON 13-13      TO 1/4 MILE OR LESS
LOWEST:    -22 ON  4                               3 = THUNDER
                        SNOW, ICE PELLETS, HAIL    4 = ICE PELLETS
                        TOTAL MONTH:    M          5 = HAIL
                        GRTST 24HR    M  ON   M    6 = FREEZING RAIN OR DRIZZLE
                        GRTST DEPTH:  M  ON   M    7 = DUSTSTORM OR SANDSTORM:
                                                       VSBY 1/2 MILE OR LESS
                                                   8 = SMOKE OR HAZE
[NO. OF DAYS WITH]      [WEATHER - DAYS WITH]      9 = BLOWING SNOW
                                                   X = TORNADO
MAX 32 OR BELOW:  10    0.01 INCH OR MORE:   8
MAX 90 OR ABOVE:   0    0.10 INCH OR MORE:   4
MIN 32 OR BELOW:  25    0.50 INCH OR MORE:   0
MIN  0 OR BELOW:   5    1.00 INCH OR MORE:   0

[HDD (BASE 65) ]
TOTAL THIS MO.  1080    CLEAR  (SCALE 0-3)  13
DPTR FM NORMAL   210    PTCLDY (SCALE 4-7)   8
TOTAL FM JUL 1  7071    CLOUDY (SCALE 8-10)  4
DPTR FM NORMAL    25

[CDD (BASE 65) ]
TOTAL THIS MO.     0
DPTR FM NORMAL     0    [PRESSURE DATA]
TOTAL FM JAN 1     0    HIGHEST SLP M ON M
DPTR FM NORMAL     0    LOWEST  SLP 29.09 ON 13

[REMARKS]
