000
CXUS55 KVEF 190940
CF6LAS
PRELIMINARY LOCAL CLIMATOLOGICAL DATA (WS FORM: F-6)

                                          STATION:   LAS VEGAS NV
                                          MONTH:     MARCH
                                          YEAR:      2019
                                          LATITUDE:   36  4 N
                                          LONGITUDE: 115 10 W

  TEMPERATURE IN F:       :PCPN:    SNOW:  WIND      :SUNSHINE: SKY     :PK WND
================================================================================
1   2   3   4   5  6A  6B    7    8   9   10  11  12  13   14  15   16   17  18
                                     12Z  AVG MX 2MIN
DY MAX MIN AVG DEP HDD CDD  WTR  SNW DPTH SPD SPD DIR MIN PSBL S-S WX    SPD DR
================================================================================

 1  74  56  65   9   0   0 0.00  0.0    0  9.5 24 190   M    M   9        30 200
 2  69  56  63   6   2   0 0.04  0.0    0 12.1 31 230   M    M   6        40 230
 3  70  53  62   5   3   0 0.00  0.0    0  8.8 20 230   M    M   3        25 230
 4  70  49  60   3   5   0 0.00  0.0    0  3.8 12  70   M    M   4        16  70
 5  72  52  62   4   3   0    T  0.0    0  6.2 26 250   M    M   7        34 260
 6  62  54  58   0   7   0 0.25  0.0    0  9.7 23 210   M    M   9        35 210
 7  67  53  60   2   5   0 0.00  0.0    0 11.4 22 210   M    M   6        29 210
 8  59  47  53  -5  12   0 0.01    M    0 13.0 26 220   M    M   4        34 220
 9  61  40  51  -7  14   0 0.00  0.0    0  6.1 14 230   M    M   4        22 180
10  59  49  54  -5  11   0 0.00  0.0    0  6.1 17 320   M    M   9        22 320
11  65  45  55  -4  10   0 0.02  0.0    0  9.7 23  70   M    M   7 1      29  20
12  66  48  57  -2   8   0 0.01  0.0    0  9.0 32 340   M    M   5 1      45 340
13  58  47  53  -6  12   0 0.00  0.0    0 18.9 36 320   M    M   3        48 300
14  60  44  52  -8  13   0 0.00  0.0    0 12.4 23  20   M    M   1        30  20
15  65  44  55  -5  10   0 0.00  0.0    0  9.0 25  50   M    M   2        34  50
16  71  50  61   1   4   0 0.00  0.0    0  7.8 21  30   M    M   0 8      26  50
17  76  49  63   3   2   0 0.00  0.0    0  4.1 12  60   M    M   0        18  80
18  78  52  65   5   0   0 0.00  0.0    0  5.3 12  70   M    M   2        16 100
================================================================================
SM 1202  888       121   0  0.33     0.0 162.9          M       81
================================================================================
AV 66.8 49.3                               9.1 FASTST   M    M   5    MAX(MPH)
                                 MISC ---->  # 36 320               # 48  300
================================================================================
NOTES:
# LAST OF SEVERAL OCCURRENCES

COLUMN 17 PEAK WIND IN M.P.H.

PRELIMINARY LOCAL CLIMATOLOGICAL DATA (WS FORM: F-6) , PAGE 2

                                          STATION:  LAS VEGAS NV
                                          MONTH:    MARCH
                                          YEAR:     2019
                                          LATITUDE:   36  4 N
                                          LONGITUDE: 115 10 W

[TEMPERATURE DATA]      [PRECIPITATION DATA]       SYMBOLS USED IN COLUMN 16

AVERAGE MONTHLY: 58.1   TOTAL FOR MONTH:   0.33    1 = FOG OR MIST
DPTR FM NORMAL:  -0.4   DPTR FM NORMAL:    0.02    2 = FOG REDUCING VISIBILITY
HIGHEST:    78 ON 18    GRTST 24HR  0.25 ON  6- 6      TO 1/4 MILE OR LESS
LOWEST:     40 ON  9                               3 = THUNDER
                        SNOW, ICE PELLETS, HAIL    4 = ICE PELLETS
                        TOTAL MONTH:   0.0 INCH    5 = HAIL
                        GRTST 24HR     0.0         6 = FREEZING RAIN OR DRIZZLE
                        GRTST DEPTH:   0           7 = DUSTSTORM OR SANDSTORM:
                                                       VSBY 1/2 MILE OR LESS
                                                   8 = SMOKE OR HAZE
[NO. OF DAYS WITH]      [WEATHER - DAYS WITH]      9 = BLOWING SNOW
                                                   X = TORNADO
MAX 32 OR BELOW:   0    0.01 INCH OR MORE:   5
MAX 90 OR ABOVE:   0    0.10 INCH OR MORE:   1
MIN 32 OR BELOW:   0    0.50 INCH OR MORE:   0
MIN  0 OR BELOW:   0    1.00 INCH OR MORE:   0

[HDD (BASE 65) ]
TOTAL THIS MO.   121    CLEAR  (SCALE 0-3)   6
DPTR FM NORMAL    -7    PTCLDY (SCALE 4-7)   9
TOTAL FM JUL 1  1737    CLOUDY (SCALE 8-10)  3
DPTR FM NORMAL   -82

[CDD (BASE 65) ]
TOTAL THIS MO.     0
DPTR FM NORMAL   -10    [PRESSURE DATA]
TOTAL FM JAN 1     1    HIGHEST SLP M ON M
DPTR FM NORMAL   -10    LOWEST  SLP 29.48 ON 12

[REMARKS]
