432
CXUS55 KVEF 260940
CF6LAS
PRELIMINARY LOCAL CLIMATOLOGICAL DATA (WS FORM: F-6)

                                          STATION:   LAS VEGAS NV
                                          MONTH:     MAY
                                          YEAR:      2019
                                          LATITUDE:   36  4 N
                                          LONGITUDE: 115 10 W

  TEMPERATURE IN F:       :PCPN:    SNOW:  WIND      :SUNSHINE: SKY     :PK WND
================================================================================
1   2   3   4   5  6A  6B    7    8   9   10  11  12  13   14  15   16   17  18
                                     12Z  AVG MX 2MIN
DY MAX MIN AVG DEP HDD CDD  WTR  SNW DPTH SPD SPD DIR MIN PSBL S-S WX    SPD DR
================================================================================

 1  75  60  68  -4   0   3 0.00  0.0    0  9.7 23 360   M    M   6        28 360
 2  82  59  71  -2   0   6 0.00  0.0    0  4.2 13  70   M    M   1        18 130
 3  87  62  75   2   0  10 0.00  0.0    0  4.9 16  80   M    M   4        21  80
 4  91  64  78   5   0  13 0.00  0.0    0  4.5 17 230   M    M   2        23 240
 5  91  66  79   5   0  14 0.00  0.0    0  6.5 17 190   M    M   3        24 200
 6  83  63  73  -1   0   8 0.00  0.0    0  8.5 16 160   M    M   2        23 150
 7  85  62  74   0   0   9    T  0.0    0  6.9 36 290   M    M   6        43 290
 8  87  63  75   0   0  10 0.00  0.0    0  6.7 23 350   M    M   5        34 300
 9  75  57  66  -9   0   1 0.45  0.0    0 10.2 26 330   M    M   9 3      31 340
10  76  55  66 -10   0   1 0.26  0.0    0  9.1 25  10   M    M   6        30  20
11  82  62  72  -4   0   7 0.00  0.0    0  4.1 13  20   M    M   2        17  10
12  88  64  76   0   0  11 0.00  0.0    0  5.4 14  50   M    M   2        16  50
13  93  68  81   5   0  16 0.00  0.0    0  5.0 14 230   M    M   3        19 200
14  93  72  83   6   0  18 0.00  0.0    0  7.9 22 220   M    M   4        30 210
15  91  71  81   4   0  16 0.00  0.0    0 10.9 23 220   M    M   7        33 220
16  77  60  69  -9   0   4    T  0.0    0 14.9 32 260   M    M   5        41 230
17  73  55  64 -14   1   0 0.00  0.0    0  5.7 21 320   M    M   2        28 320
18  81  58  70  -8   0   5 0.00  0.0    0  7.1 25 220   M    M   6        34 230
19  73  56  65 -13   0   0 0.00  0.0    0 18.4 32 220   M    M   7        44 210
20  73  54  64 -15   1   0    T  0.0    0  8.5 23 230   M    M   6        30 230
21  76  55  66 -13   0   1    T  0.0    0 14.0 28 350   M    M   5        36 330
22  67  55  61 -18   4   0 0.09  0.0    0  7.2 29  70   M    M   8 3      35  70
23  69  53  61 -19   4   0 0.00  0.0    0  9.1 20 190   M    M   8        28 200
24  78  60  69 -11   0   4 0.00  0.0    0  4.1 10 240   M    M   5        14 270
25  86  63  75  -5   0  10 0.00  0.0    0  6.5 21 190   M    M   3        27 220
================================================================================
SM 2032 1517        10 167  0.80     0.0 200.0          M      117
================================================================================
AV 81.3 60.7                               8.0 FASTST   M    M   5    MAX(MPH)
                                 MISC ---->  # 36 290               # 44  210
================================================================================
NOTES:
# LAST OF SEVERAL OCCURRENCES

COLUMN 17 PEAK WIND IN M.P.H.

PRELIMINARY LOCAL CLIMATOLOGICAL DATA (WS FORM: F-6) , PAGE 2

                                          STATION:  LAS VEGAS NV
                                          MONTH:    MAY
                                          YEAR:     2019
                                          LATITUDE:   36  4 N
                                          LONGITUDE: 115 10 W

[TEMPERATURE DATA]      [PRECIPITATION DATA]       SYMBOLS USED IN COLUMN 16

AVERAGE MONTHLY: 71.0   TOTAL FOR MONTH:   0.80    1 = FOG OR MIST
DPTR FM NORMAL:  -5.4   DPTR FM NORMAL:    0.70    2 = FOG REDUCING VISIBILITY
HIGHEST:    93 ON 14,13 GRTST 24HR  0.45 ON  9- 9      TO 1/4 MILE OR LESS
LOWEST:     53 ON 23                               3 = THUNDER
                        SNOW, ICE PELLETS, HAIL    4 = ICE PELLETS
                        TOTAL MONTH:   0.0 INCH    5 = HAIL
                        GRTST 24HR     0.0         6 = FREEZING RAIN OR DRIZZLE
                        GRTST DEPTH:   0           7 = DUSTSTORM OR SANDSTORM:
                                                       VSBY 1/2 MILE OR LESS
                                                   8 = SMOKE OR HAZE
[NO. OF DAYS WITH]      [WEATHER - DAYS WITH]      9 = BLOWING SNOW
                                                   X = TORNADO
MAX 32 OR BELOW:   0    0.01 INCH OR MORE:   3
MAX 90 OR ABOVE:   5    0.10 INCH OR MORE:   2
MIN 32 OR BELOW:   0    0.50 INCH OR MORE:   0
MIN  0 OR BELOW:   0    1.00 INCH OR MORE:   0

[HDD (BASE 65) ]
TOTAL THIS MO.    10    CLEAR  (SCALE 0-3)   9
DPTR FM NORMAL     6    PTCLDY (SCALE 4-7)  13
TOTAL FM JUL 1  1794    CLOUDY (SCALE 8-10)  3
DPTR FM NORMAL  -153

[CDD (BASE 65) ]
TOTAL THIS MO.   167
DPTR FM NORMAL  -125    [PRESSURE DATA]
TOTAL FM JAN 1   381    HIGHEST SLP M ON M
DPTR FM NORMAL   -71    LOWEST  SLP 29.45 ON 21

[REMARKS]
