000
CXUS54 KOUN 240700
CF6LAW
PRELIMINARY LOCAL CLIMATOLOGICAL DATA (WS FORM: F-6)

                                          STATION:   LAWTON
                                          MONTH:     APRIL
                                          YEAR:      2018
                                          LATITUDE:   34 34 N
                                          LONGITUDE:  98 25 W

  TEMPERATURE IN F:       :PCPN:    SNOW:  WIND      :SUNSHINE: SKY     :PK WND
================================================================================
1   2   3   4   5  6A  6B    7    8   9   10  11  12  13   14  15   16   17  18
                                     12Z  AVG MX 2MIN
DY MAX MIN AVG DEP HDD CDD  WTR  SNW DPTH SPD SPD DIR MIN PSBL S-S WX    SPD DR
================================================================================

 1  53  36  45 -14  20   0 0.00  0.0    0 17.8 29  20   M    M   9        34  10
 2  54  34  44 -15  21   0 0.00  0.0    0  8.0 18 180   M    M   8 18     24 170
 3  68  42  55  -4  10   0 0.00  0.0    0 18.0 39  10   M    M   2 12     48 360
 4  62  30  46 -13  19   0 0.00  0.0    0  9.0 21 170   M    M   0        26 170
 5  78  45  62   2   3   0 0.00  0.0    0 12.7 25 170   M    M   1        33 160
 6  80  34  57  -3   8   0 0.00  0.0    0 19.7 39  20   M    M   6        51  10
 7  49  26  38 -22  27   0 0.00  0.0    0 14.4 33  30   M    M   7        42  10
 8  54  30  42 -18  23   0 0.00  0.0    0  5.6 16 160   M    M   4        21 160
 9  74  34  54  -6  11   0 0.00  0.0    0  9.7 26  30   M    M   0        33  40
10  72  33  53  -8  12   0 0.00  0.0    0  5.7 14 170   M    M   0 1      21 190
11  85  40  63   2   2   0 0.00  0.0    0 13.8 30 170   M    M   0        40 170
12  93  58  76  15   0  11 0.00  0.0    0 18.2 29 170   M    M   0        38 170
13  87  50  69   8   0   4    T  0.0    0 17.2 28 190   M    M   1 3      38 270
14  58  38  48 -14  17   0 0.00  0.0    0 18.5 33 330   M    M   0        46 310
15  68  33  51 -11  14   0 0.00  0.0    0 10.4 22 340   M    M   0        29 350
16  86  34  60  -2   5   0 0.00  0.0    0 11.0 24 170   M    M   0 8      32 180
17  93  50  72  10   0   7 0.00  0.0    0 12.8 30 170   M    M   0 8      39 170
18  79  51  65   2   0   0 0.00  0.0    0 16.5 31 360   M    M   1 8      49 360
19  71  37  54  -9  11   0 0.00  0.0    0  8.4 18  50   M    M   0        23  20
20  70  41  56  -7   9   0    T  0.0    0 16.4 28 130   M    M   3        34 130
21  59  50  55  -8  10   0 0.99  0.0    0 10.8 21 130   M    M  10 13     28 130
22  68  43  56  -8   9   0 0.00  0.0    0 11.2 26 360   M    M   5        32 340
23  77  46  62  -2   3   0 0.00  0.0    0  6.4 16  30   M    M   1        22  10
================================================================================
SM 1638  915       234  22  0.99     0.0 292.2          M       58
================================================================================
AV 71.2 39.8                              12.7 FASTST   M    M   3    MAX(MPH)
                                 MISC ---->  # 39  10               # 51   10
================================================================================
NOTES:
# LAST OF SEVERAL OCCURRENCES

COLUMN 17 PEAK WIND IN M.P.H.

PRELIMINARY LOCAL CLIMATOLOGICAL DATA (WS FORM: F-6) , PAGE 2

                                          STATION:  LAWTON
                                          MONTH:    APRIL
                                          YEAR:     2018
                                          LATITUDE:   34 34 N
                                          LONGITUDE:  98 25 W

[TEMPERATURE DATA]      [PRECIPITATION DATA]       SYMBOLS USED IN COLUMN 16

AVERAGE MONTHLY: 55.5   TOTAL FOR MONTH:   0.99    1 = FOG OR MIST
DPTR FM NORMAL:  -5.7   DPTR FM NORMAL:   -0.97    2 = FOG REDUCING VISIBILITY
HIGHEST:    93 ON 17,12 GRTST 24HR  0.99 ON 21-21      TO 1/4 MILE OR LESS
LOWEST:     26 ON  7                               3 = THUNDER
                        SNOW, ICE PELLETS, HAIL    4 = ICE PELLETS
                        TOTAL MONTH:   0.0 INCH    5 = HAIL
                        GRTST 24HR     0.0         6 = FREEZING RAIN OR DRIZZLE
                        GRTST DEPTH:   0           7 = DUSTSTORM OR SANDSTORM:
                                                       VSBY 1/2 MILE OR LESS
                                                   8 = SMOKE OR HAZE
[NO. OF DAYS WITH]      [WEATHER - DAYS WITH]      9 = BLOWING SNOW
                                                   X = TORNADO
MAX 32 OR BELOW:   0    0.01 INCH OR MORE:   1
MAX 90 OR ABOVE:   2    0.10 INCH OR MORE:   1
MIN 32 OR BELOW:   3    0.50 INCH OR MORE:   1
MIN  0 OR BELOW:   0    1.00 INCH OR MORE:   0

[HDD (BASE 65) ]
TOTAL THIS MO.   234    CLEAR  (SCALE 0-3)  16
DPTR FM NORMAL   107    PTCLDY (SCALE 4-7)   4
TOTAL FM JUL 1  3125    CLOUDY (SCALE 8-10)  3
DPTR FM NORMAL    16

[CDD (BASE 65) ]
TOTAL THIS MO.    22
DPTR FM NORMAL   -16    [PRESSURE DATA]
TOTAL FM JAN 1    48    HIGHEST SLP M ON M
DPTR FM NORMAL    -8    LOWEST  SLP 29.39 ON 13

[REMARKS]
