000
CXUS56 KLOX 221655
CF6LAX
PRELIMINARY LOCAL CLIMATOLOGICAL DATA (WS FORM: F-6)

                                          STATION:   LOS ANGELES INTL AIRPORT CA
                                          MONTH:     MAY
                                          YEAR:      2019
                                          LATITUDE:   33 55 N
                                          LONGITUDE: 118 24 W

  TEMPERATURE IN F:       :PCPN:    SNOW:  WIND      :SUNSHINE: SKY     :PK WND
================================================================================
1   2   3   4   5  6A  6B    7    8   9   10  11  12  13   14  15   16   17  18
                                     12Z  AVG MX 2MIN
DY MAX MIN AVG DEP HDD CDD  WTR  SNW DPTH SPD SPD DIR MIN PSBL S-S WX    SPD DR
================================================================================

 1  67  54  61  -1   4   0 0.00  0.0    0  9.2 22 270   M    M   5        26 270
 2  67  55  61  -1   4   0 0.00  0.0    0  6.9 17 230   M    M   5        20 260
 3  68  58  63   1   2   0 0.00  0.0    0  7.8 16 260   M    M   7 18     21 250
 4  68  59  64   2   1   0 0.00  0.0    0  8.4 17 260   M    M   7 8      22 270
 5  67  59  63   1   2   0    T  0.0    0  9.5 21 280   M    M   7        26 260
 6  67  58  63   1   2   0    T  0.0    0 12.3 23 270   M    M   7        27 270
 7  66  58  62   0   3   0    T  0.0    0  8.1 15 260   M    M   6        23 250
 8  65  59  62   0   3   0 0.00  0.0    0  8.5 15 260   M    M  10        18 270
 9  64  60  62   0   3   0 0.00  0.0    0  6.0 13 270   M    M   9        18 230
10  71  60  66   4   0   1    T  0.0    0  5.1 15 280   M    M   8        20 290
11  72  59  66   4   0   1 0.00  0.0    0  8.1 20 240   M    M   6        24 260
12  73  57  65   3   0   0 0.00  0.0    0  7.2 17 260   M    M   6        22 250
13  68  61  65   3   0   0 0.00  0.0    0  7.4 15 270   M    M   8        18 270
14  68  60  64   1   1   0 0.00  0.0    0  8.2 17 260   M    M   8 8      22 250
15  67  61  64   1   1   0 0.00  0.0    0  7.9 20 260   M    M   9 8      22 260
16  68  58  63   0   2   0 0.29  0.0    0 17.3 35 260   M    M   5 18     40 260
17  68  55  62  -1   3   0 0.00  0.0    0 10.5 26 270   M    M   3        29 270
18  70  54  62  -1   3   0    T  0.0    0  9.3 21 260   M    M   7        23 270
19  64  52  58  -5   7   0 0.27  0.0    0 11.2 21 270   M    M   7 1      25 280
20  67  55  61  -2   4   0 0.00  0.0    0 13.0 23 270   M    M   4        29 240
21  66  59  63   0   2   0 0.00  0.0    0 11.0 30 260   M    M   6        36 260
================================================================================
SM 1421 1211        47   2  0.56     0.0 192.9          M      140
================================================================================
AV 67.7 57.7                               9.2 FASTST   M    M   7    MAX(MPH)
                                 MISC ---->  # 35 260               # 40  260
================================================================================
NOTES:
# LAST OF SEVERAL OCCURRENCES

COLUMN 17 PEAK WIND IN M.P.H.

PRELIMINARY LOCAL CLIMATOLOGICAL DATA (WS FORM: F-6) , PAGE 2

                                          STATION:  LOS ANGELES INTL AIRPORT CA
                                          MONTH:    MAY
                                          YEAR:     2019
                                          LATITUDE:   33 55 N
                                          LONGITUDE: 118 24 W

[TEMPERATURE DATA]      [PRECIPITATION DATA]       SYMBOLS USED IN COLUMN 16

AVERAGE MONTHLY: 62.7   TOTAL FOR MONTH:   0.56    1 = FOG OR MIST
DPTR FM NORMAL:   0.3   DPTR FM NORMAL:    0.39    2 = FOG REDUCING VISIBILITY
HIGHEST:    73 ON 12    GRTST 24HR  0.29 ON 16-16      TO 1/4 MILE OR LESS
LOWEST:     52 ON 19                               3 = THUNDER
                        SNOW, ICE PELLETS, HAIL    4 = ICE PELLETS
                        TOTAL MONTH:   0.0 INCH    5 = HAIL
                        GRTST 24HR     0.0         6 = FREEZING RAIN OR DRIZZLE
                        GRTST DEPTH:   0           7 = DUSTSTORM OR SANDSTORM:
                                                       VSBY 1/2 MILE OR LESS
                                                   8 = SMOKE OR HAZE
[NO. OF DAYS WITH]      [WEATHER - DAYS WITH]      9 = BLOWING SNOW
                                                   X = TORNADO
MAX 32 OR BELOW:   0    0.01 INCH OR MORE:   2
MAX 90 OR ABOVE:   0    0.10 INCH OR MORE:   2
MIN 32 OR BELOW:   0    0.50 INCH OR MORE:   0
MIN  0 OR BELOW:   0    1.00 INCH OR MORE:   0

[HDD (BASE 65) ]
TOTAL THIS MO.    47    CLEAR  (SCALE 0-3)   1
DPTR FM NORMAL   -19    PTCLDY (SCALE 4-7)  15
TOTAL FM JUL 1  1058    CLOUDY (SCALE 8-10)  5
DPTR FM NORMAL  -316

[CDD (BASE 65) ]
TOTAL THIS MO.     2
DPTR FM NORMAL    -2    [PRESSURE DATA]
TOTAL FM JAN 1    27    HIGHEST SLP M ON M
DPTR FM NORMAL    -3    LOWEST  SLP 29.71 ON 21

[REMARKS]
