000
CXUS54 KLUB 190755
CF6LBB
PRELIMINARY LOCAL CLIMATOLOGICAL DATA (WS FORM: F-6)

                                          STATION:   LUBBOCK
                                          MONTH:     MARCH
                                          YEAR:      2019
                                          LATITUDE:   33 39 N
                                          LONGITUDE: 101 49 W

  TEMPERATURE IN F:       :PCPN:    SNOW:  WIND      :SUNSHINE: SKY     :PK WND
================================================================================
1   2   3   4   5  6A  6B    7    8   9   10  11  12  13   14  15   16   17  18
                                     12Z  AVG MX 2MIN
DY MAX MIN AVG DEP HDD CDD  WTR  SNW DPTH SPD SPD DIR MIN PSBL S-S WX    SPD DR
================================================================================

 1  78  30  54   6  11   0 0.00  0.0    0 10.0 26 280   M    M   7 18     32 280
 2  42  31  37 -11  28   0    T  0.0    0 11.1 20  70   M    M  10 168    25  70
 3  31  20  26 -22  39   0 0.01    T    0 14.9 22  40   M    M  10 16     28  50
 4  29  14  22 -27  43   0    T    T    0  8.8 16  50   M    M   9        19  50
 5  47  14  31 -18  34   0 0.00  0.0    0  5.3 14 130   M    M   2        17 130
 6  60  26  43  -6  22   0 0.00  0.0    0 15.6 26 190   M    M   3        32 190
 7  76  36  56   6   9   0 0.00  0.0    0 14.0 24 220   M    M   7        29 220
 8  72  41  57   7   8   0    T  0.0    0 14.1 36 240   M    M  10 8      45 260
 9  71  42  57   7   8   0 0.02  0.0    0 20.0 49 260   M    M   4 3      58 260
10  50  38  44  -6  21   0 0.00  0.0    0 11.7 21  90   M    M  10        26  90
11  48  39  44  -6  21   0 0.06  0.0    0 10.7 20 120   M    M  10 123    23 120
12  61  44  53   2  12   0 1.01  0.0    0 13.0 46 270   M    M  10 123    46 270
13  62  43  53   2  12   0 0.02  0.0    0 31.9 54 250   M    M   4 8      67 240
14  54  34  44  -7  21   0 0.00  0.0    0 12.8 26 360   M    M   5        35 360
15  53  26  40 -12  25   0 0.00  0.0    0  7.0 16  30   M    M   4        19  40
16  54  33  44  -8  21   0 0.00  0.0    0  5.9 14 180   M    M   7        18 180
17  62  43  53   1  12   0 0.00  0.0    0  5.5 14 190   M    M   5        19 190
18  64  35  50  -2  15   0 0.00  0.0    0  7.2 16 150   M    M   2        21 150
================================================================================
SM 1014  589       362   0  1.12    T    219.5          M      119
================================================================================
AV 56.3 32.7                              12.2 FASTST   M    M   7    MAX(MPH)
                                 MISC ---->  # 54 250               # 67  240
================================================================================
NOTES:
# LAST OF SEVERAL OCCURRENCES

COLUMN 17 PEAK WIND IN M.P.H.

PRELIMINARY LOCAL CLIMATOLOGICAL DATA (WS FORM: F-6) , PAGE 2

                                          STATION:  LUBBOCK
                                          MONTH:    MARCH
                                          YEAR:     2019
                                          LATITUDE:   33 39 N
                                          LONGITUDE: 101 49 W

[TEMPERATURE DATA]      [PRECIPITATION DATA]       SYMBOLS USED IN COLUMN 16

AVERAGE MONTHLY: 44.5   TOTAL FOR MONTH:   1.12    1 = FOG OR MIST
DPTR FM NORMAL:  -5.6   DPTR FM NORMAL:    0.52    2 = FOG REDUCING VISIBILITY
HIGHEST:    78 ON  1    GRTST 24HR  1.01 ON 12-12      TO 1/4 MILE OR LESS
LOWEST:     14 ON  5, 4                            3 = THUNDER
                        SNOW, ICE PELLETS, HAIL    4 = ICE PELLETS
                        TOTAL MONTH:    T          5 = HAIL
                        GRTST 24HR    T  ON  4- 4  6 = FREEZING RAIN OR DRIZZLE
                        GRTST DEPTH:   0           7 = DUSTSTORM OR SANDSTORM:
                                                       VSBY 1/2 MILE OR LESS
                                                   8 = SMOKE OR HAZE
[NO. OF DAYS WITH]      [WEATHER - DAYS WITH]      9 = BLOWING SNOW
                                                   X = TORNADO
MAX 32 OR BELOW:   2    0.01 INCH OR MORE:   5
MAX 90 OR ABOVE:   0    0.10 INCH OR MORE:   1
MIN 32 OR BELOW:   7    0.50 INCH OR MORE:   1
MIN  0 OR BELOW:   0    1.00 INCH OR MORE:   1

[HDD (BASE 65) ]
TOTAL THIS MO.   362    CLEAR  (SCALE 0-3)   2
DPTR FM NORMAL    92    PTCLDY (SCALE 4-7)   9
TOTAL FM JUL 1  3134    CLOUDY (SCALE 8-10)  7
DPTR FM NORMAL   125

[CDD (BASE 65) ]
TOTAL THIS MO.     0
DPTR FM NORMAL     0    [PRESSURE DATA]
TOTAL FM JAN 1     0    HIGHEST SLP M ON M
DPTR FM NORMAL     0    LOWEST  SLP 29.26 ON 13

[REMARKS]
