000
CXUS54 KLUB 200755
CF6LBB
PRELIMINARY LOCAL CLIMATOLOGICAL DATA (WS FORM: F-6)

                                          STATION:   LUBBOCK
                                          MONTH:     MAY
                                          YEAR:      2019
                                          LATITUDE:   33 39 N
                                          LONGITUDE: 101 49 W

  TEMPERATURE IN F:       :PCPN:    SNOW:  WIND      :SUNSHINE: SKY     :PK WND
================================================================================
1   2   3   4   5  6A  6B    7    8   9   10  11  12  13   14  15   16   17  18
                                     12Z  AVG MX 2MIN
DY MAX MIN AVG DEP HDD CDD  WTR  SNW DPTH SPD SPD DIR MIN PSBL S-S WX    SPD DR
================================================================================

 1  88  53  71   6   0   6 0.00  0.0    0 10.4 24 220   M    M   2 12     30 220
 2  65  49  57  -9   8   0    T  0.0    0 13.1 24  40   M    M   8 1      30  40
 3  74  56  65  -1   0   0 0.01  0.0    0  8.8 37 330   M    M   9 13     42 340
 4  72  57  65  -1   0   0    T  0.0    0  9.5 22  30   M    M   8 3      30  30
 5  84  57  71   4   0   6    T  0.0    0 14.2 33 140   M    M   7 13     41 140
 6  85  60  73   6   0   8 0.00  0.0    0 15.9 26 160   M    M   5 1      34 160
 7  80  61  71   4   0   6 0.11    T    0 15.1 39 150   M    M   7 135    45 150
 8  82  51  67  -1   0   2    T  0.0    0 12.5 33 320   M    M   4 3      45 330
 9  61  45  53 -15  12   0 0.02  0.0    0 13.4 28 340   M    M   8 3      35 350
10  47  43  45 -23  20   0 0.53  0.0    0 10.3 21  50   M    M  10 1      24  70
11  68  45  57 -11   8   0 0.02  0.0    0  5.8 14 310   M    M   8 1      19 310
12  76  47  62  -7   3   0    T  0.0    0  5.5 14 160   M    M   5 13     20 170
13  80  57  69   0   0   4    T  0.0    0 10.2 26 210   M    M   7 3      34 220
14  82  51  67  -2   0   2 0.00  0.0    0  7.9 15 180   M    M   2        19 200
15  86  55  71   1   0   6 0.00  0.0    0 10.3 18 170   M    M   1        26 150
16  86  63  75   5   0  10 0.00  0.0    0 16.1 25 150   M    M   6        32 160
17  93  66  80  10   0  15 0.00  0.0    0 20.5 33 210   M    M   6        43 210
18  84  53  69  -1   0   4 0.00  0.0    0 17.2 38 280   M    M   4        55 270
19  81  47  64  -7   1   0 0.00  0.0    0 14.8 25 130   M    M   4        31 120
================================================================================
SM 1474 1016        52  69  0.69    T    231.5          M      111
================================================================================
AV 77.6 53.5                              12.2 FASTST   M    M   6    MAX(MPH)
                                 MISC ---->  # 39 150               # 55  270
================================================================================
NOTES:
# LAST OF SEVERAL OCCURRENCES

COLUMN 17 PEAK WIND IN M.P.H.

PRELIMINARY LOCAL CLIMATOLOGICAL DATA (WS FORM: F-6) , PAGE 2

                                          STATION:  LUBBOCK
                                          MONTH:    MAY
                                          YEAR:     2019
                                          LATITUDE:   33 39 N
                                          LONGITUDE: 101 49 W

[TEMPERATURE DATA]      [PRECIPITATION DATA]       SYMBOLS USED IN COLUMN 16

AVERAGE MONTHLY: 65.5   TOTAL FOR MONTH:   0.69    1 = FOG OR MIST
DPTR FM NORMAL:  -2.6   DPTR FM NORMAL:   -0.52    2 = FOG REDUCING VISIBILITY
HIGHEST:    93 ON 17    GRTST 24HR  0.53 ON 10-10      TO 1/4 MILE OR LESS
LOWEST:     43 ON 10                               3 = THUNDER
                        SNOW, ICE PELLETS, HAIL    4 = ICE PELLETS
                        TOTAL MONTH:    T          5 = HAIL
                        GRTST 24HR    T  ON  7- 7  6 = FREEZING RAIN OR DRIZZLE
                        GRTST DEPTH:   0           7 = DUSTSTORM OR SANDSTORM:
                                                       VSBY 1/2 MILE OR LESS
                                                   8 = SMOKE OR HAZE
[NO. OF DAYS WITH]      [WEATHER - DAYS WITH]      9 = BLOWING SNOW
                                                   X = TORNADO
MAX 32 OR BELOW:   0    0.01 INCH OR MORE:   5
MAX 90 OR ABOVE:   1    0.10 INCH OR MORE:   2
MIN 32 OR BELOW:   0    0.50 INCH OR MORE:   1
MIN  0 OR BELOW:   0    1.00 INCH OR MORE:   0

[HDD (BASE 65) ]
TOTAL THIS MO.    52    CLEAR  (SCALE 0-3)   3
DPTR FM NORMAL    20    PTCLDY (SCALE 4-7)  12
TOTAL FM JUL 1  3449    CLOUDY (SCALE 8-10)  4
DPTR FM NORMAL    80

[CDD (BASE 65) ]
TOTAL THIS MO.    69
DPTR FM NORMAL   -23    [PRESSURE DATA]
TOTAL FM JAN 1   132    HIGHEST SLP M ON M
DPTR FM NORMAL   -16    LOWEST  SLP 29.46 ON 17

[REMARKS]
