000
CXUS55 KLBF 261200
CF6LBF
PRELIMINARY LOCAL CLIMATOLOGICAL DATA (WS FORM: F-6)

                                          STATION:   NORTH PLATTE
                                          MONTH:     MAY
                                          YEAR:      2019
                                          LATITUDE:   41  7 N
                                          LONGITUDE: 100 41 W

  TEMPERATURE IN F:       :PCPN:    SNOW:  WIND      :SUNSHINE: SKY     :PK WND
================================================================================
1   2   3   4   5  6A  6B    7    8   9   10  11  12  13   14  15   16   17  18
                                     12Z  AVG MX 2MIN
DY MAX MIN AVG DEP HDD CDD  WTR  SNW DPTH SPD SPD DIR MIN PSBL S-S WX    SPD DR
================================================================================

 1  47  30  39 -14  26   0 0.05  0.0    0  6.1 16 110   M    M   9 1      21 360
 2  65  22  44  -9  21   0    T  0.0    0  7.5 20 190   M    M   2 1      28 240
 3  71  41  56   2   9   0 0.00  0.0    0  9.6 18 340   M    M   3        26 330
 4  77  35  56   2   9   0 0.01  0.0    0  7.4 23 240   M    M   2 3      31 230
 5  73  42  58   4   7   0 0.00  0.0    0  8.3 18  70   M    M   1        36  90
 6  54  44  49  -6  16   0 0.08  0.0    0 11.1 23 100   M    M   9 13     34  80
 7  46  42  44 -11  21   0 0.14  0.0    0 10.3 16 110   M    M  10 1      22  70
 8  49  42  46  -9  19   0 0.35  0.0    0 14.8 26 360   M    M  10 1      40  20
 9  55  33  44 -12  21   0    T  0.0    0 10.3 22  30   M    M   5        30  20
10  60  27  44 -12  21   0 0.00  0.0    0  5.8 15 200   M    M   3        22 240
11  61  34  48  -8  17   0 0.04  0.0    0  8.6 24 360   M    M   3        34 360
12  68  30  49  -8  16   0 0.00  0.0    0  6.6 22 330   M    M   0        32 340
13  82  33  58   1   7   0    T  0.0    0  4.6 17 350   M    M   0        23 360
14  88  43  66   9   0   1 0.03  0.0    0  6.5 16  60   M    M   1 1      22  30
15  87  51  69  11   0   4 0.00  0.0    0  5.9 20 340   M    M   0        29 340
16  89  49  69  11   0   4 0.05  0.0    0  7.6 22  70   M    M   1 3      32  80
17  84  52  68  10   0   3 0.36  0.0    0 14.9 36 180   M    M   2 13     54 190
18  67  43  55  -4  10   0 0.00  0.0    0 11.9 21  30   M    M   5        30  10
19  58  39  49 -10  16   0 0.01  0.0    0 15.6 26 350   M    M   5        40 350
20  44  41  43 -16  22   0 0.44  0.0    0 14.8 24 100   M    M   9 1      32  90
21  46  40  43 -17  22   0 1.87  0.0    0 13.8 24 100   M    M  10 1      35  90
22  59  38  49 -11  16   0 0.00  0.0    0 14.7 25 290   M    M   4        35 280
23  59  35  47 -13  18   0 0.63    T    0  7.8 21 210   M    M   6 13     27 190
24  77  39  58  -2   7   0    T  0.0    0  7.1 18 240   M    M   4 12     28 250
25  77  46  62   1   3   0 0.00  0.0    0  6.2 16 140   M    M   1        22 140
================================================================================
SM 1643  971       324  12  4.06    T    237.8          M      105
================================================================================
AV 65.7 38.8                               9.5 FASTST   M    M   4    MAX(MPH)
                                 MISC ---->  # 36 180               # 54  190
================================================================================
NOTES:
# LAST OF SEVERAL OCCURRENCES

COLUMN 17 PEAK WIND IN M.P.H.

PRELIMINARY LOCAL CLIMATOLOGICAL DATA (WS FORM: F-6) , PAGE 2

                                          STATION:  NORTH PLATTE
                                          MONTH:    MAY
                                          YEAR:     2019
                                          LATITUDE:   41  7 N
                                          LONGITUDE: 100 41 W

[TEMPERATURE DATA]      [PRECIPITATION DATA]       SYMBOLS USED IN COLUMN 16

AVERAGE MONTHLY: 52.3   TOTAL FOR MONTH:   4.06    1 = FOG OR MIST
DPTR FM NORMAL:  -4.7   DPTR FM NORMAL:    1.52    2 = FOG REDUCING VISIBILITY
HIGHEST:    89 ON 16    GRTST 24HR  1.87 ON 21-21      TO 1/4 MILE OR LESS
LOWEST:     22 ON  2                               3 = THUNDER
                        SNOW, ICE PELLETS, HAIL    4 = ICE PELLETS
                        TOTAL MONTH:    T          5 = HAIL
                        GRTST 24HR    T  ON 23-23  6 = FREEZING RAIN OR DRIZZLE
                        GRTST DEPTH:   0           7 = DUSTSTORM OR SANDSTORM:
                                                       VSBY 1/2 MILE OR LESS
                                                   8 = SMOKE OR HAZE
[NO. OF DAYS WITH]      [WEATHER - DAYS WITH]      9 = BLOWING SNOW
                                                   X = TORNADO
MAX 32 OR BELOW:   0    0.01 INCH OR MORE:  13
MAX 90 OR ABOVE:   0    0.10 INCH OR MORE:   6
MIN 32 OR BELOW:   4    0.50 INCH OR MORE:   2
MIN  0 OR BELOW:   0    1.00 INCH OR MORE:   1

[HDD (BASE 65) ]
TOTAL THIS MO.   324    CLEAR  (SCALE 0-3)  12
DPTR FM NORMAL   108    PTCLDY (SCALE 4-7)   7
TOTAL FM JUL 1  6930    CLOUDY (SCALE 8-10)  6
DPTR FM NORMAL   324

[CDD (BASE 65) ]
TOTAL THIS MO.    12
DPTR FM NORMAL    -3    [PRESSURE DATA]
TOTAL FM JAN 1    12    HIGHEST SLP M ON M
DPTR FM NORMAL    -6    LOWEST  SLP 29.25 ON 17

[REMARKS]
