000
CXUS52 KILM 261000
CF6LBT
PRELIMINARY LOCAL CLIMATOLOGICAL DATA (WS FORM: F-6)

                                          STATION:   LUMBERTON NORTH CAROLINA
                                          MONTH:     MAY
                                          YEAR:      2019
                                          LATITUDE:   34 35 N
                                          LONGITUDE:  79  4 W

  TEMPERATURE IN F:       :PCPN:    SNOW:  WIND      :SUNSHINE: SKY     :PK WND
================================================================================
1   2   3   4   5  6A  6B    7    8   9   10  11  12  13   14  15   16   17  18
                                     12Z  AVG MX 2MIN
DY MAX MIN AVG DEP HDD CDD  WTR  SNW DPTH SPD SPD DIR MIN PSBL S-S WX    SPD DR
================================================================================

 1  87  64  76  10   0  11 0.00    M    M   M   M   M   M    M   M         M  M
 2  85  60  73   7   0   8 0.00    M    M   M   M   M   M    M   M         M  M
 3  85  62  74   8   0   9 0.01    M    M   M   M   M   M    M   M         M  M
 4  87  67  77  11   0  12 0.26    M    M   M   M   M   M    M   M         M  M
 5  84  67  76   9   0  11 0.44    M    M   M   M   M   M    M   M         M  M
 6  83  65  74   7   0   9 0.00    M    M   M   M   M   M    M   M         M  M
 7  84  63  74   7   0   9 0.00    M    M   M   M   M   M    M   M         M  M
 8  84  60  72   4   0   7 0.00    M    M   M   M   M   M    M   M         M  M
 9  83  60  72   4   0   7 0.00    M    M   M   M   M   M    M   M         M  M
10  80  61  71   3   0   6 0.00    M    M   M   M   M   M    M   M         M  M
11  86  66  76   8   0  11 0.04    M    M   M   M   M   M    M   M         M  M
12  81  67  74   5   0   9 0.10    M    M   M   M   M   M    M   M         M  M
13  85  65  75   6   0  10 0.00    M    M   M   M   M   M    M   M         M  M
14  73  51  62  -7   3   0 0.00    M    M   M   M   M   M    M   M         M  M
15  76  47  62  -8   3   0 0.00    M    M   M   M   M   M    M   M         M  M
16  84  54  69  -1   0   4 0.00    M    M   M   M   M   M    M   M         M  M
17  91  65  78   8   0  13 0.00    M    M   M   M   M   M    M   M         M  M
18  96  69  83  13   0  18 0.00    M    M   M   M   M   M    M   M         M  M
19  90  67  79   8   0  14 0.00    M    M   M   M   M   M    M   M         M  M
20  90  67  79   8   0  14 0.44    M    M   M   M   M   M    M   M         M  M
21  91  69  80   9   0  15 0.00    M    M   M   M   M   M    M   M         M  M
22  83  66  75   3   0  10 0.00    M    M   M   M   M   M    M   M         M  M
23  89  63  76   4   0  11 0.00    M    M   M   M   M   0    0   0         0   0
24   M   M   M   M   M   M    M    M    M   M   M   M   0    0   0         0   0
25  96  72  84  12   0  19 0.00    M    M   M   M   M   0    0   0         0   0
================================================================================
SM 2053 1517         6 237  1.29    M        M            0      0
================================================================================
AV 85.5 63.2                                 M FASTST    0   0   0    MAX(MPH)
                                 MISC ---->     M   M               #  0    0
================================================================================
NOTES:
# LAST OF SEVERAL OCCURRENCES

COLUMN 17 PEAK WIND IN M.P.H.

PRELIMINARY LOCAL CLIMATOLOGICAL DATA (WS FORM: F-6) , PAGE 2

                                          STATION:  LUMBERTON NORTH CAROLINA
                                          MONTH:    MAY
                                          YEAR:     2019
                                          LATITUDE:   34 35 N
                                          LONGITUDE:  79  4 W

[TEMPERATURE DATA]      [PRECIPITATION DATA]       SYMBOLS USED IN COLUMN 16

AVERAGE MONTHLY: 74.4   TOTAL FOR MONTH:   1.29    1 = FOG OR MIST
DPTR FM NORMAL:   5.4   DPTR FM NORMAL:   -1.01    2 = FOG REDUCING VISIBILITY
HIGHEST:    96 ON 25,18 GRTST 24HR  0.44 ON 20-20      TO 1/4 MILE OR LESS
LOWEST:     47 ON 15                               3 = THUNDER
                        SNOW, ICE PELLETS, HAIL    4 = ICE PELLETS
                        TOTAL MONTH:    M          5 = HAIL
                        GRTST 24HR    M  ON   M    6 = FREEZING RAIN OR DRIZZLE
                        GRTST DEPTH:  M  ON   M    7 = DUSTSTORM OR SANDSTORM:
                                                       VSBY 1/2 MILE OR LESS
                                                   8 = SMOKE OR HAZE
[NO. OF DAYS WITH]      [WEATHER - DAYS WITH]      9 = BLOWING SNOW
                                                   X = TORNADO
MAX 32 OR BELOW:   0    0.01 INCH OR MORE:   6
MAX 90 OR ABOVE:   6    0.10 INCH OR MORE:   4
MIN 32 OR BELOW:   0    0.50 INCH OR MORE:   0
MIN  0 OR BELOW:   0    1.00 INCH OR MORE:   0

[HDD (BASE 65) ]
TOTAL THIS MO.     6    CLEAR  (SCALE 0-3)   3
DPTR FM NORMAL   -24    PTCLDY (SCALE 4-7)   0
TOTAL FM JUL 1  2303    CLOUDY (SCALE 8-10)  0
DPTR FM NORMAL  -456

[CDD (BASE 65) ]
TOTAL THIS MO.   237
DPTR FM NORMAL   107    [PRESSURE DATA]
TOTAL FM JAN 1   364    HIGHEST SLP M ON M
DPTR FM NORMAL   166    LOWEST  SLP 29.67 ON M

[REMARKS]
