000
CXUS54 KHGX 260718
CF6LBX
PRELIMINARY LOCAL CLIMATOLOGICAL DATA (WS FORM: F-6)

                                          STATION:   ANGLETON/LAKE_JACKS
                                          MONTH:     MARCH
                                          YEAR:      2019
                                          LATITUDE:   29  6 N
                                          LONGITUDE:  95 28 W

  TEMPERATURE IN F:       :PCPN:    SNOW:  WIND      :SUNSHINE: SKY     :PK WND
================================================================================
1   2   3   4   5  6A  6B    7    8   9   10  11  12  13   14  15   16   17  18
                                     12Z  AVG MX 2MIN
DY MAX MIN AVG DEP HDD CDD  WTR  SNW DPTH SPD SPD DIR MIN PSBL S-S WX    SPD DR
================================================================================

 1  70  48  59   0   6   0 0.00  0.0    0  5.6 13  10   M    M  10 1      16  20
 2  74  61  68   9   0   3 0.00  0.0    0  7.4 14  90   M    M  10 12     18  90
 3  67  46  57  -3   8   0 0.06  0.0    0 10.8 26 360   M    M  10 12     33 350
 4  46  37  42 -18  23   0 0.00  0.0    0 15.2 23 360   M    M  10        28 360
 5  50  30  40 -20  25   0 0.00  0.0    0 10.0 21 340   M    M   1        28  10
 6  57  34  46 -14  19   0 0.00  0.0    0  8.1 17 100   M    M   3        23  60
 7  68  57  63   3   2   0 0.06  0.0    0  9.0 18 170   M    M  10 1      23 170
 8  76  67  72  12   0   7    T  0.0    0 15.0 25 170   M    M  10 1      33 170
 9  80  70  75  14   0  10    T  0.0    0 13.8 26 160   M    M   9 1      35 160
10  79  68  74  13   0   9 0.01  0.0    0  7.3 13 140   M    M   9 1      16 130
11  79  66  73  12   0   8    T  0.0    0  7.3 14  80   M    M   8 1      20  70
12  74  66  70   9   0   5 0.01  0.0    0 11.4 26 150   M    M  10 12     32 150
13  75  70  73  12   0   8 0.03  0.0    0 17.3 28 160   M    M  10 1      42 170
14  77  60  69   7   0   4 0.03  0.0    0 11.6 25 190   M    M   9 1      31 180
15  63  53  58  -4   7   0    T  0.0    0 12.6 29 360   M    M  10        36  10
16  58  49  54  -8  11   0    T  0.0    0  5.9 15  40   M    M   6        21  50
17  65  49  57  -5   8   0 0.00  0.0    0  4.8 16  50   M    M   4        20  50
18  68  43  56  -6   9   0 0.00  0.0    0  7.7 18  50   M    M   3        24  50
19  70  51  61  -1   4   0 0.00  0.0    0  8.8 18 120   M    M   4        28  80
20  74  46  60  -3   5   0 0.00  0.0    0  3.6 13 180   M    M   1 1      16 150
21  77  47  62  -1   3   0 0.00  0.0    0  4.3 14 180   M    M   0 1      17 330
22  78  47  63   0   2   0 0.00  0.0    0  5.0 18 180   M    M   1 12     24 170
23  73  54  64   1   1   0 0.00  0.0    0  8.9 21 140   M    M   5 1      26 160
24  78  60  69   5   0   4 0.00  0.0    0  9.1 18 170   M    M   6 1      23 170
25  82  63  73   9   0   8    T  0.0    0  4.3 14 170   M    M   6 12     16 180
================================================================================
SM 1758 1342       133  66  0.20     0.0 224.8          M      165
================================================================================
AV 70.3 53.7                               9.0 FASTST   M    M   7    MAX(MPH)
                                 MISC ---->  # 29 360               # 42  170
================================================================================
NOTES:
# LAST OF SEVERAL OCCURRENCES

COLUMN 17 PEAK WIND IN M.P.H.

PRELIMINARY LOCAL CLIMATOLOGICAL DATA (WS FORM: F-6) , PAGE 2

                                          STATION:  ANGLETON/LAKE_JACKS
                                          MONTH:    MARCH
                                          YEAR:     2019
                                          LATITUDE:   29  6 N
                                          LONGITUDE:  95 28 W

[TEMPERATURE DATA]      [PRECIPITATION DATA]       SYMBOLS USED IN COLUMN 16

AVERAGE MONTHLY: 62.0   TOTAL FOR MONTH:   0.20    1 = FOG OR MIST
DPTR FM NORMAL:   0.6   DPTR FM NORMAL:   -2.77    2 = FOG REDUCING VISIBILITY
HIGHEST:    82 ON 25    GRTST 24HR  0.06 ON  7- 7      TO 1/4 MILE OR LESS
LOWEST:     30 ON  5                               3 = THUNDER
                        SNOW, ICE PELLETS, HAIL    4 = ICE PELLETS
                        TOTAL MONTH:   0.0 INCH    5 = HAIL
                        GRTST 24HR     0.0         6 = FREEZING RAIN OR DRIZZLE
                        GRTST DEPTH:   0           7 = DUSTSTORM OR SANDSTORM:
                                                       VSBY 1/2 MILE OR LESS
                                                   8 = SMOKE OR HAZE
[NO. OF DAYS WITH]      [WEATHER - DAYS WITH]      9 = BLOWING SNOW
                                                   X = TORNADO
MAX 32 OR BELOW:   0    0.01 INCH OR MORE:   6
MAX 90 OR ABOVE:   0    0.10 INCH OR MORE:   0
MIN 32 OR BELOW:   1    0.50 INCH OR MORE:   0
MIN  0 OR BELOW:   0    1.00 INCH OR MORE:   0

[HDD (BASE 65) ]
TOTAL THIS MO.   133    CLEAR  (SCALE 0-3)   5
DPTR FM NORMAL     2    PTCLDY (SCALE 4-7)   8
TOTAL FM JUL 1  1140    CLOUDY (SCALE 8-10) 12
DPTR FM NORMAL  -115

[CDD (BASE 65) ]
TOTAL THIS MO.    66
DPTR FM NORMAL    30    [PRESSURE DATA]
TOTAL FM JAN 1   115    HIGHEST SLP M ON M
DPTR FM NORMAL    43    LOWEST  SLP 29.62 ON 13

[REMARKS]
