000
CXUS52 KMLB 270628
CF6LEE
PRELIMINARY LOCAL CLIMATOLOGICAL DATA (WS FORM: F-6)

                                          STATION:   LEESBURG
                                          MONTH:     MAY
                                          YEAR:      2019
                                          LATITUDE:   28 49 N
                                          LONGITUDE:  81 49 W

  TEMPERATURE IN F:       :PCPN:    SNOW:  WIND      :SUNSHINE: SKY     :PK WND
================================================================================
1   2   3   4   5  6A  6B    7    8   9   10  11  12  13   14  15   16   17  18
                                     12Z  AVG MX 2MIN
DY MAX MIN AVG DEP HDD CDD  WTR  SNW DPTH SPD SPD DIR MIN PSBL S-S WX    SPD DR
================================================================================

 1  88  70  79   5   0  14 0.00  0.0    0 10.3 20  70   M    M   1        25  80
 2  88  71  80   6   0  15 0.01  0.0    0  8.3 17  60   M    M   5 38     22 110
 3  87  72  80   6   0  15 0.00  0.0    0  7.1 15 230   M    M   4        22 250
 4  90  67  79   4   0  14 0.52  0.0    0  5.4 23 260   M    M   3 13     37 250
 5  81  69  75   0   0  10 0.69  0.0    0  7.1 30 260   M    M   5 13     45 270
 6  88  71  80   5   0  15 0.00  0.0    0  4.1 12 280   M    M   3        14 300
 7  90  66  78   3   0  13 0.00  0.0    0  6.3 16  60   M    M   2 1      22  80
 8  87  68  78   2   0  13 0.00  0.0    0  8.5 17 100   M    M   0        23  80
 9  88  70  79   3   0  14    T  0.0    0  8.3 16 110   M    M   4        20 110
10  90  73  82   6   0  17 0.00  0.0    0  7.9 17  50   M    M   2        22  50
11  91  71  81   5   0  16 0.00  0.0    0  5.9  9 150   M    M   2         M  M
12  89  73  81   5   0  16 0.07  0.0    0  9.3 12 120   M    M   5 3      21 270
13  82  70  76  -1   0  11 0.55  0.0    0  8.5 13 210   M    M   3 3       M  M
14  84  69  77   0   0  12 0.00  0.0    0  4.8 12  10   M    M   7        14 330
15  85  68  77   0   0  12 0.00  0.0    0  7.8 13  80   M    M   4        11 130
16  86  65  76  -1   0  11 0.00  0.0    0  6.2 15 110   M    M   2        22 100
17  87  70  79   1   0  14 0.00  0.0    0  7.4 13 110   M    M   1        16 100
18  89  69  79   1   0  14 0.00  0.0    0  7.7 16  80   M    M   1        22 110
19  90  64  77  -1   0  12 0.00  0.0    0  4.2 15 120   M    M   0        20 120
20  91  71  81   3   0  16 0.00  0.0    0  5.7 16 120   M    M   1        21 120
21  92  74  83   5   0  18 0.00  0.0    0  7.8 16 100   M    M   1        20 100
22  93  73  83   4   0  18 0.00  0.0    0  9.2 16  90   M    M   0        22  70
23  92  69  81   2   0  16 0.00  0.0    0  9.3 22  50   M    M   1        28  50
24  92  67  80   1   0  15 0.00  0.0    0  6.9 14  60   M    M   0        20  30
25  96  72  84   5   0  19 0.00  0.0    0  7.7 15 110   M    M   0        19 100
26  95  73  84   5   0  19 0.00  0.0    0  5.3 13 160   M    M   0        17 150
================================================================================
SM 2311 1815         0 379  1.84     0.0 187.0          M       57
================================================================================
AV 88.9 69.8                               7.2 FASTST   M    M   2    MAX(MPH)
                                 MISC ---->  # 30 260               # 45  270
================================================================================
NOTES:
# LAST OF SEVERAL OCCURRENCES

COLUMN 17 PEAK WIND IN M.P.H.

PRELIMINARY LOCAL CLIMATOLOGICAL DATA (WS FORM: F-6) , PAGE 2

                                          STATION:  LEESBURG
                                          MONTH:    MAY
                                          YEAR:     2019
                                          LATITUDE:   28 49 N
                                          LONGITUDE:  81 49 W

[TEMPERATURE DATA]      [PRECIPITATION DATA]       SYMBOLS USED IN COLUMN 16

AVERAGE MONTHLY: 79.4   TOTAL FOR MONTH:   1.84    1 = FOG OR MIST
DPTR FM NORMAL:   2.6   DPTR FM NORMAL:   -0.31    2 = FOG REDUCING VISIBILITY
HIGHEST:    96 ON 25    GRTST 24HR  0.69 ON  5- 5      TO 1/4 MILE OR LESS
LOWEST:     64 ON 19                               3 = THUNDER
                        SNOW, ICE PELLETS, HAIL    4 = ICE PELLETS
                        TOTAL MONTH:   0.0 INCH    5 = HAIL
                        GRTST 24HR     0.0         6 = FREEZING RAIN OR DRIZZLE
                        GRTST DEPTH:   0           7 = DUSTSTORM OR SANDSTORM:
                                                       VSBY 1/2 MILE OR LESS
                                                   8 = SMOKE OR HAZE
[NO. OF DAYS WITH]      [WEATHER - DAYS WITH]      9 = BLOWING SNOW
                                                   X = TORNADO
MAX 32 OR BELOW:   0    0.01 INCH OR MORE:   5
MAX 90 OR ABOVE:  12    0.10 INCH OR MORE:   3
MIN 32 OR BELOW:   0    0.50 INCH OR MORE:   3
MIN  0 OR BELOW:   0    1.00 INCH OR MORE:   0

[HDD (BASE 65) ]
TOTAL THIS MO.     0    CLEAR  (SCALE 0-3)  19
DPTR FM NORMAL     0    PTCLDY (SCALE 4-7)   7
TOTAL FM JUL 1   551    CLOUDY (SCALE 8-10)  0
DPTR FM NORMAL  -150

[CDD (BASE 65) ]
TOTAL THIS MO.   379
DPTR FM NORMAL    73    [PRESSURE DATA]
TOTAL FM JAN 1   879    HIGHEST SLP M ON M
DPTR FM NORMAL   203    LOWEST  SLP 29.82 ON 13

[REMARKS]
