438
CXUS52 KMLB 220632
CF6LEE
PRELIMINARY LOCAL CLIMATOLOGICAL DATA (WS FORM: F-6)

                                          STATION:   LEESBURG
                                          MONTH:     MARCH
                                          YEAR:      2019
                                          LATITUDE:   28 49 N
                                          LONGITUDE:  81 49 W

  TEMPERATURE IN F:       :PCPN:    SNOW:  WIND      :SUNSHINE: SKY     :PK WND
================================================================================
1   2   3   4   5  6A  6B    7    8   9   10  11  12  13   14  15   16   17  18
                                     12Z  AVG MX 2MIN
DY MAX MIN AVG DEP HDD CDD  WTR  SNW DPTH SPD SPD DIR MIN PSBL S-S WX    SPD DR
================================================================================

 1  82  63  73   9   0   8 0.00  0.0    0  5.0 12 360   M    M   1        16 270
 2  85  60  73   9   0   8 0.00  0.0    0  4.4 12 290   M    M   1 8      15 210
 3  85  61  73   9   0   8 0.00  0.0    0  5.9 16 220   M    M   0 1      22 220
 4  79  58  69   5   0   4 0.01  0.0    0  9.6 18 240   M    M   4 3      25 260
 5  62  49  56  -8   9   0 0.02  0.0    0  7.7 16 350   M    M   6 1      21 360
 6  61  38  50 -14  15   0 0.00  0.0    0  9.3 22 340   M    M   0        28 340
 7  71  39  55  -9  10   0 0.00  0.0    0  6.1 15 100   M    M   0        22 100
 8  77  50  64  -1   1   0 0.00  0.0    0  3.4 10 190   M    M   0        15 130
 9  83  55  69   4   0   4 0.00  0.0    0  5.3 14 120   M    M   2 1      19 130
10  85  65  75  10   0  10 0.00  0.0    0  4.1  8 280   M    M   1 1      13 160
11  85  64  75  10   0  10 0.00  0.0    0  4.0 14 250   M    M   2 12     18 270
12  75  60  68   3   0   3 0.00  0.0    0  9.4 16  40   M    M   7 1      19  40
13  79  57  68   3   0   3 0.00  0.0    0  9.8 18 100   M    M   1        24  90
14  82  64  73   7   0   8 0.00  0.0    0  8.8 17 130   M    M   2        24 140
15  85  63  74   8   0   9 0.00  0.0    0  5.6 10 120   M    M   1        16 180
16  80  61  71   5   0   6 0.01  0.0    0  6.5 15  50   M    M   7 1      19  20
17  64  57  61  -5   4   0 0.01  0.0    0  9.1 17  50   M    M  10 1      21  50
18  74  56  65  -1   0   0 0.00  0.0    0 10.8 20  40   M    M   9        24  60
19  68  55  62  -4   3   0 0.06  0.0    0  9.5 22  30   M    M   9 1      29 350
20  75  57  66   0   0   1 0.00  0.0    0 10.5 21  30   M    M   8        27  40
21  72  51  62  -4   3   0 0.00  0.0    0  7.6 20 290   M    M   2        28 280
================================================================================
SM 1609 1183        45  82  0.11     0.0 152.4          M       73
================================================================================
AV 76.6 56.3                               7.3 FASTST   M    M   3    MAX(MPH)
                                 MISC ---->  # 22 340               # 29  350
================================================================================
NOTES:
# LAST OF SEVERAL OCCURRENCES

COLUMN 17 PEAK WIND IN M.P.H.

PRELIMINARY LOCAL CLIMATOLOGICAL DATA (WS FORM: F-6) , PAGE 2

                                          STATION:  LEESBURG
                                          MONTH:    MARCH
                                          YEAR:     2019
                                          LATITUDE:   28 49 N
                                          LONGITUDE:  81 49 W

[TEMPERATURE DATA]      [PRECIPITATION DATA]       SYMBOLS USED IN COLUMN 16

AVERAGE MONTHLY: 66.5   TOTAL FOR MONTH:   0.11    1 = FOG OR MIST
DPTR FM NORMAL:   1.4   DPTR FM NORMAL:   -3.07    2 = FOG REDUCING VISIBILITY
HIGHEST:    85 ON 15,11 GRTST 24HR  0.06 ON 19-19      TO 1/4 MILE OR LESS
LOWEST:     38 ON  6                               3 = THUNDER
                        SNOW, ICE PELLETS, HAIL    4 = ICE PELLETS
                        TOTAL MONTH:   0.0 INCH    5 = HAIL
                        GRTST 24HR     0.0         6 = FREEZING RAIN OR DRIZZLE
                        GRTST DEPTH:   0           7 = DUSTSTORM OR SANDSTORM:
                                                       VSBY 1/2 MILE OR LESS
                                                   8 = SMOKE OR HAZE
[NO. OF DAYS WITH]      [WEATHER - DAYS WITH]      9 = BLOWING SNOW
                                                   X = TORNADO
MAX 32 OR BELOW:   0    0.01 INCH OR MORE:   5
MAX 90 OR ABOVE:   0    0.10 INCH OR MORE:   0
MIN 32 OR BELOW:   0    0.50 INCH OR MORE:   0
MIN  0 OR BELOW:   0    1.00 INCH OR MORE:   0

[HDD (BASE 65) ]
TOTAL THIS MO.    45    CLEAR  (SCALE 0-3)  13
DPTR FM NORMAL   -15    PTCLDY (SCALE 4-7)   5
TOTAL FM JUL 1   540    CLOUDY (SCALE 8-10)  3
DPTR FM NORMAL  -133

[CDD (BASE 65) ]
TOTAL THIS MO.    82
DPTR FM NORMAL    19    [PRESSURE DATA]
TOTAL FM JAN 1   240    HIGHEST SLP M ON M
DPTR FM NORMAL   100    LOWEST  SLP 29.84 ON  3

[REMARKS]
