000
CXUS53 KLMK 190800
CF6LEX
PRELIMINARY LOCAL CLIMATOLOGICAL DATA (WS FORM: F-6)

                                          STATION:   LEXINGTON KY
                                          MONTH:     MARCH
                                          YEAR:      2019
                                          LATITUDE:   38  1 N
                                          LONGITUDE:  84 36 W

  TEMPERATURE IN F:       :PCPN:    SNOW:  WIND      :SUNSHINE: SKY     :PK WND
================================================================================
1   2   3   4   5  6A  6B    7    8   9   10  11  12  13   14  15   16   17  18
                                     12Z  AVG MX 2MIN
DY MAX MIN AVG DEP HDD CDD  WTR  SNW DPTH SPD SPD DIR MIN PSBL S-S WX    SPD DR
================================================================================

 1  37  32  35  -6  30   0 0.01  0.0    0  7.6 16  60   M    M  10 1      20  50
 2  43  36  40  -1  25   0 0.00  0.0    0  4.6  9 270   M    M  10 18     14 260
 3  39  27  33  -8  32   0 0.27  1.5    0 11.2 20 340   M    M  10 12     28 340
 4  27  15  21 -21  44   0 0.01  0.3    2  9.9 17 320   M    M   5 18     24 300
 5  30   9  20 -22  45   0    T    T    T 12.0 21 260   M    M   3        30 250
 6  32  14  23 -19  42   0 0.00  0.0    T  8.5 17 240   M    M   0        23 270
 7  37  22  30 -13  35   0    T    T    0  5.4 14  60   M    M   6 8      16  60
 8  42  31  37  -6  28   0 0.30  1.5    1  6.8 13  50   M    M  10 1      16  50
 9  61  37  49   6  16   0 0.94  0.0    0 14.3 32 170   M    M   9 13     50 150
10  61  44  53   9  12   0 0.00  0.0    0 13.1 25 240   M    M   1        38 240
11  57  37  47   3  18   0 0.00  0.0    0  5.0 13 320   M    M   5        18 320
12  52  30  41  -3  24   0 0.00  0.0    0  4.5 14  60   M    M   0        17  70
13  72  42  57  12   8   0 0.00  0.0    0 10.2 23 170   M    M   3        34 170
14  76  58  67  22   0   2 0.20  0.0    0 24.0 44 190   M    M   6 13     69 160
15  58  34  46   1  19   0    T  0.0    0 13.7 24 260   M    M   6        35 240
16  51  29  40  -6  25   0 0.00  0.0    0  7.3 16 270   M    M   0        23 270
17  56  26  41  -5  24   0 0.00  0.0    0  8.5 21 280   M    M   3        30 250
18  51  27  39  -7  26   0    T  0.0    0  3.9 13 330   M    M   2        19 290
================================================================================
SM  882  550       453   2  1.73     3.3 170.5          M       89
================================================================================
AV 49.0 30.6                               9.5 FASTST   M    M   5    MAX(MPH)
                                 MISC ---->  # 44 190               # 69  160
================================================================================
NOTES:
# LAST OF SEVERAL OCCURRENCES

COLUMN 17 PEAK WIND IN M.P.H.

PRELIMINARY LOCAL CLIMATOLOGICAL DATA (WS FORM: F-6) , PAGE 2

                                          STATION:  LEXINGTON KY
                                          MONTH:    MARCH
                                          YEAR:     2019
                                          LATITUDE:   38  1 N
                                          LONGITUDE:  84 36 W

[TEMPERATURE DATA]      [PRECIPITATION DATA]       SYMBOLS USED IN COLUMN 16

AVERAGE MONTHLY: 39.8   TOTAL FOR MONTH:   1.73    1 = FOG OR MIST
DPTR FM NORMAL:  -3.7   DPTR FM NORMAL:   -0.59    2 = FOG REDUCING VISIBILITY
HIGHEST:    76 ON 14    GRTST 24HR  0.94 ON  9- 9      TO 1/4 MILE OR LESS
LOWEST:      9 ON  5                               3 = THUNDER
                        SNOW, ICE PELLETS, HAIL    4 = ICE PELLETS
                        TOTAL MONTH:   3.3 INCHES  5 = HAIL
                        GRTST 24HR   1.5 ON  8- 8  6 = FREEZING RAIN OR DRIZZLE
                        GRTST DEPTH:   2 ON  4     7 = DUSTSTORM OR SANDSTORM:
                                                       VSBY 1/2 MILE OR LESS
                                                   8 = SMOKE OR HAZE
[NO. OF DAYS WITH]      [WEATHER - DAYS WITH]      9 = BLOWING SNOW
                                                   X = TORNADO
MAX 32 OR BELOW:   3    0.01 INCH OR MORE:   6
MAX 90 OR ABOVE:   0    0.10 INCH OR MORE:   4
MIN 32 OR BELOW:  11    0.50 INCH OR MORE:   1
MIN  0 OR BELOW:   0    1.00 INCH OR MORE:   0

[HDD (BASE 65) ]
TOTAL THIS MO.   453    CLEAR  (SCALE 0-3)   7
DPTR FM NORMAL    65    PTCLDY (SCALE 4-7)   6
TOTAL FM JUL 1  3755    CLOUDY (SCALE 8-10)  5
DPTR FM NORMAL  -204

[CDD (BASE 65) ]
TOTAL THIS MO.     2
DPTR FM NORMAL     2    [PRESSURE DATA]
TOTAL FM JAN 1     2    HIGHEST SLP M ON M
DPTR FM NORMAL     2    LOWEST  SLP 29.54 ON  9

[REMARKS]
