000
CXUS54 KSHV 221500
CF6LFK
PRELIMINARY LOCAL CLIMATOLOGICAL DATA (WS FORM: F-6)

                                          STATION:   LUFKIN
                                          MONTH:     MARCH
                                          YEAR:      2019
                                          LATITUDE:   31 14 N
                                          LONGITUDE:  94 45 W

  TEMPERATURE IN F:       :PCPN:    SNOW:  WIND      :SUNSHINE: SKY     :PK WND
================================================================================
1   2   3   4   5  6A  6B    7    8   9   10  11  12  13   14  15   16   17  18
                                     12Z  AVG MX 2MIN
DY MAX MIN AVG DEP HDD CDD  WTR  SNW DPTH SPD SPD DIR MIN PSBL S-S WX    SPD DR
================================================================================

 1  53  40  47  -9  18   0 0.00  0.0    0  3.8  9 350   M    M  10 1      13 350
 2  58  48  53  -3  12   0 0.01  0.0    0  4.3  9  70   M    M  10 1      12  40
 3  54  34  44 -12  21   0 0.04  0.0    0  8.7 17 360   M    M  10 1      24  10
 4  36  28  32 -25  33   0    T    T    0  9.2 15  20   M    M  10 4      22 350
 5  47  24  36 -21  29   0 0.00  0.0    0  5.8 14 360   M    M   0        21  10
 6  58  24  41 -16  24   0 0.00  0.0    0  5.9 15 180   M    M   2        19 170
 7  64  46  55  -3  10   0    T  0.0    0  9.0 17 150   M    M  10 1      22 160
 8  79  64  72  14   0   7    T  0.0    0 10.5 17 170   M    M   9        24 210
 9  78  56  67   9   0   2 0.01  0.0    0  8.6 24 200   M    M   8 123    33 210
10  80  56  68  10   0   3 0.02  0.0    0  4.8 12  70   M    M   7 12     15  60
11  67  54  61   3   4   0    T  0.0    0  7.5 15  20   M    M  10 1      22  40
12  71  55  63   4   2   0 0.01  0.0    0  8.9 16 140   M    M  10 1      21 150
13  70  53  62   3   3   0 0.67  0.0    0 10.5 29 140   M    M   9 13     43 140
14  71  52  62   3   3   0 0.30  0.0    0  7.6 31 260   M    M   6 1      42 250
15  62  45  54  -5  11   0    T  0.0    0  8.3 18 360   M    M   1        25 340
16  62  41  52  -8  13   0 0.00  0.0    0  5.7 15  80   M    M   3        21  80
17  67  39  53  -7  12   0 0.00  0.0    0  3.8 14  70   M    M   0 18     18 110
18  70  37  54  -6  11   0 0.00  0.0    0  3.5 15  80   M    M   0        18 110
19  70  43  57  -3   8   0 0.00  0.0    0  3.6 16  70   M    M   0        20  30
20  72  43  58  -2   7   0 0.00  0.0    0  3.7 15 250   M    M   3        19 250
21  75  39  57  -4   8   0 0.00  0.0    0  3.0 15 300   M    M   0 1      20 310
================================================================================
SM 1364  921       229  12  1.06    T    136.7          M      118
================================================================================
AV 65.0 43.9                               6.5 FASTST   M    M   6    MAX(MPH)
                                 MISC ---->  # 31 260               # 43  140
================================================================================
NOTES:
# LAST OF SEVERAL OCCURRENCES

COLUMN 17 PEAK WIND IN M.P.H.

PRELIMINARY LOCAL CLIMATOLOGICAL DATA (WS FORM: F-6) , PAGE 2

                                          STATION:  LUFKIN
                                          MONTH:    MARCH
                                          YEAR:     2019
                                          LATITUDE:   31 14 N
                                          LONGITUDE:  94 45 W

[TEMPERATURE DATA]      [PRECIPITATION DATA]       SYMBOLS USED IN COLUMN 16

AVERAGE MONTHLY: 54.4   TOTAL FOR MONTH:   1.06    1 = FOG OR MIST
DPTR FM NORMAL:  -4.0   DPTR FM NORMAL:   -1.56    2 = FOG REDUCING VISIBILITY
HIGHEST:    80 ON 10    GRTST 24HR  0.67 ON 13-13      TO 1/4 MILE OR LESS
LOWEST:     24 ON  6, 5                            3 = THUNDER
                        SNOW, ICE PELLETS, HAIL    4 = ICE PELLETS
                        TOTAL MONTH:    T          5 = HAIL
                        GRTST 24HR    T  ON  4- 4  6 = FREEZING RAIN OR DRIZZLE
                        GRTST DEPTH:   0           7 = DUSTSTORM OR SANDSTORM:
                                                       VSBY 1/2 MILE OR LESS
                                                   8 = SMOKE OR HAZE
[NO. OF DAYS WITH]      [WEATHER - DAYS WITH]      9 = BLOWING SNOW
                                                   X = TORNADO
MAX 32 OR BELOW:   0    0.01 INCH OR MORE:   7
MAX 90 OR ABOVE:   0    0.10 INCH OR MORE:   2
MIN 32 OR BELOW:   3    0.50 INCH OR MORE:   1
MIN  0 OR BELOW:   0    1.00 INCH OR MORE:   0

[HDD (BASE 65) ]
TOTAL THIS MO.   229    CLEAR  (SCALE 0-3)   8
DPTR FM NORMAL    67    PTCLDY (SCALE 4-7)   3
TOTAL FM JUL 1  1909    CLOUDY (SCALE 8-10) 10
DPTR FM NORMAL   113

[CDD (BASE 65) ]
TOTAL THIS MO.    12
DPTR FM NORMAL    -9    [PRESSURE DATA]
TOTAL FM JAN 1    30    HIGHEST SLP M ON M
DPTR FM NORMAL   -10    LOWEST  SLP 29.61 ON 13

[REMARKS]
