000
CXUS54 KSHV 261500
CF6LFK
PRELIMINARY LOCAL CLIMATOLOGICAL DATA (WS FORM: F-6)

                                          STATION:   LUFKIN
                                          MONTH:     MAY
                                          YEAR:      2019
                                          LATITUDE:   31 14 N
                                          LONGITUDE:  94 45 W

  TEMPERATURE IN F:       :PCPN:    SNOW:  WIND      :SUNSHINE: SKY     :PK WND
================================================================================
1   2   3   4   5  6A  6B    7    8   9   10  11  12  13   14  15   16   17  18
                                     12Z  AVG MX 2MIN
DY MAX MIN AVG DEP HDD CDD  WTR  SNW DPTH SPD SPD DIR MIN PSBL S-S WX    SPD DR
================================================================================

 1  86  70  78   8   0  13 0.00  0.0    0 10.2 21 150   M    M   8 1      28 150
 2  83  63  73   2   0   8 1.53  0.0    0  8.2 28 300   M    M   6 13     40 290
 3  75  63  69  -2   0   4 0.08  0.0    0  3.6  9 170   M    M   5        13 180
 4  79  62  71   0   0   6    M  0.0    0  3.3 14 240   M    M   6 13     18 330
 5  83  58  71  -1   0   6 0.00  0.0    0  2.3  9 180   M    M   1 1      12 170
 6  83  60  72   0   0   7 0.00  0.0    0  5.0 14 150   M    M   1        19 160
 7  84  66  75   3   0  10    T  0.0    0  6.0 14 110   M    M   5        19 150
 8  79  64  72   0   0   7 0.46  0.0    0  6.8 23 300   M    M   7 13     36 310
 9  86  67  77   4   0  12 0.10  0.0    0  5.0 22 110   M    M   7 13     27 120
10  75  60  68  -5   0   3 0.06  0.0    0  5.9 12  10   M    M   8 13     17  60
11  70  63  67  -6   0   2 0.46  0.0    0  3.7 16 360   M    M   9 13     21  20
12  73  57  65  -8   0   0    T  0.0    0  3.6 12 330   M    M   6 1      16 330
13  82  54  68  -6   0   3 0.00  0.0    0  2.4 12  80   M    M   1 1      16  90
14  85  56  71  -3   0   6 0.00  0.0    0  2.6 12  70   M    M   0        15 130
15  85  59  72  -2   0   7 0.00  0.0    0  2.8  9 200   M    M   1        14 180
16  86  59  73  -1   0   8 0.00  0.0    0  4.7 15 160   M    M   1 1      20 160
17  87  60  74  -1   0   9 0.00  0.0    0  8.3 17 140   M    M   4 1      22 140
18  85  73  79   4   0  14 0.10  0.0    0 10.9 20 140   M    M   9 13     29 140
19  90  68  79   4   0  14 1.08  0.0    0  5.3 24 120   M    M   3 138    33 110
20  88  69  79   4   0  14    T  0.0    0 12.7 23 160   M    M   7 1      34 140
21  86  67  77   1   0  12 0.01  0.0    0  9.7 24 180   M    M   9 1      36 180
22  89  74  82   6   0  17 0.00  0.0    0 12.5 24 150   M    M   5 1      32 150
23  89  73  81   5   0  16 0.00  0.0    0 10.8 21 140   M    M   5        26 130
24  89  71  80   4   0  15 0.00  0.0    0  9.2 16 150   M    M   4        21 120
25  90  71  81   5   0  16 0.00  0.0    0  7.6 16 150   M    M   5 1      23 200
================================================================================
SM 2087 1607         0 229  3.88     0.0 163.1          M      123
================================================================================
AV 83.5 64.3                               6.5 FASTST   M    M   5    MAX(MPH)
                                 MISC ---->  # 28 300               # 40  290
================================================================================
NOTES:
# LAST OF SEVERAL OCCURRENCES

COLUMN 17 PEAK WIND IN M.P.H.

PRELIMINARY LOCAL CLIMATOLOGICAL DATA (WS FORM: F-6) , PAGE 2

                                          STATION:  LUFKIN
                                          MONTH:    MAY
                                          YEAR:     2019
                                          LATITUDE:   31 14 N
                                          LONGITUDE:  94 45 W

[TEMPERATURE DATA]      [PRECIPITATION DATA]       SYMBOLS USED IN COLUMN 16

AVERAGE MONTHLY: 73.9   TOTAL FOR MONTH:   3.88    1 = FOG OR MIST
DPTR FM NORMAL:   0.3   DPTR FM NORMAL:    0.23    2 = FOG REDUCING VISIBILITY
HIGHEST:    90 ON 25,19 GRTST 24HR  1.53 ON  2- 2      TO 1/4 MILE OR LESS
LOWEST:     54 ON 13                               3 = THUNDER
                        SNOW, ICE PELLETS, HAIL    4 = ICE PELLETS
                        TOTAL MONTH:   0.0 INCH    5 = HAIL
                        GRTST 24HR     0.0         6 = FREEZING RAIN OR DRIZZLE
                        GRTST DEPTH:   0           7 = DUSTSTORM OR SANDSTORM:
                                                       VSBY 1/2 MILE OR LESS
                                                   8 = SMOKE OR HAZE
[NO. OF DAYS WITH]      [WEATHER - DAYS WITH]      9 = BLOWING SNOW
                                                   X = TORNADO
MAX 32 OR BELOW:   0    0.01 INCH OR MORE:   9
MAX 90 OR ABOVE:   2    0.10 INCH OR MORE:   6
MIN 32 OR BELOW:   0    0.50 INCH OR MORE:   2
MIN  0 OR BELOW:   0    1.00 INCH OR MORE:   2

[HDD (BASE 65) ]
TOTAL THIS MO.     0    CLEAR  (SCALE 0-3)   6
DPTR FM NORMAL    -1    PTCLDY (SCALE 4-7)  16
TOTAL FM JUL 1  2042    CLOUDY (SCALE 8-10)  3
DPTR FM NORMAL   128

[CDD (BASE 65) ]
TOTAL THIS MO.   229
DPTR FM NORMAL    11    [PRESSURE DATA]
TOTAL FM JAN 1   333    HIGHEST SLP M ON M
DPTR FM NORMAL   -61    LOWEST  SLP 29.64 ON M

[REMARKS]
