000
CXUS54 KLCH 230827
CF6LFT
PRELIMINARY LOCAL CLIMATOLOGICAL DATA (WS FORM: F-6)

                                          STATION:   LAFAYETTE
                                          MONTH:     MAY
                                          YEAR:      2019
                                          LATITUDE:   30 12 N
                                          LONGITUDE:  92  0 W

  TEMPERATURE IN F:       :PCPN:    SNOW:  WIND      :SUNSHINE: SKY     :PK WND
================================================================================
1   2   3   4   5  6A  6B    7    8   9   10  11  12  13   14  15   16   17  18
                                     12Z  AVG MX 2MIN
DY MAX MIN AVG DEP HDD CDD  WTR  SNW DPTH SPD SPD DIR MIN PSBL S-S WX    SPD DR
================================================================================

 1  88  74  81   8   0  16    T  0.0    0  9.5 18 180   M    M   5        27 190
 2  89  71  80   7   0  15 0.08  0.0    0  5.7 31 300   M    M   4 138    40 270
 3  86  71  79   5   0  14 0.00  0.0    0  3.4 15 190   M    M   3 1      21 200
 4  84  70  77   3   0  12 0.74  0.0    0  5.3 17 340   M    M   5 13     22 320
 5  85  65  75   1   0  10 0.00  0.0    0  4.9 13  20   M    M   0        16  30
 6  88  63  76   2   0  11 0.00  0.0    0  4.4 14 210   M    M   2        22 190
 7  89  71  80   5   0  15 0.05  0.0    0  5.5 13 190   M    M   3 38     19 190
 8  85  72  79   4   0  14 0.62  0.0    0  7.3 21 170   M    M   6 13     29 170
 9  86  68  77   2   0  12 1.35  0.0    0  8.2 17 170   M    M   9 13     25 170
10  80  68  74  -1   0   9 2.19  0.0    0  4.3 22 280   M    M   5 13     29 280
11  84  70  77   1   0  12 0.96  0.0    0  3.5 20 340   M    M   8 123    25 330
12  83  68  76   0   0  11 0.20  0.0    0  5.5 14 350   M    M   6 13     18 320
13  85  63  74  -2   0   9 0.00  0.0    0  6.6 15  20   M    M   0        20  40
14  86  61  74  -2   0   9 0.00  0.0    0  3.7 13  50   M    M   0        19  40
15  88  64  76   0   0  11 0.00  0.0    0  2.9 10 200   M    M   1        13 190
16  89  68  79   2   0  14 0.00  0.0    0  3.1 13 200   M    M   1 1      18 200
17  87  67  77   0   0  12 0.00  0.0    0  4.8 15 190   M    M   1        23 200
18  89  72  81   4   0  16    T  0.0    0  9.2 21 190   M    M   6        30 180
19  85  67  76  -1   0  11 2.64  0.0    0  5.0 44 350   M    M   6 13     62 310
20  89  75  82   4   0  17 0.00  0.0    0  7.8 18 200   M    M   6 1      22 160
21  88  78  83   5   0  18    T  0.0    0 11.5 22 170   M    M   8        31 160
22  89  78  84   6   0  19 0.00  0.0    0  8.8 18 180   M    M   5 8      27 170
================================================================================
SM 1902 1524         0 287  8.83     0.0 130.9          M       90
================================================================================
AV 86.5 69.3                               5.9 FASTST   M    M   4    MAX(MPH)
                                 MISC ---->  # 44 350               # 62  310
================================================================================
NOTES:
# LAST OF SEVERAL OCCURRENCES

COLUMN 17 PEAK WIND IN M.P.H.

PRELIMINARY LOCAL CLIMATOLOGICAL DATA (WS FORM: F-6) , PAGE 2

                                          STATION:  LAFAYETTE
                                          MONTH:    MAY
                                          YEAR:     2019
                                          LATITUDE:   30 12 N
                                          LONGITUDE:  92  0 W

[TEMPERATURE DATA]      [PRECIPITATION DATA]       SYMBOLS USED IN COLUMN 16

AVERAGE MONTHLY: 77.9   TOTAL FOR MONTH:   8.83    1 = FOG OR MIST
DPTR FM NORMAL:   2.2   DPTR FM NORMAL:    5.60    2 = FOG REDUCING VISIBILITY
HIGHEST:    89 ON 22,20 GRTST 24HR  2.64 ON 19-19      TO 1/4 MILE OR LESS
LOWEST:     61 ON 14                               3 = THUNDER
                        SNOW, ICE PELLETS, HAIL    4 = ICE PELLETS
                        TOTAL MONTH:   0.0 INCH    5 = HAIL
                        GRTST 24HR     0.0         6 = FREEZING RAIN OR DRIZZLE
                        GRTST DEPTH:   0           7 = DUSTSTORM OR SANDSTORM:
                                                       VSBY 1/2 MILE OR LESS
                                                   8 = SMOKE OR HAZE
[NO. OF DAYS WITH]      [WEATHER - DAYS WITH]      9 = BLOWING SNOW
                                                   X = TORNADO
MAX 32 OR BELOW:   0    0.01 INCH OR MORE:   9
MAX 90 OR ABOVE:   0    0.10 INCH OR MORE:   7
MIN 32 OR BELOW:   0    0.50 INCH OR MORE:   6
MIN  0 OR BELOW:   0    1.00 INCH OR MORE:   3

[HDD (BASE 65) ]
TOTAL THIS MO.     0    CLEAR  (SCALE 0-3)   8
DPTR FM NORMAL     0    PTCLDY (SCALE 4-7)  13
TOTAL FM JUL 1  1213    CLOUDY (SCALE 8-10)  1
DPTR FM NORMAL  -206

[CDD (BASE 65) ]
TOTAL THIS MO.   287
DPTR FM NORMAL    52    [PRESSURE DATA]
TOTAL FM JAN 1   566    HIGHEST SLP M ON M
DPTR FM NORMAL    77    LOWEST  SLP 29.75 ON 21

[REMARKS]
