000
CXUS56 KLOX 231655
CF6LGB
PRELIMINARY LOCAL CLIMATOLOGICAL DATA (WS FORM: F-6)

                                          STATION:   LONG BEACH AIRPORT CA
                                          MONTH:     MARCH
                                          YEAR:      2019
                                          LATITUDE:   33 49 N
                                          LONGITUDE: 118  9 W

  TEMPERATURE IN F:       :PCPN:    SNOW:  WIND      :SUNSHINE: SKY     :PK WND
================================================================================
1   2   3   4   5  6A  6B    7    8   9   10  11  12  13   14  15   16   17  18
                                     12Z  AVG MX 2MIN
DY MAX MIN AVG DEP HDD CDD  WTR  SNW DPTH SPD SPD DIR MIN PSBL S-S WX    SPD DR
================================================================================

 1  65  58  62   4   3   0 0.00  0.0    0  4.5 12 200   M    M   6 18     13 200
 2  63  56  60   1   5   0 0.85  0.0    0  7.0 15 170   M    M  10 1      24 170
 3  64  56  60   1   5   0 0.05  0.0    0  5.5 12 300   M    M  10 18     14 290
 4  63  52  58  -1   7   0 0.00  0.0    0  4.8 12 220   M    M   5        16 200
 5  66  48  57  -2   8   0 0.10    M    0  4.1 23 290   M    M   5 18     27 290
 6  61  56  59   0   6   0 0.86  0.0    0  7.4 17 160   M    M   9 18     26 160
 7  63  52  58  -1   7   0 0.01  0.0    0  6.0 16 290   M    M   6 1      20 290
 8  61  49  55  -4  10   0 0.01    M    0  9.0 22 280   M    M   3        28 290
 9  62  48  55  -4  10   0 0.00  0.0    0  6.2 16 300   M    M   2        21 280
10  61  48  55  -4  10   0 0.00  0.0    0  3.9 13 310   M    M   3        17 180
11  68  48  58  -1   7   0 0.02    M    0  4.0 15 320   M    M   5 8      18  80
12  70  53  62   3   3   0 0.00  0.0    0  7.0 21 270   M    M   4 8      26 290
13  65  50  58  -1   7   0 0.00  0.0    0  3.8 13 200   M    M   3 18     18 210
14  73  47  60   1   5   0 0.00  0.0    0  6.8 20  70   M    M   0        28  80
15  78  47  63   3   2   0 0.00  0.0    0  3.7 13 300   M    M   0        17  40
16  81  50  66   6   0   1 0.00  0.0    0  3.5 15 280   M    M   0 8      18 290
17  85  54  70  10   0   5 0.00  0.0    0  5.3 17 290   M    M   0        20 280
18  72  55  64   4   1   0 0.00  0.0    0  3.9 12 190   M    M   1 1      15 170
19  63  54  59  -1   6   0 0.00  0.0    0  6.2 14 180   M    M   9 128    18 160
20  66  56  61   1   4   0    T  0.0    0  7.7 21 300   M    M   6 35     25 300
21  61  52  57  -3   8   0 0.08  0.0    0  5.1 15 300   M    M   4 8      18 220
22  65  49  57  -3   8   0 0.00  0.0    0  4.5 13 300   M    M   3 8      17 190
================================================================================
SM 1476 1138       122   6  1.98     0.0 120.0          M       94
================================================================================
AV 67.1 51.7                               5.5 FASTST   M    M   4    MAX(MPH)
                                 MISC ---->  # 23 290               # 28  290
================================================================================
NOTES:
# LAST OF SEVERAL OCCURRENCES

COLUMN 17 PEAK WIND IN M.P.H.

PRELIMINARY LOCAL CLIMATOLOGICAL DATA (WS FORM: F-6) , PAGE 2

                                          STATION:  LONG BEACH AIRPORT CA
                                          MONTH:    MARCH
                                          YEAR:     2019
                                          LATITUDE:   33 49 N
                                          LONGITUDE: 118  9 W

[TEMPERATURE DATA]      [PRECIPITATION DATA]       SYMBOLS USED IN COLUMN 16

AVERAGE MONTHLY: 59.4   TOTAL FOR MONTH:   1.98    1 = FOG OR MIST
DPTR FM NORMAL:   0.1   DPTR FM NORMAL:    0.50    2 = FOG REDUCING VISIBILITY
HIGHEST:    85 ON 17    GRTST 24HR  0.86 ON  6- 6      TO 1/4 MILE OR LESS
LOWEST:     47 ON 15,14                            3 = THUNDER
                        SNOW, ICE PELLETS, HAIL    4 = ICE PELLETS
                        TOTAL MONTH:   0.0 INCH    5 = HAIL
                        GRTST 24HR     0.0         6 = FREEZING RAIN OR DRIZZLE
                        GRTST DEPTH:   0           7 = DUSTSTORM OR SANDSTORM:
                                                       VSBY 1/2 MILE OR LESS
                                                   8 = SMOKE OR HAZE
[NO. OF DAYS WITH]      [WEATHER - DAYS WITH]      9 = BLOWING SNOW
                                                   X = TORNADO
MAX 32 OR BELOW:   0    0.01 INCH OR MORE:   8
MAX 90 OR ABOVE:   0    0.10 INCH OR MORE:   3
MIN 32 OR BELOW:   0    0.50 INCH OR MORE:   2
MIN  0 OR BELOW:   0    1.00 INCH OR MORE:   0

[HDD (BASE 65) ]
TOTAL THIS MO.   122    CLEAR  (SCALE 0-3)   9
DPTR FM NORMAL   -11    PTCLDY (SCALE 4-7)   9
TOTAL FM JUL 1   873    CLOUDY (SCALE 8-10)  4
DPTR FM NORMAL  -151

[CDD (BASE 65) ]
TOTAL THIS MO.     6
DPTR FM NORMAL     6    [PRESSURE DATA]
TOTAL FM JAN 1     6    HIGHEST SLP M ON M
DPTR FM NORMAL    -2    LOWEST  SLP 29.66 ON 12

[REMARKS]
