000
CXUS54 KFWD 250730
CF6LHB
PRELIMINARY LOCAL CLIMATOLOGICAL DATA (WS FORM: F-6)

                                          STATION:   HEARNE
                                          MONTH:     MARCH
                                          YEAR:      2019
                                          LATITUDE:   30 52 N
                                          LONGITUDE:  96 36 W

  TEMPERATURE IN F:       :PCPN:    SNOW:  WIND      :SUNSHINE: SKY     :PK WND
================================================================================
1   2   3   4   5  6A  6B    7    8   9   10  11  12  13   14  15   16   17  18
                                     12Z  AVG MX 2MIN
DY MAX MIN AVG DEP HDD CDD  WTR  SNW DPTH SPD SPD DIR MIN PSBL S-S WX    SPD DR
================================================================================

 1  50  39  45   M  20   0 0.00  0.0    0  3.6  9 330   M    M  10 1       M  M
 2  53  45  49   M  16   0 0.00  0.0    0  4.8 10 320   M    M  10 1       M  M
 3  46  32  39   M  26   0 0.01  0.0    0 13.7 23 330   M    M  10 1      29 330
 4  35  28  32   M  33   0 0.00  0.0    0 15.1 23 330   M    M  10        32 330
 5  44  23  34   M  31   0 0.00  0.0    0  7.5 21 350   M    M   0        27 350
 6  58  23  41   M  24   0 0.00  0.0    0  6.0 14 150   M    M   3        23 130
 7  72  49  61   M   4   0 0.00  0.0    0  8.8 21 170   M    M   9 1      25 170
 8  79  66  73   M   0   8 0.00  0.0    0 11.6 17 190   M    M   8        22 190
 9  83  51  67   M   0   2 0.00  0.0    0  8.8 17 200   M    M   4        24 200
10  79  52  66   M   0   1 0.00  0.0    0  3.2  9  60   M    M   9 12      M  M
11  65  58  62   M   3   0 0.00  0.0    0  4.9  9  30   M    M  10         M  M
12  77  59  68   M   0   3 0.00  0.0    0  9.8 17 140   M    M  10 1      27 140
13  70  54  62   M   3   0 0.56  0.0    0 11.0 18 140   M    M   9 1      33 130
14  72  51  62   M   3   0 0.52  0.0    0 10.2 17 330   M    M   4 3      25 150
15  59  44  52   M  13   0 0.00  0.0    0 10.3 20 350   M    M   3        29 350
16  62  36  49   M  16   0 0.00  0.0    0  4.1  8 320   M    M   4         M  M
17  66  38  52   M  13   0 0.00  0.0    0  1.8  8  70   M    M   0         M  M
18  69  42  56   M   9   0 0.00  0.0    0  2.0  9 100   M    M   0         M  M
19  70  41  56   M   9   0 0.00  0.0    0  3.6 13 140   M    M   5        17 140
20  72  46  59   M   6   0 0.00  0.0    0  2.9 14 330   M    M   5        20 330
21  74  38  56   M   9   0 0.00  0.0    0  1.4  7 280   M    M   0 1       M  M
22  78  43  61   M   4   0 0.00  0.0    0  3.2 12 120   M    M   0         M  M
23  74  56  65   M   0   0 0.00  0.0    0  7.8 14 140   M    M   8        22 130
24  81  62  72   M   0   7 0.00  0.0    0  8.2 13 160   M    M   7        18 160
================================================================================
SM 1588 1076       242  21  1.09     0.0 164.3          M      138
================================================================================
AV 66.2 44.8                               6.8 FASTST   M    M   6    MAX(MPH)
                                 MISC ---->  # 23 330               # 33  130
================================================================================
NOTES:
# LAST OF SEVERAL OCCURRENCES

COLUMN 17 PEAK WIND IN M.P.H.

PRELIMINARY LOCAL CLIMATOLOGICAL DATA (WS FORM: F-6) , PAGE 2

                                          STATION:  HEARNE
                                          MONTH:    MARCH
                                          YEAR:     2019
                                          LATITUDE:   30 52 N
                                          LONGITUDE:  96 36 W

[TEMPERATURE DATA]      [PRECIPITATION DATA]       SYMBOLS USED IN COLUMN 16

AVERAGE MONTHLY: 55.5   TOTAL FOR MONTH:   1.09    1 = FOG OR MIST
DPTR FM NORMAL:     M   DPTR FM NORMAL:       M    2 = FOG REDUCING VISIBILITY
HIGHEST:    83 ON  9    GRTST 24HR  0.56 ON 13-13      TO 1/4 MILE OR LESS
LOWEST:     23 ON  6, 5                            3 = THUNDER
                        SNOW, ICE PELLETS, HAIL    4 = ICE PELLETS
                        TOTAL MONTH:   0.0 INCH    5 = HAIL
                        GRTST 24HR     0.0         6 = FREEZING RAIN OR DRIZZLE
                        GRTST DEPTH:   0           7 = DUSTSTORM OR SANDSTORM:
                                                       VSBY 1/2 MILE OR LESS
                                                   8 = SMOKE OR HAZE
[NO. OF DAYS WITH]      [WEATHER - DAYS WITH]      9 = BLOWING SNOW
                                                   X = TORNADO
MAX 32 OR BELOW:   0    0.01 INCH OR MORE:   3
MAX 90 OR ABOVE:   0    0.10 INCH OR MORE:   2
MIN 32 OR BELOW:   4    0.50 INCH OR MORE:   2
MIN  0 OR BELOW:   0    1.00 INCH OR MORE:   0

[HDD (BASE 65) ]
TOTAL THIS MO.   242    CLEAR  (SCALE 0-3)   6
DPTR FM NORMAL     M    PTCLDY (SCALE 4-7)   8
TOTAL FM JUL 1  1744    CLOUDY (SCALE 8-10) 10
DPTR FM NORMAL     M

[CDD (BASE 65) ]
TOTAL THIS MO.    21
DPTR FM NORMAL     M    [PRESSURE DATA]
TOTAL FM JAN 1    44    HIGHEST SLP M ON M
DPTR FM NORMAL     M    LOWEST  SLP M ON M

[REMARKS]
