359
CXUS54 KFWD 240731
CF6LHB
PRELIMINARY LOCAL CLIMATOLOGICAL DATA (WS FORM: F-6)

                                          STATION:   HEARNE
                                          MONTH:     MAY
                                          YEAR:      2019
                                          LATITUDE:   30 52 N
                                          LONGITUDE:  96 36 W

  TEMPERATURE IN F:       :PCPN:    SNOW:  WIND      :SUNSHINE: SKY     :PK WND
================================================================================
1   2   3   4   5  6A  6B    7    8   9   10  11  12  13   14  15   16   17  18
                                     12Z  AVG MX 2MIN
DY MAX MIN AVG DEP HDD CDD  WTR  SNW DPTH SPD SPD DIR MIN PSBL S-S WX    SPD DR
================================================================================

 1  84  74  79   M   0  14 0.00  0.0    0  9.3 14 140   M    M   9        23 150
 2  79  61  70   M   0   5 2.43  0.0    0  7.9 21 350   M    M   7 3      29 300
 3  78  64  71   M   0   6 3.59  0.0    0  4.5 12 100   M    M   9 3      20 100
 4  80  60  70   M   0   5 0.00  0.0    0  6.3 13 310   M    M   3        18 310
 5  82  59  71   M   0   6 0.00  0.0    0  2.8  7 120   M    M   1         M  M
 6  82  65  74   M   0   9 0.00  0.0    0  5.1 15 150   M    M   1 1      18 150
 7  85  68  77   M   0  12 0.25  0.0    0  5.9 12 140   M    M   6 3      24 100
 8  76  64  70   M   0   5 1.09  0.0    0  4.7 14  30   M    M   8 3      27  30
 9  84  63  74   M   0   9 0.00  0.0    0  7.3 18 330   M    M   7 1      28 330
10  67  54  61   M   4   0 0.00  0.0    0  9.2 17 350   M    M  10        29 360
11  63  58  61   M   4   0 0.59  0.0    0  5.6 10 300   M    M  10 13     16 300
12  74  58  66   M   0   1 0.00  0.0    0  5.0 16 320   M    M   4        20 340
13  82  54  68   M   0   3 0.00  0.0    0  2.1  7  60   M    M   0         M  M
14  84  59  72   M   0   7 0.00  0.0    0  2.1  8 330   M    M   3         M  M
15  85  61  73   M   0   8 0.00  0.0    0  2.8  8  90   M    M   0         M  M
16  86  62  74   M   0   9 0.00  0.0    0  4.2  8 130   M    M   3         M  M
17  88  67  78   M   0  13 0.00  0.0    0  9.1 14 150   M    M   8        23 150
18  85  75  80   M   0  15 0.01  0.0    0 11.8 20 150   M    M   8        27 130
19  91  75  83   M   0  18 0.00  0.0    0  4.7  9 130   M    M   7 18      M  M
20  90  76  83   M   0  18 0.00  0.0    0 13.7 24 140   M    M   7        35 140
21  81  63  72   M   0   7 0.09  0.0    0  7.2 22 150   M    M   9        30 150
22  91  72  82   M   0  17 0.00  0.0    0 11.7 20 160   M    M   8 1      28 150
23  91  76  84   M   0  19 0.00  0.0    0 11.1 15 140   M    M   7        23 140
================================================================================
SM 1888 1488         8 206  8.05     0.0 154.1          M      135
================================================================================
AV 82.1 64.7                               6.7 FASTST   M    M   6    MAX(MPH)
                                 MISC ---->  # 24 140               # 35  140
================================================================================
NOTES:
# LAST OF SEVERAL OCCURRENCES

COLUMN 17 PEAK WIND IN M.P.H.

PRELIMINARY LOCAL CLIMATOLOGICAL DATA (WS FORM: F-6) , PAGE 2

                                          STATION:  HEARNE
                                          MONTH:    MAY
                                          YEAR:     2019
                                          LATITUDE:   30 52 N
                                          LONGITUDE:  96 36 W

[TEMPERATURE DATA]      [PRECIPITATION DATA]       SYMBOLS USED IN COLUMN 16

AVERAGE MONTHLY: 73.4   TOTAL FOR MONTH:   8.05    1 = FOG OR MIST
DPTR FM NORMAL:     M   DPTR FM NORMAL:       M    2 = FOG REDUCING VISIBILITY
HIGHEST:    91 ON 23,22 GRTST 24HR  3.59 ON  3- 3      TO 1/4 MILE OR LESS
LOWEST:     54 ON 13,10                            3 = THUNDER
                        SNOW, ICE PELLETS, HAIL    4 = ICE PELLETS
                        TOTAL MONTH:   0.0 INCH    5 = HAIL
                        GRTST 24HR     0.0         6 = FREEZING RAIN OR DRIZZLE
                        GRTST DEPTH:   0           7 = DUSTSTORM OR SANDSTORM:
                                                       VSBY 1/2 MILE OR LESS
                                                   8 = SMOKE OR HAZE
[NO. OF DAYS WITH]      [WEATHER - DAYS WITH]      9 = BLOWING SNOW
                                                   X = TORNADO
MAX 32 OR BELOW:   0    0.01 INCH OR MORE:   7
MAX 90 OR ABOVE:   4    0.10 INCH OR MORE:   5
MIN 32 OR BELOW:   0    0.50 INCH OR MORE:   4
MIN  0 OR BELOW:   0    1.00 INCH OR MORE:   3

[HDD (BASE 65) ]
TOTAL THIS MO.     8    CLEAR  (SCALE 0-3)   7
DPTR FM NORMAL     M    PTCLDY (SCALE 4-7)  10
TOTAL FM JUL 1  1852    CLOUDY (SCALE 8-10)  6
DPTR FM NORMAL     M

[CDD (BASE 65) ]
TOTAL THIS MO.   206
DPTR FM NORMAL     M    [PRESSURE DATA]
TOTAL FM JAN 1   372    HIGHEST SLP M ON M
DPTR FM NORMAL     M    LOWEST  SLP M ON M

[REMARKS]
