000
CXUS51 KILN 251117
CF6LHQ
PRELIMINARY LOCAL CLIMATOLOGICAL DATA (WS FORM: F-6)

                                          STATION:   LANCASTER      ASOS
                                          MONTH:     JUNE
                                          YEAR:      2019
                                          LATITUDE:   39 45 N
                                          LONGITUDE:  82 40 W

  TEMPERATURE IN F:       :PCPN:    SNOW:  WIND      :SUNSHINE: SKY     :PK WND
================================================================================
1   2   3   4   5  6A  6B    7    8   9   10  11  12  13   14  15   16   17  18
                                     12Z  AVG MX 2MIN
DY MAX MIN AVG DEP HDD CDD  WTR  SNW DPTH SPD SPD DIR MIN PSBL S-S WX    SPD DR
================================================================================

 1  81  54  68   1   0   3 0.00    M    M  5.4 14 210   M    M   0 1      19 220
 2  76  55  66  -2   0   1 0.08    M    M  6.9 18 340   M    M   3 138    25 340
 3  71  44  58 -10   7   0 0.00    M    M  3.9 14 310   M    M   0 8      18 310
 4  79  46  63  -5   2   0 0.00    M    M  5.1 15 180   M    M   0        19 200
 5  79  64  72   3   0   7 0.19    M    M  7.0 17 220   M    M   6 13     24 240
 6  82  60  71   2   0   6 0.01    M    M  2.5 12  50   M    M   2 12     15  40
 7  78  63  71   2   0   6 0.00    M    M  9.1 16  50   M    M   0 1      22  40
 8  76  64  70   1   0   5    T    M    M  9.1 20 110   M    M   4        27 130
 9  80  67  74   4   0   9    T    M    M 10.8 22 130   M    M   8        28 140
10  78  51  65  -5   0   0 0.37    M    M  9.3 22 310   M    M   6 13     32 310
11  77  44  61  -9   4   0 0.00    M    M  4.1 15  30   M    M   1 1      19  30
12  78  47  63  -7   2   0 0.94    M    M  6.9 17 180   M    M   4 1      23 130
13  67  53  60 -11   5   0 0.06    M    M 12.3 28 280   M    M   9 3      39 270
14  74  46  60 -11   5   0 0.00    M    M  7.9 16 210   M    M   0        23 200
15  75  58  67  -4   0   2 0.38    M    M  6.9 15 210   M    M   6 1      22 220
16  80  67  74   3   0   9 0.51    M    M  8.8 20 230   M    M   7 13     27 220
17  80  66  73   1   0   8 0.90    M    M  5.7 16 130   M    M   8 13     23 120
18  78  66  72   0   0   7 1.07    M    M  3.7 12 150   M    M   9 1      14 150
19  82  68  75   3   0  10 0.85    M    M  3.3 14 280   M    M   6 13     18 270
20  76  63  70  -2   0   5 0.22    M    M 10.9 25 260   M    M   9 1      36 250
21  78  61  70  -2   0   5 0.00    M    M  5.4 15 310   M    M   4        21 330
22  80  54  67  -6   0   2    T    M    M  3.7 12  50   M    M   5        14  30
23  82  50  66  -7   0   1 0.00    M    M  4.2 13 150   M    M   1 1      17 160
24  85  68  77   4   0  12 1.62    M    M  7.1 16 280   M    M   4 13     24 240
================================================================================
SM 1872 1379        25  98  7.20    M    160.0          M      102
================================================================================
AV 78.0 57.5                               6.7 FASTST   M    M   4    MAX(MPH)
                                 MISC ---->  # 28 280               # 39  270
================================================================================
NOTES:
# LAST OF SEVERAL OCCURRENCES

COLUMN 17 PEAK WIND IN M.P.H.

PRELIMINARY LOCAL CLIMATOLOGICAL DATA (WS FORM: F-6) , PAGE 2

                                          STATION:  LANCASTER      ASOS
                                          MONTH:    JUNE
                                          YEAR:     2019
                                          LATITUDE:   39 45 N
                                          LONGITUDE:  82 40 W

[TEMPERATURE DATA]      [PRECIPITATION DATA]       SYMBOLS USED IN COLUMN 16

AVERAGE MONTHLY: 67.7   TOTAL FOR MONTH:   7.20    1 = FOG OR MIST
DPTR FM NORMAL:  -2.7   DPTR FM NORMAL:    3.76    2 = FOG REDUCING VISIBILITY
HIGHEST:    85 ON 24    GRTST 24HR  1.62 ON 24-24      TO 1/4 MILE OR LESS
LOWEST:     44 ON 11, 3                            3 = THUNDER
                        SNOW, ICE PELLETS, HAIL    4 = ICE PELLETS
                        TOTAL MONTH:    M          5 = HAIL
                        GRTST 24HR    M  ON   M    6 = FREEZING RAIN OR DRIZZLE
                        GRTST DEPTH:  M  ON   M    7 = DUSTSTORM OR SANDSTORM:
                                                       VSBY 1/2 MILE OR LESS
                                                   8 = SMOKE OR HAZE
[NO. OF DAYS WITH]      [WEATHER - DAYS WITH]      9 = BLOWING SNOW
                                                   X = TORNADO
MAX 32 OR BELOW:   0    0.01 INCH OR MORE:  13
MAX 90 OR ABOVE:   0    0.10 INCH OR MORE:  10
MIN 32 OR BELOW:   0    0.50 INCH OR MORE:   6
MIN  0 OR BELOW:   0    1.00 INCH OR MORE:   2

[HDD (BASE 65) ]
TOTAL THIS MO.    25    CLEAR  (SCALE 0-3)   9
DPTR FM NORMAL    25    PTCLDY (SCALE 4-7)  12
TOTAL FM JUL 1  5354    CLOUDY (SCALE 8-10)  3
DPTR FM NORMAL   203

[CDD (BASE 65) ]
TOTAL THIS MO.    98
DPTR FM NORMAL   -32    [PRESSURE DATA]
TOTAL FM JAN 1   184    HIGHEST SLP M ON M
DPTR FM NORMAL    45    LOWEST  SLP 29.56 ON 20

[REMARKS]
