000
CXUS51 KILN 261450
CF6LHQ
PRELIMINARY LOCAL CLIMATOLOGICAL DATA (WS FORM: F-6)

                                          STATION:   LANCASTER      ASOS
                                          MONTH:     MARCH
                                          YEAR:      2019
                                          LATITUDE:   39 45 N
                                          LONGITUDE:  82 40 W

  TEMPERATURE IN F:       :PCPN:    SNOW:  WIND      :SUNSHINE: SKY     :PK WND
================================================================================
1   2   3   4   5  6A  6B    7    8   9   10  11  12  13   14  15   16   17  18
                                     12Z  AVG MX 2MIN
DY MAX MIN AVG DEP HDD CDD  WTR  SNW DPTH SPD SPD DIR MIN PSBL S-S WX    SPD DR
================================================================================

 1  42  28  35  -2  30   0    T    M    M  6.5 14  40   M    M   8 1      17  30
 2  41  29  35  -2  30   0 0.00    M    M  4.8 13 310   M    M   9 1      16 300
 3  34  24  29  -8  36   0 0.06    M    M  7.4 15 360   M    M  10 18     19 360
 4  27  10  19 -19  46   0    T    M    M 10.7 18 260   M    M   7        23 280
 5  21   7  14 -24  51   0    T    M    M 10.3 21 270   M    M   6 18     28 270
 6  24  11  18 -20  47   0    T    M    M  8.5 17 270   M    M   5 18     23 250
 7  32  19  26 -13  39   0 0.00    M    M  6.0 13 260   M    M   2        18 260
 8  38  23  31  -8  34   0    T    M    M  2.8  9 100   M    M   7 1      10 100
 9  54  21  38  -1  27   0 1.24    M    M 10.7 26 140   M    M   8 1      35 120
10  59  38  49   9  16   0    T    M    M 14.3 30 250   M    M   M        41 240
11  50  33  42   2  23   0 0.00    M    M  8.3 21 300   M    M   2        26 310
12  47  21  34  -7  31   0 0.00    M    M  2.4  8 290   M    M   0        11 280
13  67  29  48   7  17   0 0.00    M    M  5.8 12 140   M    M   4        14 150
14  77  51  64  23   1   0 0.60    M    M 14.0 35 170   M    M   5 13     46 180
15  60  35  48   6  17   0 0.01    M    M 14.9 25 270   M    M   7 1      34 260
16  43  25  34  -8  31   0 0.00    M    M  9.1 22 280   M    M   5        26 290
17  42  21  32 -10  33   0 0.04    M    M  3.4 12 250   M    M   0 18     17 230
18  44  26  35  -8  30   0 0.00    M    M  5.4 14 290   M    M   M 1      18 280
19  49  23  36  -7  29   0 0.00    M    M  1.8 12 230   M    M   2        16 230
20  56  24  40  -4  25   0 0.00    M    M  4.0 13 200   M    M   3         M  M
21  52  41  47   3  18   0 0.07    M    M  5.2 16 320   M    M  10 1      22 300
22  47  36  42  -2  23   0 0.01    M    M 12.9 25 320   M    M   8 1      34 310
23  51  22  37  -8  28   0 0.00    M    M  3.5 12 290   M    M   0        15 270
24  61  26  44  -1  21   0 0.04    M    M  4.9 17 290   M    M   4 1      26 250
25  46  30  38  -8  27   0 0.57    M    M  9.9 18  10   M    M   8 18     23  20
================================================================================
SM 1164  653       710   0  2.64    M    187.5          M      120
================================================================================
AV 46.6 26.1                               7.5 FASTST   M    M   5    MAX(MPH)
                                 MISC ---->  # 35 170               # 46  180
================================================================================
NOTES:
# LAST OF SEVERAL OCCURRENCES

COLUMN 17 PEAK WIND IN M.P.H.

PRELIMINARY LOCAL CLIMATOLOGICAL DATA (WS FORM: F-6) , PAGE 2

                                          STATION:  LANCASTER      ASOS
                                          MONTH:    MARCH
                                          YEAR:     2019
                                          LATITUDE:   39 45 N
                                          LONGITUDE:  82 40 W

[TEMPERATURE DATA]      [PRECIPITATION DATA]       SYMBOLS USED IN COLUMN 16

AVERAGE MONTHLY: 36.3   TOTAL FOR MONTH:   2.64    1 = FOG OR MIST
DPTR FM NORMAL:  -4.7   DPTR FM NORMAL:    0.16    2 = FOG REDUCING VISIBILITY
HIGHEST:    77 ON 14    GRTST 24HR  1.24 ON  9- 9      TO 1/4 MILE OR LESS
LOWEST:      7 ON  5                               3 = THUNDER
                        SNOW, ICE PELLETS, HAIL    4 = ICE PELLETS
                        TOTAL MONTH:    M          5 = HAIL
                        GRTST 24HR    M  ON   M    6 = FREEZING RAIN OR DRIZZLE
                        GRTST DEPTH:  M  ON   M    7 = DUSTSTORM OR SANDSTORM:
                                                       VSBY 1/2 MILE OR LESS
                                                   8 = SMOKE OR HAZE
[NO. OF DAYS WITH]      [WEATHER - DAYS WITH]      9 = BLOWING SNOW
                                                   X = TORNADO
MAX 32 OR BELOW:   4    0.01 INCH OR MORE:   9
MAX 90 OR ABOVE:   0    0.10 INCH OR MORE:   3
MIN 32 OR BELOW:  19    0.50 INCH OR MORE:   3
MIN  0 OR BELOW:   0    1.00 INCH OR MORE:   1

[HDD (BASE 65) ]
TOTAL THIS MO.   710    CLEAR  (SCALE 0-3)   6
DPTR FM NORMAL   110    PTCLDY (SCALE 4-7)  14
TOTAL FM JUL 1  4766    CLOUDY (SCALE 8-10)  3
DPTR FM NORMAL   181

[CDD (BASE 65) ]
TOTAL THIS MO.     0
DPTR FM NORMAL     0    [PRESSURE DATA]
TOTAL FM JAN 1     0    HIGHEST SLP M ON M
DPTR FM NORMAL     0    LOWEST  SLP 29.57 ON 14

[REMARKS]
